NOAA-Style Climate Reports

NOAA style reports
2024: Jan | Feb | Mar | Apr | May | Jun | Jul | Aug | Sep | Oct | Nov | Dec 
2023: Jan | Feb | Mar | Apr | May | Jun | Jul | Aug | Sep | Oct | Nov | Dec 
2022: Jan | Feb | Mar | Apr | May | Jun | Jul | Aug | Sep | Oct | Nov | Dec 
2021: Jan | Feb | Mar | Apr | May | Jun | Jul | Aug | Sep | Oct | Nov | Dec 
2020: Jan | Feb | Mar | Apr | May | Jun | Jul | Aug | Sep | Oct | Nov | Dec 
2019: Jan | Feb | Mar | Apr | May | Jun | Jul | Aug | Sep | Oct | Nov | Dec 
2018: Jan | Feb | Mar | Apr | May | Jun | Jul | Aug | Sep | Oct | Nov | Dec 
2017: Jan | Feb | Mar | Apr | May | Jun | Jul | Aug | Sep | Oct | Nov | Dec 
2016: Jan | Feb | Mar | Apr | May | Jun | Jul | Aug | Sep | Oct | Nov | Dec 
2015: Jan | Feb | Mar | Apr | May | Jun | Jul | Aug | Sep | Oct | Nov | Dec 
2014: Jan | Feb | Mar | Apr | May | Jun | Jul | Aug | Sep | Oct | Nov | Dec 
2013: Jan | Feb | Mar | Apr | May | Jun | Jul | Aug | Sep | Oct | Nov | Dec 
2012: Jan | Feb | Mar | Apr | May | Jun | Jul | Aug | Sep | Oct | Nov | Dec 
2011: Jan | Feb | Mar | Apr | May | Jun | Jul | Aug | Sep | Oct | Nov | Dec 
2010: Jan | Feb | Mar | Apr | May | Jun | Jul | Aug | Sep | Oct | Nov | Dec 
2009: Jan | Feb | Mar | Apr | May | Jun | Jul | Aug | Sep | Oct | Nov | Dec 
2008: Jan | Feb | Mar | Apr | May | Jun | Jul | Aug | Sep | Oct | Nov | Dec 
2007: Jan | Feb | Mar | Apr | May | Jun | Jul | Aug | Sep | Oct | Nov | Dec 
2006: Jan | Feb | Mar | Apr | May | Jun | Jul | Aug | Sep | Oct | Nov | Dec 
2005: Jan | Feb | Mar | Apr | May | Jun | Jul | Aug | Sep | Oct | Nov | Dec 

MONTHLY CLIMATOLOGICAL SUMMARY for Apr 2024 NAME: Cabrera de Mar, Barcelona ELEV: 9 meters LAT: 41-30.33 N LONG: 002-24.07 E TEMPERATURE (C), RAIN (mm), WIND SPEED (m/s) HEAT COOL AVG MEAN DEG DEG WIND DOM DAY TEMP HIGH TIME LOW TIME DAYS DAYS RAIN SPEED HIGH TIME DIR --------------------------------------------------------------------------------------- 01 14.3 20.8 15:14 8.5 08:06 4.0 0.0 0.0 2.5 14.3 16:08 284 02 14.3 17.0 14:33 10.6 06:14 4.0 0.0 0.0 1.6 8.9 06:38 237 03 15.2 19.1 18:14 11.4 04:41 3.1 0.0 0.0 0.9 6.3 10:56 249 04 15.2 19.2 14:03 10.9 07:30 3.1 0.0 0.0 1.2 6.7 14:09 246 05 16.0 20.2 15:51 12.0 07:47 2.4 0.0 0.0 0.9 7.2 13:18 249 06 15.9 19.4 15:07 12.0 07:43 2.5 0.0 0.0 1.1 6.7 16:18 89 07 16.5 19.5 14:30 13.4 05:15 1.9 0.0 0.0 1.2 7.2 12:00 86 08 16.3 19.7 13:59 13.5 07:29 2.0 0.0 0.0 0.9 7.6 12:46 163 09 14.8 17.0 16:06 11.9 07:30 3.6 0.0 0.8 1.5 11.6 08:11 161 10 13.3 17.6 14:54 8.3 07:47 5.1 0.0 0.0 0.9 6.7 18:16 192 11 14.4 18.9 14:17 8.8 06:29 3.9 0.0 0.0 1.1 7.2 18:10 238 12 16.2 21.0 17:13 11.8 07:43 2.1 0.0 0.0 0.7 4.5 11:50 228 13 17.7 23.8 12:30 12.6 06:51 0.6 0.0 0.0 0.3 2.7 10:03 182 14 18.0 24.8 17:07 13.3 05:15 0.3 0.0 0.0 0.9 7.6 17:12 243 15 17.9 22.7 12:53 15.3 03:38 0.4 0.0 0.0 0.7 6.7 05:13 149 16 15.8 15.9 02:46 15.6 00:29 2.6 0.0 0.0 0.0 1.3 00:30 315 17 18 19 20 21 22 23 24 25 26 27 28 29 30 --------------------------------------------------------------------------------------- 15.7 24.8 14 8.3 10 41.4 0.0 0.8 1.1 14.3 01 241