NOAA-Style Climate Reports

NOAA style reports
2022: Jan | Feb | Mar | Apr | May | Jun | Jul | Aug | Sep | Oct | Nov | Dec 
2021: Jan | Feb | Mar | Apr | May | Jun | Jul | Aug | Sep | Oct | Nov | Dec 
2020: Jan | Feb | Mar | Apr | May | Jun | Jul | Aug | Sep | Oct | Nov | Dec 
2019: Jan | Feb | Mar | Apr | May | Jun | Jul | Aug | Sep | Oct | Nov | Dec 
2018: Jan | Feb | Mar | Apr | May | Jun | Jul | Aug | Sep | Oct | Nov | Dec 
2017: Jan | Feb | Mar | Apr | May | Jun | Jul | Aug | Sep | Oct | Nov | Dec 
2016: Jan | Feb | Mar | Apr | May | Jun | Jul | Aug | Sep | Oct | Nov | Dec 
2015: Jan | Feb | Mar | Apr | May | Jun | Jul | Aug | Sep | Oct | Nov | Dec 
2014: Jan | Feb | Mar | Apr | May | Jun | Jul | Aug | Sep | Oct | Nov | Dec 
2013: Jan | Feb | Mar | Apr | May | Jun | Jul | Aug | Sep | Oct | Nov | Dec 
2012: Jan | Feb | Mar | Apr | May | Jun | Jul | Aug | Sep | Oct | Nov | Dec 
2011: Jan | Feb | Mar | Apr | May | Jun | Jul | Aug | Sep | Oct | Nov | Dec 
2010: Jan | Feb | Mar | Apr | May | Jun | Jul | Aug | Sep | Oct | Nov | Dec 
2009: Jan | Feb | Mar | Apr | May | Jun | Jul | Aug | Sep | Oct | Nov | Dec 
2008: Jan | Feb | Mar | Apr | May | Jun | Jul | Aug | Sep | Oct | Nov | Dec 
2007: Jan | Feb | Mar | Apr | May | Jun | Jul | Aug | Sep | Oct | Nov | Dec 
2006: Jan | Feb | Mar | Apr | May | Jun | Jul | Aug | Sep | Oct | Nov | Dec 
2005: Jan | Feb | Mar | Apr | May | Jun | Jul | Aug | Sep | Oct | Nov | Dec 

Report for 2022 11
MONTHLY CLIMATOLOGICAL SUMMARY for Nov 2022 NAME: Cabrera de Mar, Barcelona ELEV: 9 meters LAT: 41-30.33 N LONG: 002-24.07 E TEMPERATURE (C), RAIN (mm), WIND SPEED (m/s) HEAT COOL AVG MEAN DEG DEG WIND DOM DAY TEMP HIGH TIME LOW TIME DAYS DAYS RAIN SPEED HIGH TIME DIR --------------------------------------------------------------------------------------- 01 20.0 23.6 11:08 16.3 23:55 0.0 1.7 0.0 0.5 5.4 11:31 117 02 18.7 23.2 10:48 15.8 01:23 0.0 0.4 0.0 0.4 5.4 12:00 143 03 19.0 22.5 12:55 16.6 02:48 0.0 0.7 1.0 1.0 7.6 14:24 277 04 17.0 21.6 14:00 13.4 07:42 1.4 0.0 0.0 2.6 11.6 20:06 322 05 15.2 19.3 13:20 11.8 23:50 3.1 0.0 0.0 1.2 9.8 04:51 321 06 15.6 22.2 11:54 9.6 07:39 2.8 0.0 0.0 1.0 7.6 12:53 258 07 16.3 21.8 12:36 11.6 06:14 2.1 0.0 0.0 0.7 6.7 15:02 253 08 17.8 22.3 13:46 13.3 06:56 0.5 0.0 0.2 0.9 8.0 15:22 262 09 18.9 23.9 15:11 14.3 07:58 0.0 0.6 4.2 0.8 7.2 13:02 298 10 16.9 19.8 12:55 13.9 23:58 1.4 0.0 3.0 0.2 4.5 00:27 158 11 18.8 22.6 12:26 13.9 00:00 0.0 0.4 0.0 1.5 8.5 11:04 90 12 18.8 21.9 11:07 16.1 07:48 0.0 0.4 0.0 0.8 6.3 12:08 93 13 16.8 20.2 13:22 13.2 07:53 1.6 0.0 0.0 0.3 4.0 12:46 209 14 17.9 21.1 13:30 15.2 01:53 0.5 0.0 0.0 0.9 7.6 16:13 255 15 19.4 22.9 13:55 16.3 04:03 0.0 1.1 0.0 2.4 11.2 14:50 287 16 18.6 20.4 11:31 17.3 07:58 0.0 0.2 0.0 1.6 8.0 00:50 259 17 19.3 21.3 13:25 17.7 23:59 0.0 0.9 0.0 1.6 8.9 21:15 281 18 14.7 17.9 00:23 11.7 21:26 3.7 0.0 7.2 0.3 6.3 18:08 48 19 12.6 15.8 12:13 9.9 23:51 5.8 0.0 0.0 0.7 6.7 07:59 343 20 11.9 16.7 13:19 6.6 07:59 6.5 0.0 0.0 0.7 6.3 14:44 263 21 13.5 16.7 15:10 10.6 02:47 4.8 0.0 0.4 1.1 11.6 21:12 321 22 12.3 15.0 15:44 8.8 07:28 6.0 0.0 0.0 2.2 14.3 13:33 307 23 15.4 20.2 11:10 11.9 04:59 3.0 0.0 0.0 1.0 8.5 08:48 313 24 15.9 18.8 13:12 13.7 07:06 2.4 0.0 0.0 0.8 8.5 14:57 262 25 14.6 18.9 12:12 9.7 23:58 3.7 0.0 2.6 0.8 9.4 15:51 253 26 11.9 17.2 13:38 7.2 06:28 6.4 0.0 0.0 0.2 5.8 00:07 7 27 13.0 17.3 12:58 9.2 05:51 5.3 0.0 0.2 0.6 5.4 16:07 262 28 12.9 15.6 16:47 9.9 23:57 5.4 0.0 0.2 0.6 5.8 11:34 313 29 11.8 16.1 14:14 8.2 03:27 6.5 0.0 0.2 0.5 4.5 04:44 288 30 11.6 15.4 13:48 8.7 08:15 6.7 0.0 0.0 0.6 6.3 14:43 252 --------------------------------------------------------------------------------------- 15.9 23.9 09 6.6 20 79.3 6.4 19.2 0.9 14.3 22 289