NOAA-Style Climate Reports

NOAA style reports
2022: Jan | Feb | Mar | Apr | May | Jun | Jul | Aug | Sep | Oct | Nov | Dec 
2021: Jan | Feb | Mar | Apr | May | Jun | Jul | Aug | Sep | Oct | Nov | Dec 
2020: Jan | Feb | Mar | Apr | May | Jun | Jul | Aug | Sep | Oct | Nov | Dec 
2019: Jan | Feb | Mar | Apr | May | Jun | Jul | Aug | Sep | Oct | Nov | Dec 
2018: Jan | Feb | Mar | Apr | May | Jun | Jul | Aug | Sep | Oct | Nov | Dec 
2017: Jan | Feb | Mar | Apr | May | Jun | Jul | Aug | Sep | Oct | Nov | Dec 
2016: Jan | Feb | Mar | Apr | May | Jun | Jul | Aug | Sep | Oct | Nov | Dec 
2015: Jan | Feb | Mar | Apr | May | Jun | Jul | Aug | Sep | Oct | Nov | Dec 
2014: Jan | Feb | Mar | Apr | May | Jun | Jul | Aug | Sep | Oct | Nov | Dec 
2013: Jan | Feb | Mar | Apr | May | Jun | Jul | Aug | Sep | Oct | Nov | Dec 
2012: Jan | Feb | Mar | Apr | May | Jun | Jul | Aug | Sep | Oct | Nov | Dec 
2011: Jan | Feb | Mar | Apr | May | Jun | Jul | Aug | Sep | Oct | Nov | Dec 
2010: Jan | Feb | Mar | Apr | May | Jun | Jul | Aug | Sep | Oct | Nov | Dec 
2009: Jan | Feb | Mar | Apr | May | Jun | Jul | Aug | Sep | Oct | Nov | Dec 
2008: Jan | Feb | Mar | Apr | May | Jun | Jul | Aug | Sep | Oct | Nov | Dec 
2007: Jan | Feb | Mar | Apr | May | Jun | Jul | Aug | Sep | Oct | Nov | Dec 
2006: Jan | Feb | Mar | Apr | May | Jun | Jul | Aug | Sep | Oct | Nov | Dec 
2005: Jan | Feb | Mar | Apr | May | Jun | Jul | Aug | Sep | Oct | Nov | Dec 

Report for 2022 10
MONTHLY CLIMATOLOGICAL SUMMARY for Oct 2022 NAME: Cabrera de Mar, Barcelona ELEV: 9 meters LAT: 41-30.33 N LONG: 002-24.07 E TEMPERATURE (C), RAIN (mm), WIND SPEED (m/s) HEAT COOL AVG MEAN DEG DEG WIND DOM DAY TEMP HIGH TIME LOW TIME DAYS DAYS RAIN SPEED HIGH TIME DIR --------------------------------------------------------------------------------------- 01 19.1 24.1 17:44 13.1 07:47 0.0 0.8 0.0 1.5 9.4 15:20 259 02 21.4 25.9 15:53 16.8 03:05 0.0 3.1 0.0 1.8 9.8 13:43 254 03 20.9 24.9 15:35 16.9 06:38 0.0 2.6 0.0 0.7 5.8 15:35 199 04 20.8 24.2 12:31 16.8 08:08 0.0 2.5 0.0 0.4 4.5 13:00 169 05 20.7 24.6 13:52 16.4 07:43 0.0 2.4 0.0 0.6 4.9 17:17 112 06 21.8 25.0 13:47 19.5 23:51 0.0 3.4 0.0 2.0 8.5 14:29 96 07 20.0 22.4 17:02 18.5 02:12 0.0 1.7 8.6 1.3 8.0 16:16 57 08 19.7 21.8 16:58 17.9 23:59 0.0 1.4 2.8 1.1 8.0 14:26 104 09 19.4 22.6 13:29 16.1 07:11 0.0 1.1 0.0 0.3 4.0 15:30 186 10 20.5 22.6 16:15 17.8 07:45 0.0 2.2 0.0 0.4 4.0 13:02 133 11 20.2 23.1 13:14 17.3 06:45 0.0 1.9 0.0 1.3 7.6 15:09 107 12 20.4 25.1 13:42 16.1 06:33 0.0 2.1 0.0 0.8 7.2 17:47 109 13 20.8 25.1 13:22 16.6 06:13 0.0 2.5 0.0 1.6 9.8 16:07 258 14 21.1 25.1 13:29 16.7 07:46 0.0 2.8 0.0 0.5 5.4 12:59 117 15 21.3 24.9 14:49 16.7 08:12 0.0 2.9 0.2 0.7 5.4 12:54 240 16 21.6 25.0 14:31 18.6 06:19 0.0 3.3 0.0 0.4 3.1 13:34 209 17 22.6 25.9 13:41 20.2 01:34 0.0 4.3 0.0 0.5 5.4 15:16 99 18 21.8 24.5 12:20 19.2 06:11 0.0 3.5 0.0 0.3 4.0 13:10 149 19 21.3 24.6 15:01 18.2 08:05 0.0 2.9 0.2 0.5 4.9 16:36 248 20 22.0 24.5 18:29 19.5 08:10 0.0 3.7 0.0 0.2 4.9 23:24 121 21 22.6 25.6 13:44 19.4 08:16 0.0 4.2 0.0 1.7 10.3 14:48 256 22 21.5 25.9 15:34 17.3 07:17 0.0 3.2 0.0 0.9 7.2 14:57 261 23 21.3 24.4 15:10 17.9 06:11 0.0 3.0 0.0 0.6 5.8 11:24 241 24 22.2 25.9 13:07 17.9 07:27 0.0 3.9 0.0 1.3 7.6 16:02 266 25 21.1 25.0 14:41 17.3 08:22 0.0 2.8 0.0 0.6 6.3 16:10 241 26 20.8 24.3 12:53 17.4 08:29 0.0 2.4 0.2 0.3 5.4 11:20 156 27 19.4 23.1 15:23 15.3 07:41 0.0 1.1 0.0 0.4 4.9 12:40 105 28 18.6 22.9 14:59 14.2 07:43 0.0 0.2 0.0 0.3 3.1 12:07 110 29 17.5 21.3 12:45 13.8 06:16 0.8 0.0 0.0 0.4 2.2 13:42 75 30 18.8 21.9 13:15 15.1 07:24 0.0 0.5 0.0 0.2 2.2 11:34 197 31 19.9 22.9 12:22 15.8 07:06 0.0 1.6 0.2 0.3 4.5 13:25 218 --------------------------------------------------------------------------------------- 20.7 25.9 02 13.1 01 0.8 73.8 12.2 0.8 10.3 21 202