NOAA-Style Climate Reports

NOAA style reports
2022: Jan | Feb | Mar | Apr | May | Jun | Jul | Aug | Sep | Oct | Nov | Dec 
2021: Jan | Feb | Mar | Apr | May | Jun | Jul | Aug | Sep | Oct | Nov | Dec 
2020: Jan | Feb | Mar | Apr | May | Jun | Jul | Aug | Sep | Oct | Nov | Dec 
2019: Jan | Feb | Mar | Apr | May | Jun | Jul | Aug | Sep | Oct | Nov | Dec 
2018: Jan | Feb | Mar | Apr | May | Jun | Jul | Aug | Sep | Oct | Nov | Dec 
2017: Jan | Feb | Mar | Apr | May | Jun | Jul | Aug | Sep | Oct | Nov | Dec 
2016: Jan | Feb | Mar | Apr | May | Jun | Jul | Aug | Sep | Oct | Nov | Dec 
2015: Jan | Feb | Mar | Apr | May | Jun | Jul | Aug | Sep | Oct | Nov | Dec 
2014: Jan | Feb | Mar | Apr | May | Jun | Jul | Aug | Sep | Oct | Nov | Dec 
2013: Jan | Feb | Mar | Apr | May | Jun | Jul | Aug | Sep | Oct | Nov | Dec 
2012: Jan | Feb | Mar | Apr | May | Jun | Jul | Aug | Sep | Oct | Nov | Dec 
2011: Jan | Feb | Mar | Apr | May | Jun | Jul | Aug | Sep | Oct | Nov | Dec 
2010: Jan | Feb | Mar | Apr | May | Jun | Jul | Aug | Sep | Oct | Nov | Dec 
2009: Jan | Feb | Mar | Apr | May | Jun | Jul | Aug | Sep | Oct | Nov | Dec 
2008: Jan | Feb | Mar | Apr | May | Jun | Jul | Aug | Sep | Oct | Nov | Dec 
2007: Jan | Feb | Mar | Apr | May | Jun | Jul | Aug | Sep | Oct | Nov | Dec 
2006: Jan | Feb | Mar | Apr | May | Jun | Jul | Aug | Sep | Oct | Nov | Dec 
2005: Jan | Feb | Mar | Apr | May | Jun | Jul | Aug | Sep | Oct | Nov | Dec 

Report for 2022 09
MONTHLY CLIMATOLOGICAL SUMMARY for Sep 2022 NAME: Cabrera de Mar, Barcelona ELEV: 9 meters LAT: 41-30.33 N LONG: 002-24.07 E TEMPERATURE (C), RAIN (mm), WIND SPEED (m/s) HEAT COOL AVG MEAN DEG DEG WIND DOM DAY TEMP HIGH TIME LOW TIME DAYS DAYS RAIN SPEED HIGH TIME DIR --------------------------------------------------------------------------------------- 01 25.3 29.9 12:48 20.1 05:08 0.0 7.0 0.0 1.0 6.3 15:23 230 02 25.1 29.4 15:54 21.2 20:16 0.0 6.7 1.8 1.0 10.3 18:34 115 03 25.4 28.9 13:40 22.4 00:31 0.0 7.1 0.0 1.5 7.2 13:20 97 04 26.0 29.2 11:40 23.1 03:40 0.0 7.7 0.0 0.9 4.9 12:00 135 05 26.9 30.9 13:48 23.8 07:28 0.0 8.5 0.0 0.9 5.8 10:19 129 06 27.0 30.8 13:45 23.9 07:15 0.0 8.7 0.0 1.9 9.8 16:23 245 07 26.0 28.8 12:26 22.1 05:17 0.0 7.7 0.0 1.0 7.2 10:28 136 08 26.0 28.3 14:15 23.6 08:06 0.0 7.6 0.0 1.4 8.0 18:36 237 09 25.0 28.9 13:28 21.9 06:55 0.0 6.7 0.0 1.6 8.5 16:09 107 10 24.7 27.9 16:00 21.1 07:20 0.0 6.4 0.0 1.3 8.0 16:30 227 11 25.6 27.3 15:20 23.7 08:00 0.0 7.3 0.0 0.6 5.4 12:20 126 12 26.5 29.6 14:06 23.3 06:52 0.0 8.1 0.0 1.2 6.3 14:17 232 13 27.7 32.9 16:06 24.3 03:16 0.0 9.3 0.0 1.5 11.2 17:44 328 14 25.9 27.9 14:35 23.4 04:55 0.0 7.5 0.2 2.1 17.4 04:20 298 15 26.1 29.1 15:10 21.7 05:32 0.0 7.8 0.0 1.1 7.2 00:11 196 16 24.0 28.4 12:27 21.3 07:43 0.0 5.6 4.0 1.7 12.1 19:26 212 17 22.4 25.5 11:35 19.1 06:30 0.0 4.1 0.2 0.9 5.4 15:59 141 18 21.3 24.4 16:04 18.1 07:30 0.0 3.0 0.0 0.7 5.4 15:38 172 19 21.7 24.9 13:54 17.6 07:12 0.0 3.3 0.0 0.7 4.0 07:15 138 20 21.8 25.0 14:40 18.1 05:54 0.0 3.5 0.0 0.6 4.5 13:15 157 21 21.5 25.0 16:42 16.4 06:53 0.0 3.2 0.0 1.0 5.4 20:11 109 22 22.5 26.1 12:51 19.4 03:16 0.0 4.2 0.0 1.3 7.2 11:41 102 23 22.1 26.3 15:13 17.3 07:27 0.0 3.8 3.0 1.4 8.9 20:53 236 24 20.5 23.3 16:30 18.1 06:35 0.0 2.2 6.4 1.6 13.9 01:48 85 25 19.7 23.3 14:54 16.1 04:18 0.0 1.4 2.0 1.0 8.9 00:49 176 26 20.6 25.3 18:10 16.3 07:50 0.0 2.3 0.0 1.8 11.2 12:00 263 27 19.8 23.7 14:09 15.3 03:23 0.0 1.4 0.0 1.3 7.2 16:44 212 28 21.4 27.1 16:05 17.1 04:12 0.0 3.1 0.0 1.8 8.5 06:59 320 29 19.4 24.7 15:43 16.1 23:24 0.0 1.1 0.0 1.5 8.9 19:07 19 30 18.2 21.9 16:06 14.7 08:05 0.1 0.0 0.0 1.8 9.8 16:34 226 --------------------------------------------------------------------------------------- 23.5 32.9 13 14.7 30 0.1 156.2 17.6 1.3 17.4 14 200