NOAA-Style Climate Reports

NOAA style reports
2022: Jan | Feb | Mar | Apr | May | Jun | Jul | Aug | Sep | Oct | Nov | Dec 
2021: Jan | Feb | Mar | Apr | May | Jun | Jul | Aug | Sep | Oct | Nov | Dec 
2020: Jan | Feb | Mar | Apr | May | Jun | Jul | Aug | Sep | Oct | Nov | Dec 
2019: Jan | Feb | Mar | Apr | May | Jun | Jul | Aug | Sep | Oct | Nov | Dec 
2018: Jan | Feb | Mar | Apr | May | Jun | Jul | Aug | Sep | Oct | Nov | Dec 
2017: Jan | Feb | Mar | Apr | May | Jun | Jul | Aug | Sep | Oct | Nov | Dec 
2016: Jan | Feb | Mar | Apr | May | Jun | Jul | Aug | Sep | Oct | Nov | Dec 
2015: Jan | Feb | Mar | Apr | May | Jun | Jul | Aug | Sep | Oct | Nov | Dec 
2014: Jan | Feb | Mar | Apr | May | Jun | Jul | Aug | Sep | Oct | Nov | Dec 
2013: Jan | Feb | Mar | Apr | May | Jun | Jul | Aug | Sep | Oct | Nov | Dec 
2012: Jan | Feb | Mar | Apr | May | Jun | Jul | Aug | Sep | Oct | Nov | Dec 
2011: Jan | Feb | Mar | Apr | May | Jun | Jul | Aug | Sep | Oct | Nov | Dec 
2010: Jan | Feb | Mar | Apr | May | Jun | Jul | Aug | Sep | Oct | Nov | Dec 
2009: Jan | Feb | Mar | Apr | May | Jun | Jul | Aug | Sep | Oct | Nov | Dec 
2008: Jan | Feb | Mar | Apr | May | Jun | Jul | Aug | Sep | Oct | Nov | Dec 
2007: Jan | Feb | Mar | Apr | May | Jun | Jul | Aug | Sep | Oct | Nov | Dec 
2006: Jan | Feb | Mar | Apr | May | Jun | Jul | Aug | Sep | Oct | Nov | Dec 
2005: Jan | Feb | Mar | Apr | May | Jun | Jul | Aug | Sep | Oct | Nov | Dec 

Report for 2022 08
MONTHLY CLIMATOLOGICAL SUMMARY for Aug 2022 NAME: Cabrera de Mar, Barcelona ELEV: 9 meters LAT: 41-30.33 N LONG: 002-24.07 E TEMPERATURE (C), RAIN (mm), WIND SPEED (m/s) HEAT COOL AVG MEAN DEG DEG WIND DOM DAY TEMP HIGH TIME LOW TIME DAYS DAYS RAIN SPEED HIGH TIME DIR --------------------------------------------------------------------------------------- 01 28.4 31.7 13:23 23.8 06:38 0.0 10.0 0.0 1.4 7.2 14:04 236 02 29.2 32.5 14:44 26.2 05:32 0.0 10.9 0.0 1.6 8.9 16:01 243 03 29.2 31.8 14:28 25.5 07:27 0.0 10.8 0.0 2.1 8.0 12:11 249 04 28.6 32.3 15:58 23.8 07:18 0.0 10.3 0.0 1.5 7.2 17:28 237 05 26.7 31.6 16:08 22.3 20:04 0.0 8.4 8.6 1.5 12.1 17:16 267 06 27.7 32.5 14:37 22.6 05:42 0.0 9.4 0.0 1.8 7.6 14:16 256 07 28.0 30.9 13:05 24.3 05:24 0.0 9.7 0.0 1.0 9.8 21:04 234 08 27.6 31.8 14:24 23.3 07:19 0.0 9.3 0.0 0.8 4.9 13:13 181 09 27.7 32.1 13:25 23.4 07:16 0.0 9.4 0.0 0.9 6.7 08:13 155 10 28.6 31.7 15:38 24.4 06:47 0.0 10.3 0.0 1.4 7.2 15:23 226 11 28.4 32.1 15:19 24.2 07:04 0.0 10.1 0.0 1.4 6.3 18:26 230 12 28.8 32.4 14:14 25.3 03:04 0.0 10.4 0.0 2.2 9.4 13:15 254 13 27.9 30.7 16:50 24.8 06:15 0.0 9.6 0.0 0.9 6.7 11:03 135 14 28.8 35.6 11:55 25.2 05:26 0.0 10.5 0.0 1.8 10.3 08:14 269 15 27.0 30.1 14:10 23.7 07:13 0.0 8.7 0.0 1.3 7.6 14:27 124 16 26.6 29.2 16:35 22.9 07:40 0.0 8.2 0.0 0.6 3.1 02:37 140 17 26.1 30.8 14:04 23.3 23:49 0.0 7.8 0.0 1.4 11.2 22:49 97 18 22.5 27.3 13:10 18.8 23:44 0.0 4.2 4.0 1.5 8.5 08:47 324 19 22.8 27.1 17:17 17.9 04:19 0.0 4.5 0.0 0.8 4.9 01:33 161 20 25.6 29.7 14:44 20.9 07:12 0.0 7.2 0.0 2.2 10.7 15:37 250 21 25.8 29.7 14:21 22.8 06:38 0.0 7.4 12.0 1.0 6.7 12:47 220 22 25.3 28.3 14:54 22.8 04:07 0.0 7.0 0.0 0.6 5.4 15:43 207 23 26.4 29.9 16:21 22.7 07:11 0.0 8.1 0.0 1.3 7.2 16:06 221 24 27.4 30.7 16:12 24.1 07:21 0.0 9.0 0.0 1.3 7.2 16:54 237 25 27.2 30.2 14:09 24.6 23:52 0.0 8.8 0.0 1.7 13.0 23:18 78 26 26.9 30.6 13:49 22.9 05:34 0.0 8.5 0.2 1.4 9.4 00:11 222 27 26.2 29.1 13:28 23.1 03:43 0.0 7.9 8.0 1.5 8.0 15:05 220 28 27.1 30.9 15:11 23.8 05:15 0.0 8.7 0.0 2.2 8.5 16:02 255 29 27.1 30.2 15:39 23.3 07:36 0.0 8.7 0.2 2.1 9.4 14:34 252 30 27.1 30.8 15:13 23.1 06:45 0.0 8.8 0.0 1.7 8.0 14:12 244 31 25.7 29.1 14:09 22.4 10:18 0.0 7.4 1.8 1.3 8.9 10:02 64 --------------------------------------------------------------------------------------- 27.0 35.6 14 17.9 19 0.0 270.0 34.8 1.4 13.0 25 235