NOAA-Style Climate Reports

NOAA style reports
2022: Jan | Feb | Mar | Apr | May | Jun | Jul | Aug | Sep | Oct | Nov | Dec 
2021: Jan | Feb | Mar | Apr | May | Jun | Jul | Aug | Sep | Oct | Nov | Dec 
2020: Jan | Feb | Mar | Apr | May | Jun | Jul | Aug | Sep | Oct | Nov | Dec 
2019: Jan | Feb | Mar | Apr | May | Jun | Jul | Aug | Sep | Oct | Nov | Dec 
2018: Jan | Feb | Mar | Apr | May | Jun | Jul | Aug | Sep | Oct | Nov | Dec 
2017: Jan | Feb | Mar | Apr | May | Jun | Jul | Aug | Sep | Oct | Nov | Dec 
2016: Jan | Feb | Mar | Apr | May | Jun | Jul | Aug | Sep | Oct | Nov | Dec 
2015: Jan | Feb | Mar | Apr | May | Jun | Jul | Aug | Sep | Oct | Nov | Dec 
2014: Jan | Feb | Mar | Apr | May | Jun | Jul | Aug | Sep | Oct | Nov | Dec 
2013: Jan | Feb | Mar | Apr | May | Jun | Jul | Aug | Sep | Oct | Nov | Dec 
2012: Jan | Feb | Mar | Apr | May | Jun | Jul | Aug | Sep | Oct | Nov | Dec 
2011: Jan | Feb | Mar | Apr | May | Jun | Jul | Aug | Sep | Oct | Nov | Dec 
2010: Jan | Feb | Mar | Apr | May | Jun | Jul | Aug | Sep | Oct | Nov | Dec 
2009: Jan | Feb | Mar | Apr | May | Jun | Jul | Aug | Sep | Oct | Nov | Dec 
2008: Jan | Feb | Mar | Apr | May | Jun | Jul | Aug | Sep | Oct | Nov | Dec 
2007: Jan | Feb | Mar | Apr | May | Jun | Jul | Aug | Sep | Oct | Nov | Dec 
2006: Jan | Feb | Mar | Apr | May | Jun | Jul | Aug | Sep | Oct | Nov | Dec 
2005: Jan | Feb | Mar | Apr | May | Jun | Jul | Aug | Sep | Oct | Nov | Dec 

Report for 2022 03
MONTHLY CLIMATOLOGICAL SUMMARY for Mar 2022 NAME: Cabrera de Mar, Barcelona ELEV: 9 meters LAT: 41-30.33 N LONG: 002-24.07 E TEMPERATURE (C), RAIN (mm), WIND SPEED (m/s) HEAT COOL AVG MEAN DEG DEG WIND DOM DAY TEMP HIGH TIME LOW TIME DAYS DAYS RAIN SPEED HIGH TIME DIR --------------------------------------------------------------------------------------- 01 12.5 15.8 13:49 8.6 07:14 5.8 0.0 0.0 1.3 8.0 02:18 124 02 11.7 14.5 17:17 8.7 04:38 6.6 0.0 0.4 0.7 7.6 16:20 260 03 12.7 17.5 11:33 8.7 06:47 5.7 0.0 0.2 1.5 8.0 14:25 253 04 12.0 15.7 12:22 8.1 07:15 6.3 0.0 0.0 0.6 5.8 15:46 238 05 12.7 16.1 12:50 9.2 07:34 5.6 0.0 0.0 1.4 7.2 01:14 244 06 11.0 12.3 00:00 9.7 06:03 7.3 0.0 6.2 0.3 5.8 06:48 26 07 11.4 14.2 15:35 9.6 06:50 7.0 0.0 0.0 0.7 4.9 10:30 145 08 10.8 13.2 11:19 8.0 07:23 7.5 0.0 0.4 0.7 4.5 13:45 277 09 11.5 14.6 14:17 8.9 00:51 6.8 0.0 0.0 0.8 4.5 11:00 224 10 12.4 15.8 15:10 9.5 05:11 5.9 0.0 0.2 1.4 9.4 13:31 238 11 12.4 14.6 13:19 9.8 07:25 5.9 0.0 0.8 0.5 4.5 11:27 208 12 12.3 13.5 03:16 10.9 20:07 6.0 0.0 29.2 1.3 8.0 06:23 98 13 12.5 15.6 16:43 10.2 05:04 5.8 0.0 1.0 0.6 9.4 20:20 115 14 13.7 15.8 13:58 11.4 01:31 4.6 0.0 0.0 3.9 13.9 18:09 84 15 14.6 15.3 12:54 13.9 07:58 3.7 0.0 0.0 3.8 10.7 09:01 86 16 14.5 16.1 16:10 13.8 04:20 3.8 0.0 0.0 4.2 13.0 21:20 80 17 15.1 17.8 15:16 13.7 02:40 3.2 0.0 0.0 4.0 13.4 12:59 81 18 15.2 17.4 12:37 13.7 23:55 3.1 0.0 0.0 5.4 14.8 21:37 70 19 12.8 14.0 01:45 11.1 23:49 5.5 0.0 0.0 3.8 13.4 03:40 65 20 13.3 16.6 11:18 11.1 00:00 5.0 0.0 7.0 1.4 7.2 09:07 73 21 13.3 15.9 13:27 11.6 23:08 5.1 0.0 10.8 3.0 9.8 19:01 104 22 12.2 15.1 14:59 10.4 22:08 6.1 0.0 0.4 3.2 9.4 08:34 95 23 12.1 15.5 14:25 10.1 03:02 6.2 0.0 0.0 2.5 9.4 09:56 77 24 12.4 14.6 15:57 10.2 00:00 5.9 0.0 0.0 2.1 8.9 12:00 69 25 13.5 16.7 13:26 10.6 06:34 4.8 0.0 0.0 2.7 10.3 13:56 96 26 13.4 15.3 15:42 11.8 00:25 4.9 0.0 0.0 2.9 11.6 11:46 67 27 15.3 19.7 12:26 12.2 23:58 3.0 0.0 0.0 2.4 11.2 05:47 70 28 13.5 18.2 12:12 9.5 07:48 4.8 0.0 0.0 0.5 3.1 09:25 44 29 13.6 15.8 12:39 10.4 07:46 4.8 0.0 0.0 1.6 10.3 18:44 92 30 13.1 14.7 16:29 11.1 11:48 5.2 0.0 12.2 2.0 9.8 01:59 65 31 12.2 14.6 14:48 10.1 22:38 6.2 0.0 9.0 1.1 9.8 18:35 183 --------------------------------------------------------------------------------------- 12.9 19.7 27 8.0 08 168.3 0.0 77.8 2.0 14.8 18 83