NOAA-Style Climate Reports

NOAA style reports
2022: Jan | Feb | Mar | Apr | May | Jun | Jul | Aug | Sep | Oct | Nov | Dec 
2021: Jan | Feb | Mar | Apr | May | Jun | Jul | Aug | Sep | Oct | Nov | Dec 
2020: Jan | Feb | Mar | Apr | May | Jun | Jul | Aug | Sep | Oct | Nov | Dec 
2019: Jan | Feb | Mar | Apr | May | Jun | Jul | Aug | Sep | Oct | Nov | Dec 
2018: Jan | Feb | Mar | Apr | May | Jun | Jul | Aug | Sep | Oct | Nov | Dec 
2017: Jan | Feb | Mar | Apr | May | Jun | Jul | Aug | Sep | Oct | Nov | Dec 
2016: Jan | Feb | Mar | Apr | May | Jun | Jul | Aug | Sep | Oct | Nov | Dec 
2015: Jan | Feb | Mar | Apr | May | Jun | Jul | Aug | Sep | Oct | Nov | Dec 
2014: Jan | Feb | Mar | Apr | May | Jun | Jul | Aug | Sep | Oct | Nov | Dec 
2013: Jan | Feb | Mar | Apr | May | Jun | Jul | Aug | Sep | Oct | Nov | Dec 
2012: Jan | Feb | Mar | Apr | May | Jun | Jul | Aug | Sep | Oct | Nov | Dec 
2011: Jan | Feb | Mar | Apr | May | Jun | Jul | Aug | Sep | Oct | Nov | Dec 
2010: Jan | Feb | Mar | Apr | May | Jun | Jul | Aug | Sep | Oct | Nov | Dec 
2009: Jan | Feb | Mar | Apr | May | Jun | Jul | Aug | Sep | Oct | Nov | Dec 
2008: Jan | Feb | Mar | Apr | May | Jun | Jul | Aug | Sep | Oct | Nov | Dec 
2007: Jan | Feb | Mar | Apr | May | Jun | Jul | Aug | Sep | Oct | Nov | Dec 
2006: Jan | Feb | Mar | Apr | May | Jun | Jul | Aug | Sep | Oct | Nov | Dec 
2005: Jan | Feb | Mar | Apr | May | Jun | Jul | Aug | Sep | Oct | Nov | Dec 

Report for 2022 02
MONTHLY CLIMATOLOGICAL SUMMARY for Feb 2022 NAME: Cabrera de Mar, Barcelona ELEV: 9 meters LAT: 41-30.33 N LONG: 002-24.07 E TEMPERATURE (C), RAIN (mm), WIND SPEED (m/s) HEAT COOL AVG MEAN DEG DEG WIND DOM DAY TEMP HIGH TIME LOW TIME DAYS DAYS RAIN SPEED HIGH TIME DIR --------------------------------------------------------------------------------------- 01 10.2 14.2 14:47 6.1 08:27 8.1 0.0 0.2 0.6 4.5 13:37 254 02 11.9 15.8 12:15 8.5 23:14 6.4 0.0 0.0 0.6 6.7 01:21 282 03 11.2 15.7 14:18 6.1 06:40 7.2 0.0 0.0 1.0 7.2 13:59 260 04 11.4 15.2 13:35 7.2 08:03 7.0 0.0 0.2 0.6 6.3 14:20 252 05 12.0 15.0 12:20 10.2 23:59 6.3 0.0 0.0 0.2 3.1 10:41 94 06 11.7 16.7 14:40 8.7 22:31 6.7 0.0 0.0 1.5 8.5 15:04 282 07 11.0 15.7 14:46 6.8 06:32 7.3 0.0 0.0 0.6 5.8 03:31 304 08 10.1 12.5 21:46 9.0 04:19 8.2 0.0 0.0 0.3 2.2 23:39 331 09 11.5 15.5 12:37 7.2 07:10 6.8 0.0 0.0 1.6 8.0 14:07 261 10 10.6 15.1 13:14 6.2 04:58 7.8 0.0 0.0 1.0 6.3 15:33 250 11 11.1 15.9 14:10 6.1 07:42 7.3 0.0 0.2 0.6 4.5 13:54 244 12 11.4 12.6 16:02 9.6 02:09 6.9 0.0 0.6 0.4 4.9 11:50 139 13 12.8 15.6 13:49 10.4 02:51 5.5 0.0 0.4 2.2 10.7 15:08 248 14 13.9 18.7 12:50 9.2 23:31 4.5 0.0 0.4 1.9 11.6 17:28 276 15 11.0 18.3 14:20 7.2 06:52 7.3 0.0 0.0 0.9 6.7 15:40 76 16 12.0 18.2 15:57 7.9 03:38 6.3 0.0 0.0 1.0 7.2 13:17 296 17 13.9 22.0 13:15 8.8 07:14 4.5 0.0 0.0 1.3 8.5 14:17 278 18 13.0 16.8 12:53 8.4 07:45 5.3 0.0 0.0 2.0 10.7 14:19 259 19 11.4 13.3 12:26 8.8 22:40 6.9 0.0 0.0 0.2 4.5 13:42 36 20 11.1 14.7 13:11 7.6 07:08 7.2 0.0 0.0 1.0 6.3 14:55 246 21 12.5 18.9 12:08 7.8 07:41 5.8 0.0 0.0 1.5 8.9 14:16 275 22 12.0 15.2 13:25 9.5 07:47 6.4 0.0 0.0 1.4 9.4 06:28 305 23 12.1 17.1 12:13 7.8 07:38 6.3 0.0 0.0 1.3 7.6 14:34 253 24 12.9 16.4 15:25 9.9 07:57 5.4 0.0 0.0 0.9 5.8 12:03 241 25 12.1 15.8 13:51 8.9 04:54 6.2 0.0 0.0 0.6 6.3 12:29 231 26 12.0 14.2 12:13 9.9 07:18 6.3 0.0 0.0 1.1 8.5 11:12 112 27 10.9 15.3 13:32 5.9 05:27 7.5 0.0 0.0 1.3 8.5 15:08 235 28 12.8 15.6 14:30 10.9 23:56 5.6 0.0 0.0 1.6 8.0 16:30 232 --------------------------------------------------------------------------------------- 11.8 22.0 17 5.9 27 183.0 0.0 2.0 1.1 11.6 14 257