NOAA-Style Climate Reports

NOAA style reports
2022: Jan | Feb | Mar | Apr | May | Jun | Jul | Aug | Sep | Oct | Nov | Dec 
2021: Jan | Feb | Mar | Apr | May | Jun | Jul | Aug | Sep | Oct | Nov | Dec 
2020: Jan | Feb | Mar | Apr | May | Jun | Jul | Aug | Sep | Oct | Nov | Dec 
2019: Jan | Feb | Mar | Apr | May | Jun | Jul | Aug | Sep | Oct | Nov | Dec 
2018: Jan | Feb | Mar | Apr | May | Jun | Jul | Aug | Sep | Oct | Nov | Dec 
2017: Jan | Feb | Mar | Apr | May | Jun | Jul | Aug | Sep | Oct | Nov | Dec 
2016: Jan | Feb | Mar | Apr | May | Jun | Jul | Aug | Sep | Oct | Nov | Dec 
2015: Jan | Feb | Mar | Apr | May | Jun | Jul | Aug | Sep | Oct | Nov | Dec 
2014: Jan | Feb | Mar | Apr | May | Jun | Jul | Aug | Sep | Oct | Nov | Dec 
2013: Jan | Feb | Mar | Apr | May | Jun | Jul | Aug | Sep | Oct | Nov | Dec 
2012: Jan | Feb | Mar | Apr | May | Jun | Jul | Aug | Sep | Oct | Nov | Dec 
2011: Jan | Feb | Mar | Apr | May | Jun | Jul | Aug | Sep | Oct | Nov | Dec 
2010: Jan | Feb | Mar | Apr | May | Jun | Jul | Aug | Sep | Oct | Nov | Dec 
2009: Jan | Feb | Mar | Apr | May | Jun | Jul | Aug | Sep | Oct | Nov | Dec 
2008: Jan | Feb | Mar | Apr | May | Jun | Jul | Aug | Sep | Oct | Nov | Dec 
2007: Jan | Feb | Mar | Apr | May | Jun | Jul | Aug | Sep | Oct | Nov | Dec 
2006: Jan | Feb | Mar | Apr | May | Jun | Jul | Aug | Sep | Oct | Nov | Dec 
2005: Jan | Feb | Mar | Apr | May | Jun | Jul | Aug | Sep | Oct | Nov | Dec 

Report for 2022 01
MONTHLY CLIMATOLOGICAL SUMMARY for Jan 2022 NAME: Cabrera de Mar, Barcelona ELEV: 9 meters LAT: 41-30.33 N LONG: 002-24.07 E TEMPERATURE (C), RAIN (mm), WIND SPEED (m/s) HEAT COOL AVG MEAN DEG DEG WIND DOM DAY TEMP HIGH TIME LOW TIME DAYS DAYS RAIN SPEED HIGH TIME DIR --------------------------------------------------------------------------------------- 01 11.2 15.6 13:36 6.6 08:12 7.1 0.0 0.2 0.1 2.7 13:36 198 02 11.8 14.6 14:28 9.7 03:06 6.6 0.0 0.0 0.4 4.0 12:07 273 03 11.3 14.8 12:11 7.3 07:31 7.0 0.0 0.2 1.2 7.2 13:57 253 04 14.5 19.9 11:40 11.2 23:59 3.8 0.0 0.0 2.5 8.9 13:13 268 05 11.2 13.7 01:51 7.8 23:57 7.2 0.0 4.6 0.9 8.5 02:01 75 06 7.8 13.9 15:41 2.9 07:03 10.6 0.0 0.0 0.8 6.3 21:02 335 07 7.0 12.3 15:46 2.6 08:36 11.3 0.0 0.0 0.5 5.4 22:54 333 08 9.9 13.7 14:44 5.2 01:01 8.5 0.0 0.0 1.6 8.9 01:52 302 09 11.6 16.3 16:29 7.3 02:17 6.7 0.0 0.0 1.8 12.5 06:10 309 10 10.6 12.3 02:10 9.7 18:52 7.7 0.0 1.6 0.5 7.2 02:09 64 11 10.3 14.6 15:19 5.3 08:07 8.1 0.0 0.2 0.5 5.8 22:13 214 12 9.9 13.3 14:40 5.7 23:48 8.5 0.0 0.0 0.6 4.0 12:20 92 13 7.3 12.1 14:42 3.2 07:04 11.0 0.0 0.0 0.5 4.0 12:47 294 14 8.2 13.6 12:45 3.3 01:29 10.1 0.0 0.0 0.7 3.1 15:12 338 15 7.9 14.3 14:41 2.4 07:38 10.5 0.0 0.0 0.7 6.7 16:27 272 16 7.1 13.7 11:59 2.3 05:10 11.3 0.0 0.0 0.5 3.1 11:44 16 17 8.1 14.3 12:37 3.2 02:52 10.2 0.0 0.0 0.4 4.5 07:45 305 18 8.0 14.2 14:19 2.2 07:59 10.3 0.0 0.0 0.7 6.3 12:25 79 19 9.1 13.6 14:03 5.2 07:43 9.2 0.0 0.0 0.7 6.3 14:36 255 20 9.1 13.8 14:10 5.1 08:10 9.3 0.0 0.0 0.9 7.2 14:31 254 21 8.3 12.3 14:16 5.5 01:02 10.0 0.0 0.0 0.9 5.4 10:05 333 22 7.7 13.7 14:17 3.3 08:33 10.7 0.0 0.0 0.9 8.0 14:29 286 23 7.9 12.8 14:14 2.9 08:20 10.4 0.0 0.0 0.7 5.4 13:50 254 24 8.5 13.4 14:17 4.1 06:46 9.8 0.0 0.0 0.7 6.3 15:50 258 25 8.7 13.3 13:45 4.5 06:10 9.6 0.0 0.2 0.2 1.8 12:38 333 26 8.9 14.1 16:36 3.8 07:13 9.4 0.0 0.0 0.7 6.3 16:06 260 27 9.1 15.3 12:19 4.1 08:23 9.2 0.0 0.0 0.4 3.1 12:04 21 28 9.3 18.7 15:01 2.9 08:22 9.0 0.0 0.2 0.5 5.4 15:14 264 29 9.7 15.5 12:13 4.6 06:46 8.6 0.0 0.0 0.4 4.0 17:18 306 30 10.5 16.8 12:57 3.9 07:44 7.8 0.0 0.0 0.9 5.8 17:54 276 31 10.0 14.3 13:57 5.9 05:37 8.4 0.0 0.0 0.6 5.8 13:40 161 --------------------------------------------------------------------------------------- 9.4 19.9 04 2.2 18 277.9 0.0 7.2 0.8 12.5 09 289