NOAA-Style Climate Reports

NOAA style reports
2022: Jan | Feb | Mar | Apr | May | Jun | Jul | Aug | Sep | Oct | Nov | Dec 
2021: Jan | Feb | Mar | Apr | May | Jun | Jul | Aug | Sep | Oct | Nov | Dec 
2020: Jan | Feb | Mar | Apr | May | Jun | Jul | Aug | Sep | Oct | Nov | Dec 
2019: Jan | Feb | Mar | Apr | May | Jun | Jul | Aug | Sep | Oct | Nov | Dec 
2018: Jan | Feb | Mar | Apr | May | Jun | Jul | Aug | Sep | Oct | Nov | Dec 
2017: Jan | Feb | Mar | Apr | May | Jun | Jul | Aug | Sep | Oct | Nov | Dec 
2016: Jan | Feb | Mar | Apr | May | Jun | Jul | Aug | Sep | Oct | Nov | Dec 
2015: Jan | Feb | Mar | Apr | May | Jun | Jul | Aug | Sep | Oct | Nov | Dec 
2014: Jan | Feb | Mar | Apr | May | Jun | Jul | Aug | Sep | Oct | Nov | Dec 
2013: Jan | Feb | Mar | Apr | May | Jun | Jul | Aug | Sep | Oct | Nov | Dec 
2012: Jan | Feb | Mar | Apr | May | Jun | Jul | Aug | Sep | Oct | Nov | Dec 
2011: Jan | Feb | Mar | Apr | May | Jun | Jul | Aug | Sep | Oct | Nov | Dec 
2010: Jan | Feb | Mar | Apr | May | Jun | Jul | Aug | Sep | Oct | Nov | Dec 
2009: Jan | Feb | Mar | Apr | May | Jun | Jul | Aug | Sep | Oct | Nov | Dec 
2008: Jan | Feb | Mar | Apr | May | Jun | Jul | Aug | Sep | Oct | Nov | Dec 
2007: Jan | Feb | Mar | Apr | May | Jun | Jul | Aug | Sep | Oct | Nov | Dec 
2006: Jan | Feb | Mar | Apr | May | Jun | Jul | Aug | Sep | Oct | Nov | Dec 
2005: Jan | Feb | Mar | Apr | May | Jun | Jul | Aug | Sep | Oct | Nov | Dec 

Report for 2021 11
MONTHLY CLIMATOLOGICAL SUMMARY for Nov 2021 NAME: Cabrera de Mar, Barcelona ELEV: 9 meters LAT: 41-30.33 N LONG: 002-24.07 E TEMPERATURE (C), RAIN (mm), WIND SPEED (m/s) HEAT COOL AVG MEAN DEG DEG WIND DOM DAY TEMP HIGH TIME LOW TIME DAYS DAYS RAIN SPEED HIGH TIME DIR --------------------------------------------------------------------------------------- 01 17.8 21.0 13:24 13.0 23:54 0.5 0.0 1.8 1.0 8.9 15:55 111 02 15.2 19.6 13:44 11.1 05:01 3.2 0.0 0.0 1.7 8.5 18:20 283 03 14.1 18.2 14:09 10.6 23:54 4.2 0.0 0.2 1.1 10.3 16:13 335 04 12.8 16.3 15:01 9.8 05:02 5.5 0.0 0.0 0.5 4.9 20:15 340 05 12.3 16.1 15:27 8.9 22:45 6.0 0.0 0.0 0.8 5.4 23:12 308 06 12.8 18.8 14:20 7.3 07:51 5.5 0.0 0.0 1.4 10.7 13:39 51 07 12.4 20.1 15:36 6.0 07:59 6.0 0.0 0.0 0.9 7.2 14:43 280 08 13.8 18.8 14:18 8.6 04:55 4.5 0.0 0.0 0.9 7.6 05:14 272 09 13.9 17.4 15:17 9.7 07:36 4.5 0.0 0.0 2.1 12.5 17:53 51 10 15.6 16.9 12:18 14.5 16:26 2.8 0.0 6.8 4.3 14.8 08:41 48 11 16.9 19.7 13:25 14.5 07:53 1.5 0.0 2.4 5.0 15.2 05:09 59 12 17.6 19.9 16:05 16.2 08:02 0.7 0.0 0.0 2.0 15.6 14:26 55 13 17.2 20.6 10:42 14.7 23:04 1.2 0.0 0.0 1.0 6.7 08:15 66 14 15.1 17.7 12:40 12.3 08:18 3.3 0.0 6.2 0.5 6.3 21:15 36 15 13.1 15.6 14:20 10.4 07:46 5.2 0.0 0.2 0.5 4.9 23:03 10 16 12.9 16.7 17:06 10.6 22:59 5.4 0.0 2.4 0.4 5.4 00:41 20 17 12.5 16.6 14:24 8.9 07:26 5.8 0.0 0.0 0.4 5.8 02:51 38 18 11.8 15.6 13:02 7.6 07:50 6.6 0.0 0.0 0.3 3.1 01:58 222 19 11.9 16.1 14:05 7.6 05:42 6.4 0.0 0.0 0.2 2.7 13:49 219 20 12.6 16.9 13:46 8.0 07:45 5.7 0.0 0.2 0.3 4.5 13:54 254 21 14.2 17.7 13:15 11.7 07:05 4.1 0.0 0.0 0.2 4.0 12:30 119 22 13.0 16.2 14:01 10.7 08:16 5.4 0.0 5.0 0.5 5.4 11:34 91 23 13.2 15.6 13:29 11.4 23:58 5.2 0.0 16.0 2.6 13.4 21:18 82 24 12.1 14.8 14:27 9.7 02:45 6.2 0.0 3.8 1.9 10.3 07:48 93 25 11.9 14.6 11:51 10.2 03:17 6.4 0.0 0.4 1.5 8.9 13:12 54 26 11.5 15.5 15:05 9.2 23:56 6.8 0.0 0.0 1.9 8.5 07:51 319 27 10.0 14.3 13:54 7.0 05:08 8.3 0.0 0.0 1.9 9.8 01:19 304 28 8.5 12.2 15:09 5.4 23:59 9.9 0.0 0.0 3.3 13.4 01:06 321 29 9.4 14.9 13:42 5.1 05:19 9.0 0.0 0.0 2.6 10.3 02:34 322 30 10.2 14.6 13:22 6.2 04:33 8.1 0.0 0.0 0.8 5.4 12:49 279 --------------------------------------------------------------------------------------- 13.2 21.0 01 5.1 29 154.0 0.0 45.4 1.4 15.6 12 24