NOAA-Style Climate Reports

NOAA style reports
2022: Jan | Feb | Mar | Apr | May | Jun | Jul | Aug | Sep | Oct | Nov | Dec 
2021: Jan | Feb | Mar | Apr | May | Jun | Jul | Aug | Sep | Oct | Nov | Dec 
2020: Jan | Feb | Mar | Apr | May | Jun | Jul | Aug | Sep | Oct | Nov | Dec 
2019: Jan | Feb | Mar | Apr | May | Jun | Jul | Aug | Sep | Oct | Nov | Dec 
2018: Jan | Feb | Mar | Apr | May | Jun | Jul | Aug | Sep | Oct | Nov | Dec 
2017: Jan | Feb | Mar | Apr | May | Jun | Jul | Aug | Sep | Oct | Nov | Dec 
2016: Jan | Feb | Mar | Apr | May | Jun | Jul | Aug | Sep | Oct | Nov | Dec 
2015: Jan | Feb | Mar | Apr | May | Jun | Jul | Aug | Sep | Oct | Nov | Dec 
2014: Jan | Feb | Mar | Apr | May | Jun | Jul | Aug | Sep | Oct | Nov | Dec 
2013: Jan | Feb | Mar | Apr | May | Jun | Jul | Aug | Sep | Oct | Nov | Dec 
2012: Jan | Feb | Mar | Apr | May | Jun | Jul | Aug | Sep | Oct | Nov | Dec 
2011: Jan | Feb | Mar | Apr | May | Jun | Jul | Aug | Sep | Oct | Nov | Dec 
2010: Jan | Feb | Mar | Apr | May | Jun | Jul | Aug | Sep | Oct | Nov | Dec 
2009: Jan | Feb | Mar | Apr | May | Jun | Jul | Aug | Sep | Oct | Nov | Dec 
2008: Jan | Feb | Mar | Apr | May | Jun | Jul | Aug | Sep | Oct | Nov | Dec 
2007: Jan | Feb | Mar | Apr | May | Jun | Jul | Aug | Sep | Oct | Nov | Dec 
2006: Jan | Feb | Mar | Apr | May | Jun | Jul | Aug | Sep | Oct | Nov | Dec 
2005: Jan | Feb | Mar | Apr | May | Jun | Jul | Aug | Sep | Oct | Nov | Dec 

Report for 2021 09
MONTHLY CLIMATOLOGICAL SUMMARY for Sep 2021 NAME: Cabrera de Mar, Barcelona ELEV: 9 meters LAT: 41-30.33 N LONG: 002-24.07 E TEMPERATURE (C), RAIN (mm), WIND SPEED (m/s) HEAT COOL AVG MEAN DEG DEG WIND DOM DAY TEMP HIGH TIME LOW TIME DAYS DAYS RAIN SPEED HIGH TIME DIR --------------------------------------------------------------------------------------- 01 23.5 26.2 12:33 20.7 05:23 0.0 5.2 0.2 1.6 8.5 11:14 95 02 24.2 28.2 17:03 20.9 06:59 0.0 5.8 0.0 2.2 8.9 07:31 74 03 23.9 26.8 14:26 20.5 07:25 0.0 5.5 0.0 0.8 5.8 18:50 179 04 23.7 26.2 13:59 20.6 05:27 0.0 5.4 0.0 1.0 5.8 10:59 202 05 25.1 28.6 13:32 21.0 07:49 0.0 6.8 0.0 2.1 9.8 15:24 237 06 25.8 28.6 13:34 22.8 07:17 0.0 7.5 0.0 1.7 6.7 13:35 232 07 25.6 27.3 14:48 23.3 06:54 0.0 7.2 0.0 1.0 5.4 01:02 223 08 25.4 28.6 13:58 21.8 07:43 0.0 7.1 0.0 1.2 5.8 14:47 130 09 25.8 28.8 13:34 23.7 07:14 0.0 7.5 0.0 2.1 8.9 15:32 101 10 24.1 27.4 13:02 22.0 21:50 0.0 5.8 0.0 1.2 9.4 15:21 98 11 23.7 28.2 13:30 19.2 06:54 0.0 5.4 0.2 1.6 8.5 15:49 234 12 24.7 27.3 15:22 21.8 07:38 0.0 6.4 0.0 1.2 8.0 18:17 222 13 25.4 28.9 13:34 22.0 07:45 0.0 7.1 0.0 2.3 10.3 15:15 242 14 26.0 28.4 14:59 23.8 03:56 0.0 7.7 0.0 1.0 6.7 00:05 188 15 26.1 29.4 16:18 23.6 08:08 0.0 7.7 0.0 2.2 9.4 17:51 238 16 24.3 26.6 14:30 20.2 08:17 0.0 6.0 1.8 1.6 14.8 03:07 201 17 24.2 27.7 15:09 20.2 08:04 0.0 5.9 1.6 2.2 10.7 16:21 241 18 22.9 26.6 13:19 20.2 07:35 0.0 4.6 0.6 0.7 5.4 12:28 99 19 21.8 25.4 15:12 16.4 07:19 0.0 3.5 0.4 2.1 11.2 15:57 251 20 19.9 23.7 11:29 15.4 23:59 0.0 1.6 15.2 1.3 18.3 19:53 124 21 18.5 23.1 17:40 14.9 03:17 0.0 0.2 0.2 0.5 3.1 16:47 357 22 21.9 25.3 14:12 19.1 00:00 0.0 3.6 0.0 2.9 9.4 09:19 81 23 21.9 25.7 15:47 18.9 01:23 0.0 3.6 1.6 1.9 8.9 16:23 89 24 21.7 26.2 12:49 17.0 07:35 0.0 3.4 0.0 1.0 6.7 15:32 94 25 24.0 26.7 13:33 21.6 02:04 0.0 5.7 0.0 0.9 5.8 11:00 228 26 24.0 28.9 11:02 20.2 23:55 0.0 5.6 0.0 1.1 7.6 10:58 113 27 23.1 28.2 11:50 18.7 03:55 0.0 4.7 0.0 1.6 7.6 14:11 254 28 22.5 26.9 11:43 18.5 05:20 0.0 4.2 0.0 2.1 10.7 15:04 253 29 22.2 24.4 15:56 19.3 07:35 0.0 3.9 0.0 1.1 7.6 14:09 226 30 21.9 24.7 14:44 19.5 07:49 0.0 3.6 0.0 1.8 9.4 16:26 254 --------------------------------------------------------------------------------------- 23.6 29.4 15 14.9 21 0.0 157.9 21.8 1.5 18.3 20 198