NOAA-Style Climate Reports

NOAA style reports
2022: Jan | Feb | Mar | Apr | May | Jun | Jul | Aug | Sep | Oct | Nov | Dec 
2021: Jan | Feb | Mar | Apr | May | Jun | Jul | Aug | Sep | Oct | Nov | Dec 
2020: Jan | Feb | Mar | Apr | May | Jun | Jul | Aug | Sep | Oct | Nov | Dec 
2019: Jan | Feb | Mar | Apr | May | Jun | Jul | Aug | Sep | Oct | Nov | Dec 
2018: Jan | Feb | Mar | Apr | May | Jun | Jul | Aug | Sep | Oct | Nov | Dec 
2017: Jan | Feb | Mar | Apr | May | Jun | Jul | Aug | Sep | Oct | Nov | Dec 
2016: Jan | Feb | Mar | Apr | May | Jun | Jul | Aug | Sep | Oct | Nov | Dec 
2015: Jan | Feb | Mar | Apr | May | Jun | Jul | Aug | Sep | Oct | Nov | Dec 
2014: Jan | Feb | Mar | Apr | May | Jun | Jul | Aug | Sep | Oct | Nov | Dec 
2013: Jan | Feb | Mar | Apr | May | Jun | Jul | Aug | Sep | Oct | Nov | Dec 
2012: Jan | Feb | Mar | Apr | May | Jun | Jul | Aug | Sep | Oct | Nov | Dec 
2011: Jan | Feb | Mar | Apr | May | Jun | Jul | Aug | Sep | Oct | Nov | Dec 
2010: Jan | Feb | Mar | Apr | May | Jun | Jul | Aug | Sep | Oct | Nov | Dec 
2009: Jan | Feb | Mar | Apr | May | Jun | Jul | Aug | Sep | Oct | Nov | Dec 
2008: Jan | Feb | Mar | Apr | May | Jun | Jul | Aug | Sep | Oct | Nov | Dec 
2007: Jan | Feb | Mar | Apr | May | Jun | Jul | Aug | Sep | Oct | Nov | Dec 
2006: Jan | Feb | Mar | Apr | May | Jun | Jul | Aug | Sep | Oct | Nov | Dec 
2005: Jan | Feb | Mar | Apr | May | Jun | Jul | Aug | Sep | Oct | Nov | Dec 

Report for 2021 05
MONTHLY CLIMATOLOGICAL SUMMARY for May 2021 NAME: Cabrera de Mar, Barcelona ELEV: 9 meters LAT: 41-30.33 N LONG: 002-24.07 E TEMPERATURE (C), RAIN (mm), WIND SPEED (m/s) HEAT COOL AVG MEAN DEG DEG WIND DOM DAY TEMP HIGH TIME LOW TIME DAYS DAYS RAIN SPEED HIGH TIME DIR --------------------------------------------------------------------------------------- 01 15.0 17.0 16:43 13.0 08:25 3.3 0.0 11.8 1.6 8.5 16:21 177 02 14.1 16.7 17:22 11.8 23:53 4.2 0.0 0.0 1.5 6.7 12:46 102 03 13.9 18.1 13:27 8.7 06:19 4.5 0.0 0.0 0.7 5.4 10:41 158 04 15.4 19.1 12:53 11.2 07:29 2.9 0.0 0.0 1.8 9.4 14:51 238 05 16.3 20.2 15:55 12.6 05:59 2.0 0.0 0.0 0.8 5.4 09:57 162 06 17.4 20.7 13:51 14.2 03:56 1.0 0.0 0.0 2.5 14.3 17:00 247 07 17.3 21.4 14:12 13.4 06:18 1.0 0.0 0.0 0.6 5.4 11:50 115 08 18.3 22.2 13:26 15.0 05:18 0.0 0.0 0.0 1.8 8.5 13:37 247 09 18.3 22.2 12:48 14.7 04:53 0.1 0.0 0.0 1.1 8.5 11:53 94 10 17.7 20.2 15:32 16.1 07:10 0.7 0.0 0.6 1.1 8.5 20:28 246 11 16.4 19.6 15:00 13.5 23:58 1.9 0.0 0.0 1.5 10.7 15:45 154 12 16.4 23.2 18:57 10.8 07:03 1.9 0.0 0.0 2.3 13.9 16:33 243 13 17.5 20.7 17:47 13.1 07:22 0.8 0.0 0.0 3.0 13.4 17:54 242 14 16.6 18.6 16:15 14.8 23:13 1.7 0.0 0.0 1.7 12.5 14:53 208 15 17.3 21.2 18:14 13.3 06:24 1.0 0.0 0.0 2.4 13.0 14:51 254 16 17.6 20.9 15:36 14.8 06:10 0.7 0.0 0.0 0.8 6.3 15:29 97 17 17.2 18.9 15:44 15.3 06:56 1.1 0.0 0.0 2.4 9.8 15:57 235 18 17.2 19.6 17:03 14.9 03:23 1.1 0.0 0.0 2.4 12.5 14:55 245 19 17.0 20.1 15:24 15.6 08:02 1.3 0.0 0.0 2.3 11.6 13:17 228 20 17.1 20.7 17:06 15.3 01:48 1.2 0.0 2.6 1.6 9.4 18:30 232 21 17.9 21.1 14:01 14.4 02:55 0.4 0.0 0.0 2.1 9.4 13:36 241 22 16.9 19.1 14:27 15.3 05:58 1.4 0.0 0.0 1.2 5.8 13:46 184 23 15.9 17.9 12:32 14.2 01:59 2.4 0.0 0.0 1.0 5.4 22:28 193 24 17.7 21.2 13:30 14.3 06:21 0.6 0.0 0.8 2.2 11.6 15:10 231 25 16.9 18.7 16:59 15.4 05:24 1.5 0.0 0.0 1.5 6.7 14:22 220 26 16.6 19.8 14:29 12.2 06:39 1.8 0.0 0.0 1.1 5.8 14:07 222 27 18.0 20.7 15:37 14.7 05:40 0.3 0.0 0.0 0.9 5.8 15:26 177 28 19.1 21.8 14:41 15.5 06:45 0.0 0.7 0.0 0.9 5.8 08:42 202 29 20.2 25.0 14:45 15.2 06:22 0.0 1.9 0.0 1.5 7.6 15:21 229 30 21.4 24.2 14:48 19.9 06:17 0.0 3.1 0.0 0.7 4.5 16:03 164 31 20.6 22.6 17:56 18.9 07:04 0.0 2.3 0.0 0.9 5.4 02:29 185 --------------------------------------------------------------------------------------- 17.3 25.0 29 8.7 03 41.0 7.9 15.8 1.6 14.3 06 223