NOAA-Style Climate Reports

NOAA style reports
2022: Jan | Feb | Mar | Apr | May | Jun | Jul | Aug | Sep | Oct | Nov | Dec 
2021: Jan | Feb | Mar | Apr | May | Jun | Jul | Aug | Sep | Oct | Nov | Dec 
2020: Jan | Feb | Mar | Apr | May | Jun | Jul | Aug | Sep | Oct | Nov | Dec 
2019: Jan | Feb | Mar | Apr | May | Jun | Jul | Aug | Sep | Oct | Nov | Dec 
2018: Jan | Feb | Mar | Apr | May | Jun | Jul | Aug | Sep | Oct | Nov | Dec 
2017: Jan | Feb | Mar | Apr | May | Jun | Jul | Aug | Sep | Oct | Nov | Dec 
2016: Jan | Feb | Mar | Apr | May | Jun | Jul | Aug | Sep | Oct | Nov | Dec 
2015: Jan | Feb | Mar | Apr | May | Jun | Jul | Aug | Sep | Oct | Nov | Dec 
2014: Jan | Feb | Mar | Apr | May | Jun | Jul | Aug | Sep | Oct | Nov | Dec 
2013: Jan | Feb | Mar | Apr | May | Jun | Jul | Aug | Sep | Oct | Nov | Dec 
2012: Jan | Feb | Mar | Apr | May | Jun | Jul | Aug | Sep | Oct | Nov | Dec 
2011: Jan | Feb | Mar | Apr | May | Jun | Jul | Aug | Sep | Oct | Nov | Dec 
2010: Jan | Feb | Mar | Apr | May | Jun | Jul | Aug | Sep | Oct | Nov | Dec 
2009: Jan | Feb | Mar | Apr | May | Jun | Jul | Aug | Sep | Oct | Nov | Dec 
2008: Jan | Feb | Mar | Apr | May | Jun | Jul | Aug | Sep | Oct | Nov | Dec 
2007: Jan | Feb | Mar | Apr | May | Jun | Jul | Aug | Sep | Oct | Nov | Dec 
2006: Jan | Feb | Mar | Apr | May | Jun | Jul | Aug | Sep | Oct | Nov | Dec 
2005: Jan | Feb | Mar | Apr | May | Jun | Jul | Aug | Sep | Oct | Nov | Dec 

Report for 2021 03
MONTHLY CLIMATOLOGICAL SUMMARY for Mar 2021 NAME: Cabrera de Mar, Barcelona ELEV: 9 meters LAT: 41-30.33 N LONG: 002-24.07 E TEMPERATURE (C), RAIN (mm), WIND SPEED (m/s) HEAT COOL AVG MEAN DEG DEG WIND DOM DAY TEMP HIGH TIME LOW TIME DAYS DAYS RAIN SPEED HIGH TIME DIR --------------------------------------------------------------------------------------- 01 13.5 16.3 12:19 12.2 00:29 4.8 0.0 0.0 2.1 7.6 13:55 90 02 13.5 16.1 13:17 11.8 23:25 4.8 0.0 0.0 1.9 8.5 10:09 83 03 12.9 15.8 15:17 11.1 02:51 5.4 0.0 0.0 0.4 4.0 14:21 121 04 12.9 15.7 12:50 10.6 06:22 5.4 0.0 0.0 0.7 4.9 14:23 231 05 12.6 14.9 14:21 10.2 07:28 5.8 0.0 0.0 0.4 4.0 13:54 224 06 12.5 15.0 16:07 10.1 04:04 5.8 0.0 0.0 0.7 4.9 15:41 105 07 12.5 15.5 14:51 10.1 04:37 5.8 0.0 0.0 0.6 4.9 15:10 97 08 12.7 15.4 15:17 9.9 23:59 5.6 0.0 0.8 1.2 10.7 10:09 73 09 11.9 14.7 14:37 9.0 02:59 6.4 0.0 0.0 0.6 5.4 06:36 216 10 11.6 15.1 15:32 7.5 07:07 6.8 0.0 0.0 1.2 7.2 19:53 247 11 12.9 16.4 13:22 9.2 04:16 5.4 0.0 0.0 2.3 11.2 15:54 261 12 12.6 14.6 11:50 10.2 23:55 5.8 0.0 0.8 0.6 5.4 01:23 161 13 12.8 17.4 11:44 9.0 05:17 5.5 0.0 0.2 2.3 10.3 15:35 262 14 12.1 16.6 12:16 7.4 07:08 6.3 0.0 0.0 0.7 5.8 14:10 220 15 12.6 15.5 12:27 9.5 07:19 5.7 0.0 0.0 1.5 7.6 12:36 285 16 12.1 15.5 13:42 8.1 07:04 6.2 0.0 0.0 0.9 5.8 16:39 235 17 12.4 16.7 13:50 7.9 07:36 5.9 0.0 0.0 0.9 5.8 12:09 244 18 11.2 15.0 12:39 6.6 23:51 7.2 0.0 10.6 1.9 11.2 20:06 198 19 8.2 11.4 14:45 5.9 03:26 10.2 0.0 2.4 0.9 13.0 23:58 54 20 11.0 15.4 14:55 7.8 06:49 7.3 0.0 0.0 3.7 13.9 04:56 71 21 10.2 14.6 14:18 4.8 07:10 8.2 0.0 0.0 1.1 7.2 13:55 230 22 11.4 16.1 13:51 6.2 07:21 7.0 0.0 0.0 0.7 7.2 13:52 219 23 12.1 16.9 13:01 7.4 07:10 6.3 0.0 0.0 0.6 5.4 18:33 124 24 12.2 16.6 14:20 7.3 05:24 6.1 0.0 0.0 1.0 8.5 16:05 241 25 12.6 16.4 13:46 7.8 06:52 5.8 0.0 0.2 1.3 6.7 13:31 239 26 13.5 17.0 13:44 10.4 05:32 4.8 0.0 0.0 1.5 6.7 15:38 260 27 14.0 16.7 13:21 11.4 06:08 4.4 0.0 0.0 0.7 6.3 01:37 135 28 13.2 16.8 13:38 9.6 06:49 5.1 0.0 0.0 0.5 4.0 11:57 133 29 13.2 18.2 15:11 8.2 07:56 5.1 0.0 0.0 0.6 4.9 15:34 101 30 12.7 16.7 13:53 8.7 06:47 5.6 0.0 0.0 0.5 4.5 11:29 116 31 12.6 16.4 16:29 8.7 08:10 5.7 0.0 0.0 0.3 2.7 12:27 171 --------------------------------------------------------------------------------------- 12.3 18.2 29 4.8 21 186.2 0.0 15.0 1.1 13.9 20 181