NOAA-Style Climate Reports

NOAA style reports
2022: Jan | Feb | Mar | Apr | May | Jun | Jul | Aug | Sep | Oct | Nov | Dec 
2021: Jan | Feb | Mar | Apr | May | Jun | Jul | Aug | Sep | Oct | Nov | Dec 
2020: Jan | Feb | Mar | Apr | May | Jun | Jul | Aug | Sep | Oct | Nov | Dec 
2019: Jan | Feb | Mar | Apr | May | Jun | Jul | Aug | Sep | Oct | Nov | Dec 
2018: Jan | Feb | Mar | Apr | May | Jun | Jul | Aug | Sep | Oct | Nov | Dec 
2017: Jan | Feb | Mar | Apr | May | Jun | Jul | Aug | Sep | Oct | Nov | Dec 
2016: Jan | Feb | Mar | Apr | May | Jun | Jul | Aug | Sep | Oct | Nov | Dec 
2015: Jan | Feb | Mar | Apr | May | Jun | Jul | Aug | Sep | Oct | Nov | Dec 
2014: Jan | Feb | Mar | Apr | May | Jun | Jul | Aug | Sep | Oct | Nov | Dec 
2013: Jan | Feb | Mar | Apr | May | Jun | Jul | Aug | Sep | Oct | Nov | Dec 
2012: Jan | Feb | Mar | Apr | May | Jun | Jul | Aug | Sep | Oct | Nov | Dec 
2011: Jan | Feb | Mar | Apr | May | Jun | Jul | Aug | Sep | Oct | Nov | Dec 
2010: Jan | Feb | Mar | Apr | May | Jun | Jul | Aug | Sep | Oct | Nov | Dec 
2009: Jan | Feb | Mar | Apr | May | Jun | Jul | Aug | Sep | Oct | Nov | Dec 
2008: Jan | Feb | Mar | Apr | May | Jun | Jul | Aug | Sep | Oct | Nov | Dec 
2007: Jan | Feb | Mar | Apr | May | Jun | Jul | Aug | Sep | Oct | Nov | Dec 
2006: Jan | Feb | Mar | Apr | May | Jun | Jul | Aug | Sep | Oct | Nov | Dec 
2005: Jan | Feb | Mar | Apr | May | Jun | Jul | Aug | Sep | Oct | Nov | Dec 

Report for 2021 02
MONTHLY CLIMATOLOGICAL SUMMARY for Feb 2021 NAME: Cabrera de Mar, Barcelona ELEV: 9 meters LAT: 41-30.33 N LONG: 002-24.07 E TEMPERATURE (C), RAIN (mm), WIND SPEED (m/s) HEAT COOL AVG MEAN DEG DEG WIND DOM DAY TEMP HIGH TIME LOW TIME DAYS DAYS RAIN SPEED HIGH TIME DIR --------------------------------------------------------------------------------------- 01 14.5 21.8 15:17 10.8 04:41 3.8 0.0 0.8 2.3 15.2 11:01 331 02 13.0 17.3 15:14 9.4 05:12 5.4 0.0 0.0 0.5 4.5 09:17 287 03 15.0 21.4 13:21 10.9 03:26 3.3 0.0 0.0 1.6 9.4 11:19 269 04 11.7 13.9 12:00 9.9 05:52 6.7 0.0 0.0 0.2 4.0 12:18 187 05 13.1 16.7 11:38 11.3 02:45 5.2 0.0 0.0 0.9 6.7 08:05 86 06 14.5 16.4 11:37 11.3 22:31 3.8 0.0 0.0 1.3 8.5 17:02 246 07 10.5 13.6 03:45 8.7 22:31 7.8 0.0 25.0 0.7 9.4 04:24 56 08 10.4 14.2 12:00 7.6 01:22 8.0 0.0 2.6 1.5 9.8 11:52 284 09 11.9 15.6 12:19 8.2 00:00 6.4 0.0 0.0 2.5 12.1 23:59 272 10 12.2 16.3 14:36 10.1 23:38 6.1 0.0 0.0 1.8 12.1 00:00 297 11 11.6 18.2 13:29 7.1 07:25 6.7 0.0 0.0 0.9 7.2 14:42 278 12 11.4 13.9 13:56 8.7 07:41 6.9 0.0 0.4 0.3 6.3 17:04 124 13 13.1 16.3 12:43 11.1 06:27 5.2 0.0 0.0 1.4 8.0 12:47 215 14 9.4 12.8 00:04 8.5 13:09 8.9 0.0 0.8 2.1 8.9 01:38 83 15 10.3 12.0 14:06 8.5 03:19 8.1 0.0 0.0 0.8 5.8 17:56 274 16 12.6 15.8 13:06 10.7 22:23 5.8 0.0 0.0 3.2 14.3 14:40 266 17 11.9 16.4 12:52 8.6 08:04 6.5 0.0 0.0 1.3 7.6 13:56 251 18 11.7 14.9 14:18 9.2 23:56 6.7 0.0 0.0 1.1 6.3 16:28 262 19 11.0 14.4 13:52 7.6 03:48 7.3 0.0 0.0 1.0 6.7 15:17 243 20 11.7 14.2 14:43 9.2 06:25 6.6 0.0 0.0 0.9 4.5 01:57 275 21 13.7 16.1 12:18 11.1 00:00 4.6 0.0 0.0 4.1 14.3 20:55 80 22 14.3 15.3 00:21 12.6 20:25 4.1 0.0 4.8 1.4 13.0 00:10 81 23 14.4 16.7 13:30 12.5 08:00 4.0 0.0 0.0 0.4 4.9 01:43 97 24 13.8 16.6 14:42 11.3 22:06 4.6 0.0 0.0 0.6 4.9 14:25 224 25 13.4 16.4 15:14 10.9 01:30 4.9 0.0 0.0 1.1 7.6 15:58 237 26 13.3 15.7 14:54 10.1 23:57 5.0 0.0 0.0 0.6 4.5 14:56 235 27 12.5 16.3 11:58 8.0 06:13 5.8 0.0 0.2 1.1 8.9 12:10 246 28 12.7 16.7 13:21 8.2 07:35 5.7 0.0 0.0 1.9 9.8 18:20 107 --------------------------------------------------------------------------------------- 12.5 21.8 01 7.1 11 164.0 0.0 34.6 1.3 15.2 01 269