NOAA-Style Climate Reports

NOAA style reports
2022: Jan | Feb | Mar | Apr | May | Jun | Jul | Aug | Sep | Oct | Nov | Dec 
2021: Jan | Feb | Mar | Apr | May | Jun | Jul | Aug | Sep | Oct | Nov | Dec 
2020: Jan | Feb | Mar | Apr | May | Jun | Jul | Aug | Sep | Oct | Nov | Dec 
2019: Jan | Feb | Mar | Apr | May | Jun | Jul | Aug | Sep | Oct | Nov | Dec 
2018: Jan | Feb | Mar | Apr | May | Jun | Jul | Aug | Sep | Oct | Nov | Dec 
2017: Jan | Feb | Mar | Apr | May | Jun | Jul | Aug | Sep | Oct | Nov | Dec 
2016: Jan | Feb | Mar | Apr | May | Jun | Jul | Aug | Sep | Oct | Nov | Dec 
2015: Jan | Feb | Mar | Apr | May | Jun | Jul | Aug | Sep | Oct | Nov | Dec 
2014: Jan | Feb | Mar | Apr | May | Jun | Jul | Aug | Sep | Oct | Nov | Dec 
2013: Jan | Feb | Mar | Apr | May | Jun | Jul | Aug | Sep | Oct | Nov | Dec 
2012: Jan | Feb | Mar | Apr | May | Jun | Jul | Aug | Sep | Oct | Nov | Dec 
2011: Jan | Feb | Mar | Apr | May | Jun | Jul | Aug | Sep | Oct | Nov | Dec 
2010: Jan | Feb | Mar | Apr | May | Jun | Jul | Aug | Sep | Oct | Nov | Dec 
2009: Jan | Feb | Mar | Apr | May | Jun | Jul | Aug | Sep | Oct | Nov | Dec 
2008: Jan | Feb | Mar | Apr | May | Jun | Jul | Aug | Sep | Oct | Nov | Dec 
2007: Jan | Feb | Mar | Apr | May | Jun | Jul | Aug | Sep | Oct | Nov | Dec 
2006: Jan | Feb | Mar | Apr | May | Jun | Jul | Aug | Sep | Oct | Nov | Dec 
2005: Jan | Feb | Mar | Apr | May | Jun | Jul | Aug | Sep | Oct | Nov | Dec 

Report for 2020 12
MONTHLY CLIMATOLOGICAL SUMMARY for Dec 2020 NAME: Cabrera de Mar, Barcelona ELEV: 9 meters LAT: 41-30.33 N LONG: 002-24.07 E TEMPERATURE (C), RAIN (mm), WIND SPEED (m/s) HEAT COOL AVG MEAN DEG DEG WIND DOM DAY TEMP HIGH TIME LOW TIME DAYS DAYS RAIN SPEED HIGH TIME DIR --------------------------------------------------------------------------------------- 01 12.4 15.3 12:49 9.2 07:18 6.0 0.0 0.2 0.4 4.5 19:03 39 02 11.5 15.3 14:26 7.2 22:54 6.8 0.0 0.0 1.2 7.6 11:26 306 03 9.7 13.2 14:04 6.0 05:58 8.6 0.0 0.0 1.5 8.5 06:57 281 04 10.8 14.8 10:28 5.8 23:59 7.5 0.0 0.0 2.1 11.2 13:59 299 05 8.2 13.3 14:47 4.8 02:35 10.1 0.0 0.0 1.2 11.2 21:38 304 06 9.3 13.4 14:32 6.6 03:17 9.0 0.0 0.0 1.8 12.5 08:07 320 07 10.1 13.0 16:19 7.3 03:02 8.2 0.0 0.0 1.6 10.3 21:15 291 08 10.2 14.1 14:19 6.9 05:14 8.1 0.0 0.0 2.1 13.4 21:07 329 09 10.8 15.2 13:56 7.7 06:17 7.5 0.0 0.0 1.9 12.1 01:29 329 10 10.9 16.2 14:53 7.6 00:28 7.4 0.0 0.6 1.3 7.6 12:28 290 11 12.0 16.4 15:25 8.6 00:30 6.4 0.0 1.4 0.7 5.8 15:45 303 12 12.9 18.1 15:35 8.9 07:07 5.4 0.0 0.0 1.8 13.0 12:02 340 13 11.8 15.3 11:54 8.6 07:22 6.5 0.0 0.0 1.0 5.8 14:29 275 14 12.7 16.2 12:28 8.7 06:56 5.6 0.0 0.0 0.4 4.5 03:10 261 15 14.2 19.4 16:41 10.9 05:51 4.1 0.0 0.0 0.8 6.7 13:21 262 16 12.0 17.2 14:09 7.1 07:46 6.3 0.0 0.0 0.8 6.3 14:47 263 17 13.5 16.7 11:52 8.8 04:26 4.8 0.0 0.6 0.5 4.9 14:59 81 18 15.1 16.4 14:21 14.2 06:06 3.2 0.0 1.8 0.4 4.0 04:20 113 19 13.7 16.4 11:34 11.2 05:28 4.6 0.0 0.2 0.9 8.0 13:51 258 20 13.2 16.9 13:36 11.1 08:04 5.1 0.0 0.0 0.5 6.3 11:31 92 21 12.7 18.1 14:07 9.7 03:36 5.6 0.0 0.0 1.2 7.6 11:27 283 22 12.0 16.4 15:30 7.9 06:21 6.3 0.0 0.0 1.1 7.2 13:12 262 23 13.4 16.2 14:31 10.7 23:20 4.9 0.0 0.0 1.9 8.5 15:19 262 24 12.2 14.7 13:37 9.8 23:57 6.1 0.0 0.0 1.0 6.7 18:44 288 25 9.4 13.8 13:30 6.4 23:55 9.0 0.0 0.0 2.3 13.0 14:41 348 26 8.3 13.8 12:46 5.5 08:33 10.1 0.0 0.0 1.7 11.6 00:50 326 27 7.6 11.1 23:37 3.8 08:27 10.7 0.0 0.0 2.2 11.6 22:41 300 28 11.2 14.1 14:31 8.5 09:05 7.2 0.0 0.0 5.4 18.3 16:57 308 29 10.4 14.1 14:09 6.1 23:59 7.9 0.0 0.0 2.5 13.0 03:00 290 30 9.1 14.1 13:54 5.9 00:11 9.2 0.0 0.0 3.3 14.8 09:54 338 31 9.9 14.2 14:27 6.3 06:52 8.4 0.0 0.0 2.3 10.7 12:56 292 --------------------------------------------------------------------------------------- 11.3 19.4 15 3.8 27 216.7 0.0 4.8 1.5 18.3 28 305