NOAA-Style Climate Reports

NOAA style reports
2022: Jan | Feb | Mar | Apr | May | Jun | Jul | Aug | Sep | Oct | Nov | Dec 
2021: Jan | Feb | Mar | Apr | May | Jun | Jul | Aug | Sep | Oct | Nov | Dec 
2020: Jan | Feb | Mar | Apr | May | Jun | Jul | Aug | Sep | Oct | Nov | Dec 
2019: Jan | Feb | Mar | Apr | May | Jun | Jul | Aug | Sep | Oct | Nov | Dec 
2018: Jan | Feb | Mar | Apr | May | Jun | Jul | Aug | Sep | Oct | Nov | Dec 
2017: Jan | Feb | Mar | Apr | May | Jun | Jul | Aug | Sep | Oct | Nov | Dec 
2016: Jan | Feb | Mar | Apr | May | Jun | Jul | Aug | Sep | Oct | Nov | Dec 
2015: Jan | Feb | Mar | Apr | May | Jun | Jul | Aug | Sep | Oct | Nov | Dec 
2014: Jan | Feb | Mar | Apr | May | Jun | Jul | Aug | Sep | Oct | Nov | Dec 
2013: Jan | Feb | Mar | Apr | May | Jun | Jul | Aug | Sep | Oct | Nov | Dec 
2012: Jan | Feb | Mar | Apr | May | Jun | Jul | Aug | Sep | Oct | Nov | Dec 
2011: Jan | Feb | Mar | Apr | May | Jun | Jul | Aug | Sep | Oct | Nov | Dec 
2010: Jan | Feb | Mar | Apr | May | Jun | Jul | Aug | Sep | Oct | Nov | Dec 
2009: Jan | Feb | Mar | Apr | May | Jun | Jul | Aug | Sep | Oct | Nov | Dec 
2008: Jan | Feb | Mar | Apr | May | Jun | Jul | Aug | Sep | Oct | Nov | Dec 
2007: Jan | Feb | Mar | Apr | May | Jun | Jul | Aug | Sep | Oct | Nov | Dec 
2006: Jan | Feb | Mar | Apr | May | Jun | Jul | Aug | Sep | Oct | Nov | Dec 
2005: Jan | Feb | Mar | Apr | May | Jun | Jul | Aug | Sep | Oct | Nov | Dec 

Report for 2020 10
MONTHLY CLIMATOLOGICAL SUMMARY for Oct 2020 NAME: Cabrera de Mar, Barcelona ELEV: 9 meters LAT: 41-30.33 N LONG: 002-24.07 E TEMPERATURE (C), RAIN (mm), WIND SPEED (m/s) HEAT COOL AVG MEAN DEG DEG WIND DOM DAY TEMP HIGH TIME LOW TIME DAYS DAYS RAIN SPEED HIGH TIME DIR --------------------------------------------------------------------------------------- 01 21.0 25.4 15:38 18.2 05:26 0.0 2.7 0.0 1.8 8.0 16:33 232 02 17.6 21.6 14:14 12.2 23:58 0.7 0.0 1.4 1.8 16.1 14:37 281 03 15.8 20.2 14:32 11.1 03:35 2.5 0.0 0.0 3.7 15.6 17:27 292 04 18.0 23.6 15:46 12.6 07:53 0.3 0.0 0.0 2.6 13.0 16:31 285 05 16.7 21.4 12:20 12.5 06:38 1.7 0.0 0.0 1.4 8.0 10:32 44 06 18.7 24.2 16:25 13.6 03:06 0.0 0.4 0.0 2.1 9.4 16:48 273 07 19.8 22.9 11:26 16.7 07:11 0.0 1.4 0.0 0.7 4.9 10:15 185 08 20.5 23.1 17:07 18.4 23:57 0.0 2.2 0.0 1.6 7.6 18:42 256 09 21.0 23.8 16:00 17.7 01:39 0.0 2.7 0.0 0.8 5.8 16:10 199 10 18.4 20.2 10:41 13.6 23:38 0.0 0.1 17.6 0.8 9.8 21:02 107 11 15.7 19.1 14:54 11.8 08:35 2.7 0.0 2.4 0.8 5.4 08:04 194 12 16.8 21.9 14:04 11.6 06:26 1.5 0.0 0.0 2.2 9.8 10:14 349 13 16.8 20.3 11:48 13.3 08:35 1.5 0.0 3.8 1.2 8.0 13:00 122 14 13.5 17.3 13:35 8.7 19:39 4.8 0.0 21.6 1.3 13.9 19:30 74 15 12.6 18.4 15:25 7.7 08:27 5.7 0.0 0.2 1.0 8.9 18:16 355 16 13.8 18.4 16:51 9.4 08:27 4.5 0.0 0.0 0.8 5.8 16:17 260 17 13.8 18.9 15:14 8.7 07:37 4.5 0.0 0.0 0.8 4.9 13:55 247 18 14.7 19.4 16:36 9.9 06:56 3.6 0.0 0.0 0.4 3.1 12:41 74 19 16.8 21.3 14:42 11.7 07:54 1.6 0.0 0.0 1.2 7.6 16:28 254 20 18.7 21.9 14:06 14.8 06:40 0.0 0.3 0.0 0.9 6.3 12:48 138 21 21.0 23.8 13:55 18.1 23:09 0.0 2.6 0.0 0.6 5.4 12:15 92 22 20.0 22.8 12:57 18.2 23:24 0.0 1.7 0.4 0.5 5.8 15:48 77 23 20.3 25.9 15:15 16.4 23:59 0.0 1.9 0.2 1.7 9.8 15:47 287 24 17.5 23.1 14:04 12.6 08:30 0.9 0.0 0.0 1.8 9.8 17:39 262 25 18.6 23.2 14:03 15.2 23:49 0.0 0.2 0.0 3.4 14.3 05:07 285 26 15.8 18.5 11:19 10.7 23:59 2.6 0.0 2.0 1.8 15.2 02:44 334 27 14.0 18.6 13:46 9.5 04:29 4.3 0.0 0.2 1.1 7.2 07:41 312 28 16.1 20.3 12:59 11.4 07:22 2.2 0.0 0.0 0.9 6.3 14:28 287 29 16.8 21.2 13:31 13.4 02:56 1.6 0.0 0.0 0.9 6.7 13:00 243 30 16.3 21.1 14:59 11.8 07:15 2.0 0.0 0.0 0.6 4.9 15:32 231 31 16.6 21.4 14:17 10.9 07:30 1.7 0.0 0.2 1.6 9.8 15:13 255 --------------------------------------------------------------------------------------- 17.2 25.9 23 7.7 15 50.9 16.3 50.0 1.4 16.1 02 277