NOAA-Style Climate Reports

NOAA style reports
2022: Jan | Feb | Mar | Apr | May | Jun | Jul | Aug | Sep | Oct | Nov | Dec 
2021: Jan | Feb | Mar | Apr | May | Jun | Jul | Aug | Sep | Oct | Nov | Dec 
2020: Jan | Feb | Mar | Apr | May | Jun | Jul | Aug | Sep | Oct | Nov | Dec 
2019: Jan | Feb | Mar | Apr | May | Jun | Jul | Aug | Sep | Oct | Nov | Dec 
2018: Jan | Feb | Mar | Apr | May | Jun | Jul | Aug | Sep | Oct | Nov | Dec 
2017: Jan | Feb | Mar | Apr | May | Jun | Jul | Aug | Sep | Oct | Nov | Dec 
2016: Jan | Feb | Mar | Apr | May | Jun | Jul | Aug | Sep | Oct | Nov | Dec 
2015: Jan | Feb | Mar | Apr | May | Jun | Jul | Aug | Sep | Oct | Nov | Dec 
2014: Jan | Feb | Mar | Apr | May | Jun | Jul | Aug | Sep | Oct | Nov | Dec 
2013: Jan | Feb | Mar | Apr | May | Jun | Jul | Aug | Sep | Oct | Nov | Dec 
2012: Jan | Feb | Mar | Apr | May | Jun | Jul | Aug | Sep | Oct | Nov | Dec 
2011: Jan | Feb | Mar | Apr | May | Jun | Jul | Aug | Sep | Oct | Nov | Dec 
2010: Jan | Feb | Mar | Apr | May | Jun | Jul | Aug | Sep | Oct | Nov | Dec 
2009: Jan | Feb | Mar | Apr | May | Jun | Jul | Aug | Sep | Oct | Nov | Dec 
2008: Jan | Feb | Mar | Apr | May | Jun | Jul | Aug | Sep | Oct | Nov | Dec 
2007: Jan | Feb | Mar | Apr | May | Jun | Jul | Aug | Sep | Oct | Nov | Dec 
2006: Jan | Feb | Mar | Apr | May | Jun | Jul | Aug | Sep | Oct | Nov | Dec 
2005: Jan | Feb | Mar | Apr | May | Jun | Jul | Aug | Sep | Oct | Nov | Dec 

Report for 2020 07
MONTHLY CLIMATOLOGICAL SUMMARY for Jul 2020 NAME: Cabrera de Mar, Barcelona ELEV: 9 meters LAT: 41-30.33 N LONG: 002-24.07 E TEMPERATURE (C), RAIN (mm), WIND SPEED (m/s) HEAT COOL AVG MEAN DEG DEG WIND DOM DAY TEMP HIGH TIME LOW TIME DAYS DAYS RAIN SPEED HIGH TIME DIR --------------------------------------------------------------------------------------- 01 25.4 28.8 17:13 21.6 06:37 0.0 7.1 0.0 1.0 4.9 22:53 145 02 25.8 29.3 14:32 23.1 04:57 0.0 7.5 0.0 2.0 12.1 23:11 208 03 23.1 25.2 14:28 20.7 08:05 0.0 4.8 3.6 2.2 8.5 17:38 216 04 24.1 26.2 15:34 22.2 07:38 0.0 5.8 0.0 2.3 8.0 14:55 211 05 24.7 28.9 16:51 19.7 05:39 0.0 6.4 0.0 2.1 9.4 16:20 244 06 25.3 28.9 12:57 21.2 06:53 0.0 7.0 0.0 1.3 5.4 07:44 134 07 25.0 27.1 13:56 23.6 05:26 0.0 6.7 0.0 1.5 6.3 06:47 202 08 24.9 28.4 13:04 20.7 06:34 0.0 6.6 0.0 1.3 5.8 22:12 186 09 25.5 28.8 15:37 22.1 06:20 0.0 7.2 0.0 1.2 6.3 13:08 200 10 25.9 32.1 18:06 22.9 05:26 0.0 7.5 0.0 1.3 9.4 14:35 108 11 25.1 28.4 14:13 20.8 06:43 0.0 6.8 0.0 1.4 5.8 17:07 221 12 25.0 27.6 11:58 22.0 06:40 0.0 6.7 0.0 1.3 6.7 16:39 170 13 25.5 28.7 13:17 24.1 06:26 0.0 7.2 0.6 1.1 6.3 23:21 248 14 25.7 28.4 15:27 23.3 01:58 0.0 7.4 0.0 1.8 8.0 16:48 211 15 24.9 28.8 12:50 22.3 03:27 0.0 6.6 0.0 1.7 7.2 11:10 183 16 23.4 26.1 15:49 21.2 08:08 0.0 5.1 0.6 1.6 8.0 14:32 199 17 24.8 27.8 16:10 22.5 07:43 0.0 6.4 0.0 2.2 10.3 15:20 213 18 24.8 27.7 12:54 23.1 06:00 0.0 6.5 0.2 1.5 6.3 12:19 163 19 25.7 28.9 14:03 22.3 07:13 0.0 7.4 0.0 2.5 10.7 16:33 250 20 25.6 29.2 12:39 22.3 06:23 0.0 7.3 0.0 2.1 8.0 11:26 244 21 25.1 28.2 14:56 21.3 06:01 0.0 6.7 0.0 0.9 4.5 16:45 194 22 24.6 27.7 16:36 21.1 07:26 0.0 6.3 0.0 1.1 5.4 19:34 199 23 26.5 30.2 13:44 23.2 05:39 0.0 8.2 0.0 0.9 3.1 15:38 169 24 26.6 29.1 13:16 24.4 02:02 0.0 8.3 0.4 1.2 5.8 16:50 171 25 26.6 29.6 11:09 22.4 06:34 0.0 8.2 0.0 2.1 8.0 17:50 233 26 26.2 29.6 12:45 23.1 07:15 0.0 7.8 0.0 1.2 5.4 12:13 127 27 26.4 29.9 12:25 22.2 07:21 0.0 8.1 0.0 2.1 7.6 12:06 240 28 26.6 29.8 14:32 23.6 03:34 0.0 8.2 0.0 1.4 6.3 12:23 102 29 26.4 30.2 15:12 22.5 07:04 0.0 8.1 0.0 0.9 4.5 15:14 141 30 26.1 30.1 15:52 21.8 06:58 0.0 7.8 0.0 0.8 4.0 13:30 135 31 26.9 30.1 11:47 23.4 07:00 0.0 8.6 0.0 1.2 4.9 12:34 121 --------------------------------------------------------------------------------------- 25.4 32.1 10 19.7 05 0.0 220.1 5.4 1.5 12.1 02 202