NOAA-Style Climate Reports

NOAA style reports
2022: Jan | Feb | Mar | Apr | May | Jun | Jul | Aug | Sep | Oct | Nov | Dec 
2021: Jan | Feb | Mar | Apr | May | Jun | Jul | Aug | Sep | Oct | Nov | Dec 
2020: Jan | Feb | Mar | Apr | May | Jun | Jul | Aug | Sep | Oct | Nov | Dec 
2019: Jan | Feb | Mar | Apr | May | Jun | Jul | Aug | Sep | Oct | Nov | Dec 
2018: Jan | Feb | Mar | Apr | May | Jun | Jul | Aug | Sep | Oct | Nov | Dec 
2017: Jan | Feb | Mar | Apr | May | Jun | Jul | Aug | Sep | Oct | Nov | Dec 
2016: Jan | Feb | Mar | Apr | May | Jun | Jul | Aug | Sep | Oct | Nov | Dec 
2015: Jan | Feb | Mar | Apr | May | Jun | Jul | Aug | Sep | Oct | Nov | Dec 
2014: Jan | Feb | Mar | Apr | May | Jun | Jul | Aug | Sep | Oct | Nov | Dec 
2013: Jan | Feb | Mar | Apr | May | Jun | Jul | Aug | Sep | Oct | Nov | Dec 
2012: Jan | Feb | Mar | Apr | May | Jun | Jul | Aug | Sep | Oct | Nov | Dec 
2011: Jan | Feb | Mar | Apr | May | Jun | Jul | Aug | Sep | Oct | Nov | Dec 
2010: Jan | Feb | Mar | Apr | May | Jun | Jul | Aug | Sep | Oct | Nov | Dec 
2009: Jan | Feb | Mar | Apr | May | Jun | Jul | Aug | Sep | Oct | Nov | Dec 
2008: Jan | Feb | Mar | Apr | May | Jun | Jul | Aug | Sep | Oct | Nov | Dec 
2007: Jan | Feb | Mar | Apr | May | Jun | Jul | Aug | Sep | Oct | Nov | Dec 
2006: Jan | Feb | Mar | Apr | May | Jun | Jul | Aug | Sep | Oct | Nov | Dec 
2005: Jan | Feb | Mar | Apr | May | Jun | Jul | Aug | Sep | Oct | Nov | Dec 

Report for 2020 01
MONTHLY CLIMATOLOGICAL SUMMARY for Jan 2020 NAME: Cabrera de Mar, Barcelona ELEV: 9 meters LAT: 41-33.89 N LONG: 002-24.07 E TEMPERATURE (C), RAIN (cm), WIND SPEED (km/h) HEAT COOL AVG MEAN DEG DEG WIND DOM DAY TEMP HIGH TIME LOW TIME DAYS DAYS RAIN SPEED HIGH TIME DIR --------------------------------------------------------------------------------------- 01 8.8 12.9 12:20 4.9 06:10 9.5 0.0 0.00 0.6 14.5 13:50 349 02 9.9 14.7 15:50 5.3 08:30 8.5 0.0 0.00 3.6 27.4 14:10 62 03 10.7 14.3 14:30 7.4 09:10 7.6 0.0 0.00 2.2 22.5 05:00 64 04 10.2 16.7 15:50 5.9 05:20 8.1 0.0 0.00 1.3 22.5 06:10 39 05 9.8 15.4 13:40 5.1 08:00 8.5 0.0 0.00 1.0 27.4 15:20 211 06 10.5 15.3 14:10 6.0 07:00 7.8 0.0 0.00 1.0 16.1 01:00 163 07 10.4 15.7 13:50 6.6 08:10 7.9 0.0 0.00 1.6 22.5 14:10 13 08 14.5 16.1 14:00 9.0 08:50 3.8 0.0 0.00 1.6 14.5 13:00 347 09 13.6 14.9 13:50 8.2 09:20 4.8 0.0 0.00 9.3 27.4 16:50 15 10 N/A N/A N/A N/A N/A 0.0 0.0 0.00 N/A 0.0 00:10 90 11 9.9 13.3 17:10 5.2 08:50 8.4 0.0 0.00 0.3 9.7 09:10 332 12 7.8 13.3 17:20 2.9 08:00 10.5 0.0 0.00 0.4 11.3 14:20 338 13 8.3 13.2 14:40 3.1 08:20 10.0 0.0 0.00 2.7 20.9 14:10 37 14 10.2 16.1 13:40 3.9 08:00 8.2 0.0 0.00 4.4 27.4 15:10 23 15 10.9 15.0 12:50 8.2 08:30 7.5 0.0 0.00 3.5 29.0 16:20 24 16 10.7 15.2 14:50 5.9 07:10 7.6 0.0 0.00 2.3 19.3 14:20 15 17 13.6 19.1 14:30 9.8 00:00 4.7 0.0 0.00 6.8 48.3 15:50 64 18 11.6 14.3 12:30 9.5 00:30 6.7 0.0 0.00 1.2 19.3 01:20 352 19 10.8 12.0 15:00 8.9 08:40 7.5 0.0 0.02 20.7 83.7 21:50 144 20 9.0 10.4 02:50 6.8 18:10 9.3 0.0 1.34 32.2 86.9 06:10 136 21 10.6 12.5 23:10 7.8 00:10 7.7 0.0 7.92 31.4 86.9 10:10 152 22 13.0 14.5 12:20 9.7 05:10 5.3 0.0 1.74 6.7 41.8 12:00 149 23 12.9 14.8 13:20 8.8 00:00 5.5 0.0 1.16 3.3 53.1 04:10 187 24 10.5 15.1 14:30 6.3 07:50 7.8 0.0 0.02 0.0 0.0 00:10 90 25 11.6 15.2 14:10 8.3 08:00 6.7 0.0 0.00 0.0 0.0 00:10 90 26 11.8 15.7 14:00 8.9 08:50 6.6 0.0 0.30 0.0 0.0 00:10 90 27 11.3 15.3 14:00 7.1 08:10 7.1 0.0 0.00 0.0 0.0 00:10 90 28 13.5 17.9 14:50 9.9 00:00 4.8 0.0 0.00 3.6 43.5 09:50 45 29 11.7 15.7 15:10 8.2 05:10 6.6 0.0 0.00 0.7 14.5 16:40 164 30 12.7 20.7 15:30 8.7 06:50 5.6 0.0 0.02 1.4 19.3 09:50 65 31 13.3 18.5 15:00 9.5 06:10 5.0 0.0 0.02 1.3 17.7 13:50 337 --------------------------------------------------------------------------------------- 11.0 20.7 30 2.9 12 215.8 0.0 12.54 4.9 86.9 20 125