NOAA-Style Climate Reports

NOAA style reports
2022: Jan | Feb | Mar | Apr | May | Jun | Jul | Aug | Sep | Oct | Nov | Dec 
2021: Jan | Feb | Mar | Apr | May | Jun | Jul | Aug | Sep | Oct | Nov | Dec 
2020: Jan | Feb | Mar | Apr | May | Jun | Jul | Aug | Sep | Oct | Nov | Dec 
2019: Jan | Feb | Mar | Apr | May | Jun | Jul | Aug | Sep | Oct | Nov | Dec 
2018: Jan | Feb | Mar | Apr | May | Jun | Jul | Aug | Sep | Oct | Nov | Dec 
2017: Jan | Feb | Mar | Apr | May | Jun | Jul | Aug | Sep | Oct | Nov | Dec 
2016: Jan | Feb | Mar | Apr | May | Jun | Jul | Aug | Sep | Oct | Nov | Dec 
2015: Jan | Feb | Mar | Apr | May | Jun | Jul | Aug | Sep | Oct | Nov | Dec 
2014: Jan | Feb | Mar | Apr | May | Jun | Jul | Aug | Sep | Oct | Nov | Dec 
2013: Jan | Feb | Mar | Apr | May | Jun | Jul | Aug | Sep | Oct | Nov | Dec 
2012: Jan | Feb | Mar | Apr | May | Jun | Jul | Aug | Sep | Oct | Nov | Dec 
2011: Jan | Feb | Mar | Apr | May | Jun | Jul | Aug | Sep | Oct | Nov | Dec 
2010: Jan | Feb | Mar | Apr | May | Jun | Jul | Aug | Sep | Oct | Nov | Dec 
2009: Jan | Feb | Mar | Apr | May | Jun | Jul | Aug | Sep | Oct | Nov | Dec 
2008: Jan | Feb | Mar | Apr | May | Jun | Jul | Aug | Sep | Oct | Nov | Dec 
2007: Jan | Feb | Mar | Apr | May | Jun | Jul | Aug | Sep | Oct | Nov | Dec 
2006: Jan | Feb | Mar | Apr | May | Jun | Jul | Aug | Sep | Oct | Nov | Dec 
2005: Jan | Feb | Mar | Apr | May | Jun | Jul | Aug | Sep | Oct | Nov | Dec 

Report for 2019 11
MONTHLY CLIMATOLOGICAL SUMMARY for Nov 2019 NAME: Cabrera de Mar, Barcelona ELEV: 9 meters LAT: 41-33.89 N LONG: 002-24.07 E TEMPERATURE (C), RAIN (cm), WIND SPEED (km/h) HEAT COOL AVG MEAN DEG DEG WIND DOM DAY TEMP HIGH TIME LOW TIME DAYS DAYS RAIN SPEED HIGH TIME DIR --------------------------------------------------------------------------------------- 01 17.4 20.7 11:50 13.7 06:50 0.9 0.0 0.00 0.0 11.3 09:00 326 02 19.5 25.3 15:50 16.1 05:30 0.0 1.2 0.12 5.4 29.0 13:20 350 03 18.9 22.0 14:20 16.4 23:50 0.0 0.6 0.06 12.2 53.1 03:20 69 04 19.1 24.7 14:20 14.7 05:00 0.0 0.8 0.00 9.1 45.1 14:40 44 05 16.8 19.8 14:30 12.8 07:50 1.6 0.0 0.00 8.5 46.7 17:30 58 06 14.8 19.9 14:30 11.3 07:40 3.5 0.0 0.00 4.9 45.1 04:40 55 07 14.5 18.8 11:30 10.7 23:50 3.8 0.0 0.00 2.7 27.4 17:20 58 08 12.1 16.3 14:10 8.7 06:50 6.2 0.0 0.00 7.4 40.2 11:50 85 09 12.7 16.6 13:30 7.9 04:40 5.6 0.0 0.00 5.4 40.2 07:40 72 10 11.6 14.7 14:30 8.5 00:00 6.7 0.0 0.70 2.6 30.6 04:40 133 11 11.7 17.7 15:50 6.7 05:50 6.6 0.0 0.00 2.4 30.6 18:10 86 12 12.1 16.7 16:50 8.5 03:50 6.2 0.0 0.00 1.1 19.3 05:50 170 13 12.3 15.9 14:20 9.4 03:40 6.0 0.0 0.00 1.8 22.5 17:40 34 14 10.9 13.8 13:50 6.3 22:40 7.4 0.0 0.36 3.5 53.1 12:10 91 15 9.0 13.6 13:30 6.0 03:30 9.3 0.0 0.02 2.6 27.4 14:10 71 16 9.9 15.1 15:10 6.7 01:30 8.4 0.0 0.00 3.0 30.6 16:10 65 17 10.4 14.9 15:00 6.9 07:40 7.9 0.0 0.00 3.0 29.0 01:40 63 18 11.7 15.0 13:40 8.5 04:50 6.6 0.0 0.00 4.4 38.6 11:50 164 19 9.8 14.4 13:10 5.8 08:20 8.5 0.0 0.00 1.3 25.7 08:40 33 20 10.1 15.2 13:50 4.5 06:10 8.2 0.0 0.00 2.7 19.3 14:30 4 21 12.3 15.7 14:40 8.3 05:20 6.1 0.0 0.00 3.2 27.4 15:00 20 22 13.8 16.4 14:30 9.1 05:30 4.6 0.0 1.08 4.9 48.3 22:20 348 23 14.1 17.9 13:20 11.1 06:40 4.2 0.0 0.58 11.9 51.5 14:50 70 24 13.4 16.9 12:50 10.2 06:30 5.0 0.0 0.00 2.1 51.5 00:10 112 25 12.5 16.7 14:10 8.7 08:20 5.8 0.0 0.00 1.0 19.3 04:20 40 26 13.8 19.1 12:50 8.9 08:20 4.6 0.0 0.00 4.1 32.2 14:40 27 27 16.2 19.9 11:50 13.4 03:40 2.2 0.0 0.00 6.0 41.8 08:00 53 28 16.3 20.5 13:50 11.6 08:00 2.0 0.0 0.00 4.7 32.2 14:00 46 29 15.3 17.6 11:50 12.3 23:10 3.0 0.0 0.00 1.8 20.9 00:50 187 30 14.1 17.9 13:30 10.6 08:30 4.3 0.0 0.00 3.1 24.1 14:20 15 --------------------------------------------------------------------------------------- 13.6 25.3 02 4.5 20 145.2 2.5 2.92 4.2 53.1 03 56