NOAA-Style Climate Reports

NOAA style reports
2022: Jan | Feb | Mar | Apr | May | Jun | Jul | Aug | Sep | Oct | Nov | Dec 
2021: Jan | Feb | Mar | Apr | May | Jun | Jul | Aug | Sep | Oct | Nov | Dec 
2020: Jan | Feb | Mar | Apr | May | Jun | Jul | Aug | Sep | Oct | Nov | Dec 
2019: Jan | Feb | Mar | Apr | May | Jun | Jul | Aug | Sep | Oct | Nov | Dec 
2018: Jan | Feb | Mar | Apr | May | Jun | Jul | Aug | Sep | Oct | Nov | Dec 
2017: Jan | Feb | Mar | Apr | May | Jun | Jul | Aug | Sep | Oct | Nov | Dec 
2016: Jan | Feb | Mar | Apr | May | Jun | Jul | Aug | Sep | Oct | Nov | Dec 
2015: Jan | Feb | Mar | Apr | May | Jun | Jul | Aug | Sep | Oct | Nov | Dec 
2014: Jan | Feb | Mar | Apr | May | Jun | Jul | Aug | Sep | Oct | Nov | Dec 
2013: Jan | Feb | Mar | Apr | May | Jun | Jul | Aug | Sep | Oct | Nov | Dec 
2012: Jan | Feb | Mar | Apr | May | Jun | Jul | Aug | Sep | Oct | Nov | Dec 
2011: Jan | Feb | Mar | Apr | May | Jun | Jul | Aug | Sep | Oct | Nov | Dec 
2010: Jan | Feb | Mar | Apr | May | Jun | Jul | Aug | Sep | Oct | Nov | Dec 
2009: Jan | Feb | Mar | Apr | May | Jun | Jul | Aug | Sep | Oct | Nov | Dec 
2008: Jan | Feb | Mar | Apr | May | Jun | Jul | Aug | Sep | Oct | Nov | Dec 
2007: Jan | Feb | Mar | Apr | May | Jun | Jul | Aug | Sep | Oct | Nov | Dec 
2006: Jan | Feb | Mar | Apr | May | Jun | Jul | Aug | Sep | Oct | Nov | Dec 
2005: Jan | Feb | Mar | Apr | May | Jun | Jul | Aug | Sep | Oct | Nov | Dec 

Report for 2019 09
MONTHLY CLIMATOLOGICAL SUMMARY for Sep 2019 NAME: Cabrera de Mar, Barcelona ELEV: 9 meters LAT: 41-33.89 N LONG: 002-24.07 E TEMPERATURE (C), RAIN (cm), WIND SPEED (km/h) HEAT COOL AVG MEAN DEG DEG WIND DOM DAY TEMP HIGH TIME LOW TIME DAYS DAYS RAIN SPEED HIGH TIME DIR --------------------------------------------------------------------------------------- 01 25.4 28.2 13:50 22.0 07:00 0.0 7.1 0.00 2.6 17.7 00:40 284 02 24.1 26.3 16:40 22.6 07:30 0.0 5.8 0.40 4.2 33.8 12:20 243 03 23.9 26.8 13:00 19.8 08:20 0.0 5.6 0.00 2.8 19.3 15:10 265 04 24.1 27.6 16:20 19.4 06:40 0.0 5.8 0.00 3.0 19.3 17:40 295 05 23.5 26.7 15:30 21.0 06:50 0.0 5.1 0.00 3.2 35.4 18:50 303 06 22.2 25.7 16:50 19.3 07:10 0.0 3.9 0.00 3.4 25.7 17:30 298 07 22.6 25.7 16:30 19.3 05:20 0.0 4.3 0.00 6.0 29.0 01:10 322 08 21.6 24.7 11:10 17.9 08:00 0.0 3.2 0.04 4.3 27.4 18:40 228 09 22.4 25.2 13:20 19.8 07:50 0.0 4.0 0.00 2.9 22.5 12:00 193 10 17.8 22.9 00:40 15.5 22:00 0.6 0.0 2.38 7.7 62.8 23:30 147 11 21.6 27.1 17:30 17.1 01:50 0.0 3.2 0.50 23.4 69.2 00:40 133 12 23.6 27.7 16:00 19.2 08:00 0.0 5.3 0.00 5.5 37.0 19:20 160 13 22.5 26.7 15:30 18.2 04:50 0.0 4.2 0.00 5.3 38.6 13:20 162 14 24.4 27.8 13:50 20.8 01:40 0.0 6.0 0.06 7.7 33.8 11:00 158 15 24.0 28.2 12:40 20.2 06:50 0.0 5.7 0.00 5.0 27.4 10:50 163 16 23.1 26.3 15:40 20.2 07:50 0.0 4.8 0.00 1.9 17.7 12:50 190 17 22.5 25.5 14:40 18.3 07:50 0.0 4.2 0.00 1.9 14.5 13:40 295 18 22.9 26.8 13:00 19.1 06:30 0.0 4.6 0.00 2.8 24.1 23:40 200 19 22.7 26.3 14:40 19.9 08:00 0.0 4.4 0.00 2.0 16.1 12:10 226 20 22.2 26.1 14:40 18.2 07:40 0.0 3.8 0.00 0.5 24.1 18:40 178 21 21.7 23.7 10:30 19.3 23:40 0.0 3.3 1.22 4.4 33.8 12:50 151 22 22.3 26.6 15:10 18.2 06:40 0.0 4.0 0.00 1.1 29.0 22:10 145 23 21.7 24.9 14:20 17.9 08:00 0.0 3.4 0.00 3.8 33.8 17:30 329 24 23.3 27.9 16:30 19.3 06:20 0.0 4.9 0.00 8.6 38.6 17:40 345 25 21.4 23.8 14:30 19.3 04:50 0.0 3.0 0.00 1.9 19.3 13:00 268 26 22.1 25.9 17:40 18.5 07:20 0.0 3.8 0.00 3.7 25.7 18:00 298 27 22.8 26.8 16:10 19.2 05:50 0.0 4.5 0.00 3.2 24.1 17:20 321 28 22.7 25.4 15:20 20.8 23:30 0.0 4.4 0.00 2.0 17.7 12:40 231 29 23.0 26.9 14:40 19.3 07:10 0.0 4.7 0.00 7.8 38.6 13:00 356 30 22.4 25.9 14:20 19.2 07:20 0.0 4.1 0.00 4.4 25.7 14:50 351 --------------------------------------------------------------------------------------- 22.7 28.2 01 15.5 10 0.6 131.2 4.60 4.6 69.2 11 184