NOAA-Style Climate Reports

NOAA style reports
2022: Jan | Feb | Mar | Apr | May | Jun | Jul | Aug | Sep | Oct | Nov | Dec 
2021: Jan | Feb | Mar | Apr | May | Jun | Jul | Aug | Sep | Oct | Nov | Dec 
2020: Jan | Feb | Mar | Apr | May | Jun | Jul | Aug | Sep | Oct | Nov | Dec 
2019: Jan | Feb | Mar | Apr | May | Jun | Jul | Aug | Sep | Oct | Nov | Dec 
2018: Jan | Feb | Mar | Apr | May | Jun | Jul | Aug | Sep | Oct | Nov | Dec 
2017: Jan | Feb | Mar | Apr | May | Jun | Jul | Aug | Sep | Oct | Nov | Dec 
2016: Jan | Feb | Mar | Apr | May | Jun | Jul | Aug | Sep | Oct | Nov | Dec 
2015: Jan | Feb | Mar | Apr | May | Jun | Jul | Aug | Sep | Oct | Nov | Dec 
2014: Jan | Feb | Mar | Apr | May | Jun | Jul | Aug | Sep | Oct | Nov | Dec 
2013: Jan | Feb | Mar | Apr | May | Jun | Jul | Aug | Sep | Oct | Nov | Dec 
2012: Jan | Feb | Mar | Apr | May | Jun | Jul | Aug | Sep | Oct | Nov | Dec 
2011: Jan | Feb | Mar | Apr | May | Jun | Jul | Aug | Sep | Oct | Nov | Dec 
2010: Jan | Feb | Mar | Apr | May | Jun | Jul | Aug | Sep | Oct | Nov | Dec 
2009: Jan | Feb | Mar | Apr | May | Jun | Jul | Aug | Sep | Oct | Nov | Dec 
2008: Jan | Feb | Mar | Apr | May | Jun | Jul | Aug | Sep | Oct | Nov | Dec 
2007: Jan | Feb | Mar | Apr | May | Jun | Jul | Aug | Sep | Oct | Nov | Dec 
2006: Jan | Feb | Mar | Apr | May | Jun | Jul | Aug | Sep | Oct | Nov | Dec 
2005: Jan | Feb | Mar | Apr | May | Jun | Jul | Aug | Sep | Oct | Nov | Dec 

Report for 2019 08
MONTHLY CLIMATOLOGICAL SUMMARY for Aug 2019 NAME: Cabrera de Mar, Barcelona ELEV: 9 meters LAT: 41-33.89 N LONG: 002-24.07 E TEMPERATURE (C), RAIN (cm), WIND SPEED (km/h) HEAT COOL AVG MEAN DEG DEG WIND DOM DAY TEMP HIGH TIME LOW TIME DAYS DAYS RAIN SPEED HIGH TIME DIR --------------------------------------------------------------------------------------- 01 25.6 30.2 14:40 21.3 07:20 0.0 7.2 0.00 3.6 32.2 16:20 210 02 25.9 29.9 15:50 21.3 07:20 0.0 7.6 0.00 4.7 27.4 15:40 333 03 26.5 29.8 12:40 22.9 07:10 0.0 8.2 0.00 3.4 29.0 17:20 343 04 26.6 29.6 17:50 23.2 07:30 0.0 8.2 0.00 1.4 20.9 11:20 360 05 26.6 30.8 14:30 21.6 05:50 0.0 8.3 0.00 0.0 3.2 00:40 90 06 26.4 29.7 13:20 23.4 00:50 0.0 8.1 0.00 0.2 8.0 06:10 346 07 26.1 28.2 11:30 24.5 07:00 0.0 7.8 0.00 3.2 19.3 02:00 249 08 27.4 30.3 13:10 24.4 07:10 0.0 9.0 0.00 5.2 27.4 14:20 352 09 27.2 30.9 15:00 23.2 05:40 0.0 8.9 0.00 5.4 25.7 11:40 358 10 27.3 29.9 13:50 24.6 05:00 0.0 8.9 0.00 3.7 19.3 15:50 260 11 26.5 29.2 12:30 23.3 08:00 0.0 8.2 0.00 3.4 30.6 21:50 312 12 25.0 27.4 15:20 21.3 07:40 0.0 6.6 0.52 3.5 24.1 14:50 324 13 23.8 27.3 17:10 20.6 07:40 0.0 5.5 0.00 7.3 37.0 17:50 344 14 23.7 26.3 17:50 20.1 07:00 0.0 5.4 0.00 3.0 22.5 15:40 253 15 24.9 28.9 14:50 21.6 06:10 0.0 6.5 0.02 4.5 32.2 18:40 264 16 25.1 28.3 18:10 22.9 10:30 0.0 6.8 0.06 4.4 30.6 19:40 2 17 26.2 29.4 14:20 22.9 01:20 0.0 7.8 0.00 7.4 32.2 13:30 3 18 26.3 30.2 14:30 22.4 07:00 0.0 8.0 0.00 4.7 25.7 14:40 351 19 25.8 28.8 14:50 23.8 07:30 0.0 7.5 0.00 7.5 32.2 18:50 222 20 25.6 28.2 17:20 23.4 07:40 0.0 7.3 0.00 5.8 38.6 10:20 212 21 24.1 27.3 14:50 20.1 07:40 0.0 5.8 0.00 3.0 22.5 16:20 297 22 25.7 28.9 14:10 22.6 07:00 0.0 7.4 0.00 4.6 25.7 11:30 335 23 24.6 27.8 12:20 20.6 05:20 0.0 6.3 0.00 2.7 19.3 02:30 261 24 25.3 28.2 15:10 21.9 07:20 0.0 7.0 0.00 2.7 17.7 12:50 319 25 25.9 28.9 12:50 21.6 07:20 0.0 7.5 0.00 3.4 19.3 10:10 336 26 25.1 28.9 16:00 20.5 06:30 0.0 6.7 0.00 2.8 19.3 16:10 323 27 24.2 26.1 18:30 22.9 13:20 0.0 5.9 0.88 2.0 22.5 10:40 140 28 24.9 28.3 10:50 21.2 07:50 0.0 6.6 0.02 2.5 19.3 09:40 298 29 25.9 29.5 13:30 21.7 06:50 0.0 7.6 0.00 3.4 19.3 13:40 322 30 26.7 30.1 14:30 22.9 07:20 0.0 8.4 0.00 1.6 14.5 01:30 322 31 26.1 28.9 14:20 23.3 07:50 0.0 7.8 0.00 2.4 24.1 15:50 228 --------------------------------------------------------------------------------------- 25.7 30.9 09 20.1 14 0.0 228.8 1.50 3.7 38.6 20 316