NOAA-Style Climate Reports

NOAA style reports
2022: Jan | Feb | Mar | Apr | May | Jun | Jul | Aug | Sep | Oct | Nov | Dec 
2021: Jan | Feb | Mar | Apr | May | Jun | Jul | Aug | Sep | Oct | Nov | Dec 
2020: Jan | Feb | Mar | Apr | May | Jun | Jul | Aug | Sep | Oct | Nov | Dec 
2019: Jan | Feb | Mar | Apr | May | Jun | Jul | Aug | Sep | Oct | Nov | Dec 
2018: Jan | Feb | Mar | Apr | May | Jun | Jul | Aug | Sep | Oct | Nov | Dec 
2017: Jan | Feb | Mar | Apr | May | Jun | Jul | Aug | Sep | Oct | Nov | Dec 
2016: Jan | Feb | Mar | Apr | May | Jun | Jul | Aug | Sep | Oct | Nov | Dec 
2015: Jan | Feb | Mar | Apr | May | Jun | Jul | Aug | Sep | Oct | Nov | Dec 
2014: Jan | Feb | Mar | Apr | May | Jun | Jul | Aug | Sep | Oct | Nov | Dec 
2013: Jan | Feb | Mar | Apr | May | Jun | Jul | Aug | Sep | Oct | Nov | Dec 
2012: Jan | Feb | Mar | Apr | May | Jun | Jul | Aug | Sep | Oct | Nov | Dec 
2011: Jan | Feb | Mar | Apr | May | Jun | Jul | Aug | Sep | Oct | Nov | Dec 
2010: Jan | Feb | Mar | Apr | May | Jun | Jul | Aug | Sep | Oct | Nov | Dec 
2009: Jan | Feb | Mar | Apr | May | Jun | Jul | Aug | Sep | Oct | Nov | Dec 
2008: Jan | Feb | Mar | Apr | May | Jun | Jul | Aug | Sep | Oct | Nov | Dec 
2007: Jan | Feb | Mar | Apr | May | Jun | Jul | Aug | Sep | Oct | Nov | Dec 
2006: Jan | Feb | Mar | Apr | May | Jun | Jul | Aug | Sep | Oct | Nov | Dec 
2005: Jan | Feb | Mar | Apr | May | Jun | Jul | Aug | Sep | Oct | Nov | Dec 

Report for 2019 04
MONTHLY CLIMATOLOGICAL SUMMARY for Apr 2019 NAME: Cabrera de Mar, Barcelona ELEV: 9 meters LAT: 41-33.89 N LONG: 002-24.07 E TEMPERATURE (C), RAIN (cm), WIND SPEED (km/h) HEAT COOL AVG MEAN DEG DEG WIND DOM DAY TEMP HIGH TIME LOW TIME DAYS DAYS RAIN SPEED HIGH TIME DIR --------------------------------------------------------------------------------------- 01 13.8 17.0 15:20 10.6 07:50 4.5 0.0 0.00 1.8 14.5 15:50 276 02 14.2 17.7 13:00 10.7 02:10 4.2 0.0 0.00 5.9 30.6 14:30 340 03 13.7 17.3 14:20 9.1 00:00 4.6 0.0 0.52 3.3 29.0 19:10 309 04 10.1 13.8 12:00 6.2 06:50 8.2 0.0 0.00 6.2 35.4 06:50 97 05 12.3 16.8 15:50 7.3 04:20 6.0 0.0 0.10 7.3 38.6 15:30 322 06 13.2 18.1 13:40 8.9 07:10 5.1 0.0 0.20 8.4 43.5 12:20 19 07 12.5 16.2 14:00 9.6 03:10 5.8 0.0 0.00 4.4 30.6 04:50 51 08 13.5 17.8 14:30 8.9 03:30 4.8 0.0 0.00 4.4 30.6 13:20 350 09 12.9 16.2 11:00 10.6 23:10 5.4 0.0 0.46 2.2 19.3 10:50 174 10 13.0 17.9 13:20 8.5 07:40 5.3 0.0 0.20 3.3 29.0 16:10 331 11 14.4 17.3 13:40 11.2 08:20 3.9 0.0 0.00 1.8 19.3 05:50 276 12 14.8 17.1 13:40 12.3 08:00 3.5 0.0 0.00 4.0 22.5 14:00 308 13 13.8 17.3 14:30 9.2 07:30 4.5 0.0 0.00 2.5 16.1 16:00 280 14 13.7 17.4 13:40 9.6 06:50 4.7 0.0 0.00 2.6 24.1 13:30 210 15 13.2 15.8 14:30 9.9 04:50 5.1 0.0 0.00 2.8 20.9 10:00 224 16 14.3 16.8 16:00 11.6 04:20 4.0 0.0 0.00 4.2 17.7 11:00 205 17 14.3 17.2 17:20 10.4 06:40 4.0 0.0 0.00 1.4 19.3 00:00 224 18 15.6 18.2 11:40 12.6 07:10 2.8 0.0 0.00 11.4 48.3 15:40 185 19 17.0 19.1 14:20 15.8 08:20 1.3 0.0 0.00 16.9 57.9 16:20 166 20 17.3 19.2 13:20 14.8 21:10 1.0 0.0 0.04 21.1 61.2 23:50 147 21 17.5 21.0 15:50 15.6 00:10 0.9 0.0 0.00 18.7 56.3 09:20 152 22 17.0 19.2 12:30 15.6 23:00 1.3 0.0 0.00 18.5 53.1 03:00 145 23 15.9 18.2 15:20 15.1 03:20 2.4 0.0 0.10 6.1 37.0 00:10 345 24 15.6 18.1 11:30 14.0 07:00 2.7 0.0 0.00 11.9 46.7 15:20 331 25 15.9 18.9 15:40 13.0 00:00 2.5 0.0 0.00 6.1 30.6 09:50 360 26 16.0 22.6 12:50 12.7 00:10 2.3 0.0 0.00 7.2 35.4 13:00 136 27 15.2 18.4 12:30 11.4 03:30 3.1 0.0 0.00 4.3 22.5 10:30 198 28 14.1 16.2 15:30 11.4 04:30 4.2 0.0 0.00 1.6 16.1 15:40 312 29 15.6 18.2 16:20 14.0 03:00 2.8 0.0 0.00 3.9 25.7 17:00 332 30 16.2 19.1 14:20 13.7 07:50 2.1 0.0 0.14 5.9 30.6 16:00 331 --------------------------------------------------------------------------------------- 14.6 22.6 26 6.2 04 113.1 0.0 1.76 6.7 61.2 20 165