NOAA-Style Climate Reports

NOAA style reports
2022: Jan | Feb | Mar | Apr | May | Jun | Jul | Aug | Sep | Oct | Nov | Dec 
2021: Jan | Feb | Mar | Apr | May | Jun | Jul | Aug | Sep | Oct | Nov | Dec 
2020: Jan | Feb | Mar | Apr | May | Jun | Jul | Aug | Sep | Oct | Nov | Dec 
2019: Jan | Feb | Mar | Apr | May | Jun | Jul | Aug | Sep | Oct | Nov | Dec 
2018: Jan | Feb | Mar | Apr | May | Jun | Jul | Aug | Sep | Oct | Nov | Dec 
2017: Jan | Feb | Mar | Apr | May | Jun | Jul | Aug | Sep | Oct | Nov | Dec 
2016: Jan | Feb | Mar | Apr | May | Jun | Jul | Aug | Sep | Oct | Nov | Dec 
2015: Jan | Feb | Mar | Apr | May | Jun | Jul | Aug | Sep | Oct | Nov | Dec 
2014: Jan | Feb | Mar | Apr | May | Jun | Jul | Aug | Sep | Oct | Nov | Dec 
2013: Jan | Feb | Mar | Apr | May | Jun | Jul | Aug | Sep | Oct | Nov | Dec 
2012: Jan | Feb | Mar | Apr | May | Jun | Jul | Aug | Sep | Oct | Nov | Dec 
2011: Jan | Feb | Mar | Apr | May | Jun | Jul | Aug | Sep | Oct | Nov | Dec 
2010: Jan | Feb | Mar | Apr | May | Jun | Jul | Aug | Sep | Oct | Nov | Dec 
2009: Jan | Feb | Mar | Apr | May | Jun | Jul | Aug | Sep | Oct | Nov | Dec 
2008: Jan | Feb | Mar | Apr | May | Jun | Jul | Aug | Sep | Oct | Nov | Dec 
2007: Jan | Feb | Mar | Apr | May | Jun | Jul | Aug | Sep | Oct | Nov | Dec 
2006: Jan | Feb | Mar | Apr | May | Jun | Jul | Aug | Sep | Oct | Nov | Dec 
2005: Jan | Feb | Mar | Apr | May | Jun | Jul | Aug | Sep | Oct | Nov | Dec 

Report for 2019 02
MONTHLY CLIMATOLOGICAL SUMMARY for Feb 2019 NAME: Cabrera de Mar, Barcelona ELEV: 9 meters LAT: 41-33.89 N LONG: 002-24.07 E TEMPERATURE (C), RAIN (cm), WIND SPEED (km/h) HEAT COOL AVG MEAN DEG DEG WIND DOM DAY TEMP HIGH TIME LOW TIME DAYS DAYS RAIN SPEED HIGH TIME DIR --------------------------------------------------------------------------------------- 01 13.7 16.3 13:20 9.3 00:00 4.7 0.0 0.22 9.6 62.8 23:40 44 02 8.7 13.3 15:40 5.4 23:30 9.6 0.0 0.12 6.0 53.1 00:40 93 03 9.3 14.8 15:40 3.3 07:50 9.1 0.0 0.00 8.9 45.1 22:10 91 04 8.0 12.3 14:40 2.2 08:20 10.3 0.0 0.00 1.7 16.1 02:50 29 05 10.6 15.0 15:00 7.0 08:40 7.7 0.0 0.00 1.5 19.3 16:10 2 06 10.8 15.6 11:30 6.7 08:10 7.5 0.0 0.00 0.9 11.3 11:40 357 07 10.5 14.1 17:30 6.6 08:00 7.8 0.0 0.02 0.5 16.1 11:50 227 08 11.4 16.8 12:40 6.8 07:20 6.9 0.0 0.00 6.5 33.8 16:00 38 09 11.7 15.2 13:00 8.8 04:10 6.6 0.0 0.00 2.3 19.3 04:20 14 10 14.3 19.3 13:00 9.9 01:40 4.0 0.0 0.00 10.1 57.9 13:10 50 11 12.7 15.8 13:30 9.7 23:00 5.6 0.0 0.00 4.0 27.4 15:00 10 12 10.7 16.1 13:50 6.2 07:40 7.7 0.0 0.00 3.6 25.7 14:20 18 13 9.9 14.9 13:30 4.8 06:10 8.4 0.0 0.00 2.3 24.1 12:10 224 14 10.2 14.4 14:20 6.6 03:10 8.1 0.0 0.00 4.7 24.1 13:50 12 15 9.3 14.7 14:10 3.3 07:50 9.0 0.0 0.00 3.1 20.9 14:50 8 16 8.8 13.9 14:50 3.6 05:50 9.6 0.0 0.00 0.7 11.3 10:00 197 17 10.1 15.4 12:20 5.2 05:00 8.2 0.0 0.02 0.4 9.7 17:50 61 18 11.1 15.4 13:50 6.4 06:20 7.3 0.0 0.02 0.0 4.8 00:40 51 19 12.0 15.4 13:30 7.8 05:00 6.4 0.0 0.00 0.8 14.5 14:00 286 20 12.6 15.8 12:10 9.2 00:00 5.7 0.0 0.00 2.7 19.3 14:20 353 21 10.6 14.9 15:00 5.7 07:50 7.7 0.0 0.00 3.0 24.1 14:40 6 22 12.3 18.9 13:30 5.9 08:00 6.0 0.0 0.02 0.1 6.4 03:00 48 23 13.4 17.6 14:00 9.6 07:50 4.9 0.0 0.00 0.5 19.3 01:00 169 24 11.7 15.7 13:40 8.2 08:00 6.6 0.0 0.00 0.5 11.3 05:20 113 25 11.1 16.1 13:20 6.7 06:10 7.2 0.0 0.00 0.1 8.0 01:10 68 26 12.1 18.7 12:30 6.8 07:40 6.3 0.0 0.00 0.1 8.0 06:00 90 27 11.8 16.4 14:00 7.1 06:40 6.5 0.0 0.00 0.0 1.6 07:40 90 28 12.9 18.6 15:30 7.8 04:20 5.4 0.0 0.00 0.0 0.0 00:10 90 --------------------------------------------------------------------------------------- 11.2 19.3 10 2.2 04 201.0 0.0 0.42 2.7 62.8 01 40