NOAA-Style Climate Reports

NOAA style reports
2022: Jan | Feb | Mar | Apr | May | Jun | Jul | Aug | Sep | Oct | Nov | Dec 
2021: Jan | Feb | Mar | Apr | May | Jun | Jul | Aug | Sep | Oct | Nov | Dec 
2020: Jan | Feb | Mar | Apr | May | Jun | Jul | Aug | Sep | Oct | Nov | Dec 
2019: Jan | Feb | Mar | Apr | May | Jun | Jul | Aug | Sep | Oct | Nov | Dec 
2018: Jan | Feb | Mar | Apr | May | Jun | Jul | Aug | Sep | Oct | Nov | Dec 
2017: Jan | Feb | Mar | Apr | May | Jun | Jul | Aug | Sep | Oct | Nov | Dec 
2016: Jan | Feb | Mar | Apr | May | Jun | Jul | Aug | Sep | Oct | Nov | Dec 
2015: Jan | Feb | Mar | Apr | May | Jun | Jul | Aug | Sep | Oct | Nov | Dec 
2014: Jan | Feb | Mar | Apr | May | Jun | Jul | Aug | Sep | Oct | Nov | Dec 
2013: Jan | Feb | Mar | Apr | May | Jun | Jul | Aug | Sep | Oct | Nov | Dec 
2012: Jan | Feb | Mar | Apr | May | Jun | Jul | Aug | Sep | Oct | Nov | Dec 
2011: Jan | Feb | Mar | Apr | May | Jun | Jul | Aug | Sep | Oct | Nov | Dec 
2010: Jan | Feb | Mar | Apr | May | Jun | Jul | Aug | Sep | Oct | Nov | Dec 
2009: Jan | Feb | Mar | Apr | May | Jun | Jul | Aug | Sep | Oct | Nov | Dec 
2008: Jan | Feb | Mar | Apr | May | Jun | Jul | Aug | Sep | Oct | Nov | Dec 
2007: Jan | Feb | Mar | Apr | May | Jun | Jul | Aug | Sep | Oct | Nov | Dec 
2006: Jan | Feb | Mar | Apr | May | Jun | Jul | Aug | Sep | Oct | Nov | Dec 
2005: Jan | Feb | Mar | Apr | May | Jun | Jul | Aug | Sep | Oct | Nov | Dec 

Report for 2018 12
MONTHLY CLIMATOLOGICAL SUMMARY for Dec 2018 NAME: Cabrera de Mar, Barcelona ELEV: 9 meters LAT: 41-33.89 N LONG: 002-24.07 E TEMPERATURE (C), RAIN (cm), WIND SPEED (km/h) HEAT COOL AVG MEAN DEG DEG WIND DOM DAY TEMP HIGH TIME LOW TIME DAYS DAYS RAIN SPEED HIGH TIME DIR --------------------------------------------------------------------------------------- 01 10.9 14.9 13:30 7.5 08:10 7.4 0.0 0.00 0.7 19.3 04:40 67 02 13.0 18.7 14:00 7.5 01:20 5.4 0.0 0.00 3.3 25.7 22:40 34 03 14.6 19.4 15:20 10.9 07:00 3.7 0.0 0.00 1.9 22.5 00:30 68 04 14.2 19.7 14:10 9.7 04:50 4.1 0.0 0.00 1.1 19.3 14:00 346 05 13.8 18.1 15:00 9.9 08:10 4.5 0.0 0.02 2.4 25.7 15:20 1 06 13.5 17.3 11:50 10.4 23:50 4.9 0.0 0.02 0.9 11.3 07:00 346 07 11.7 16.4 13:30 8.7 08:20 6.7 0.0 0.02 2.7 29.0 15:40 67 08 12.2 16.4 13:20 9.2 00:10 6.2 0.0 0.00 2.6 29.0 16:40 79 09 13.1 19.5 14:50 8.1 08:30 5.2 0.0 0.00 2.3 29.0 12:30 87 10 12.2 16.4 12:40 8.7 23:30 6.1 0.0 0.00 3.9 37.0 05:20 85 11 10.6 14.8 15:40 6.6 07:20 7.7 0.0 0.00 1.3 11.3 02:00 33 12 12.1 14.9 13:40 8.6 00:30 6.3 0.0 0.00 1.0 14.5 02:40 111 13 11.5 12.8 10:10 9.9 22:10 6.8 0.0 0.18 1.6 24.1 22:10 93 14 11.8 14.0 16:50 10.1 08:30 6.6 0.0 0.02 3.1 53.1 00:50 132 15 11.5 15.8 14:20 8.1 07:20 6.8 0.0 0.00 0.0 0.0 00:10 90 16 13.1 14.8 11:50 10.8 08:10 5.2 0.0 0.00 0.0 0.0 00:10 90 17 12.2 16.7 12:40 8.6 08:00 6.1 0.0 0.00 0.5 11.3 12:10 267 18 11.3 14.9 15:20 7.4 03:20 7.0 0.0 0.00 4.9 38.6 12:10 21 19 13.4 18.2 13:20 10.4 21:40 4.9 0.0 0.00 5.1 41.8 14:20 43 20 11.2 17.1 14:50 7.9 06:20 7.1 0.0 0.00 0.6 24.1 11:50 42 21 12.3 16.7 15:00 6.7 03:20 6.0 0.0 0.00 0.0 0.0 00:10 90 22 12.4 17.8 16:20 8.2 07:00 5.9 0.0 0.00 0.0 0.0 00:10 90 23 13.0 18.2 14:50 9.3 07:50 5.4 0.0 0.00 0.0 0.0 00:10 90 24 12.7 19.1 15:10 8.8 07:30 5.6 0.0 0.00 0.0 3.2 07:20 90 25 12.0 16.3 14:10 8.9 06:30 6.3 0.0 0.00 0.1 6.4 06:00 93 26 11.4 16.1 12:30 7.7 07:20 6.9 0.0 0.02 1.4 17.7 12:30 355 27 11.4 16.1 13:20 8.1 07:40 6.9 0.0 0.00 2.3 20.9 14:00 358 28 9.8 14.2 15:20 6.6 07:50 8.5 0.0 0.02 0.7 11.3 14:40 303 29 9.1 14.5 17:00 4.7 07:50 9.2 0.0 0.02 0.9 11.3 14:20 291 30 9.8 18.1 14:10 4.2 06:00 8.5 0.0 0.00 1.4 22.5 23:00 94 31 12.4 18.5 13:10 7.8 08:40 5.9 0.0 0.00 2.7 29.0 01:00 27 --------------------------------------------------------------------------------------- 12.1 19.7 04 4.2 30 194.0 0.0 0.32 1.6 53.1 14 50