NOAA-Style Climate Reports

NOAA style reports
2022: Jan | Feb | Mar | Apr | May | Jun | Jul | Aug | Sep | Oct | Nov | Dec 
2021: Jan | Feb | Mar | Apr | May | Jun | Jul | Aug | Sep | Oct | Nov | Dec 
2020: Jan | Feb | Mar | Apr | May | Jun | Jul | Aug | Sep | Oct | Nov | Dec 
2019: Jan | Feb | Mar | Apr | May | Jun | Jul | Aug | Sep | Oct | Nov | Dec 
2018: Jan | Feb | Mar | Apr | May | Jun | Jul | Aug | Sep | Oct | Nov | Dec 
2017: Jan | Feb | Mar | Apr | May | Jun | Jul | Aug | Sep | Oct | Nov | Dec 
2016: Jan | Feb | Mar | Apr | May | Jun | Jul | Aug | Sep | Oct | Nov | Dec 
2015: Jan | Feb | Mar | Apr | May | Jun | Jul | Aug | Sep | Oct | Nov | Dec 
2014: Jan | Feb | Mar | Apr | May | Jun | Jul | Aug | Sep | Oct | Nov | Dec 
2013: Jan | Feb | Mar | Apr | May | Jun | Jul | Aug | Sep | Oct | Nov | Dec 
2012: Jan | Feb | Mar | Apr | May | Jun | Jul | Aug | Sep | Oct | Nov | Dec 
2011: Jan | Feb | Mar | Apr | May | Jun | Jul | Aug | Sep | Oct | Nov | Dec 
2010: Jan | Feb | Mar | Apr | May | Jun | Jul | Aug | Sep | Oct | Nov | Dec 
2009: Jan | Feb | Mar | Apr | May | Jun | Jul | Aug | Sep | Oct | Nov | Dec 
2008: Jan | Feb | Mar | Apr | May | Jun | Jul | Aug | Sep | Oct | Nov | Dec 
2007: Jan | Feb | Mar | Apr | May | Jun | Jul | Aug | Sep | Oct | Nov | Dec 
2006: Jan | Feb | Mar | Apr | May | Jun | Jul | Aug | Sep | Oct | Nov | Dec 
2005: Jan | Feb | Mar | Apr | May | Jun | Jul | Aug | Sep | Oct | Nov | Dec 

Report for 2018 11
MONTHLY CLIMATOLOGICAL SUMMARY for Nov 2018 NAME: Cabrera de Mar, Barcelona ELEV: 9 meters LAT: 41-33.89 N LONG: 002-24.07 E TEMPERATURE (C), RAIN (cm), WIND SPEED (km/h) HEAT COOL AVG MEAN DEG DEG WIND DOM DAY TEMP HIGH TIME LOW TIME DAYS DAYS RAIN SPEED HIGH TIME DIR --------------------------------------------------------------------------------------- 01 13.5 17.6 17:10 9.6 07:50 4.8 0.0 0.24 2.4 25.7 01:00 110 02 13.8 19.8 13:10 9.9 03:10 4.5 0.0 0.00 1.0 14.5 13:30 68 03 14.1 17.9 13:30 8.7 07:40 4.3 0.0 0.00 1.1 17.7 04:00 328 04 16.1 21.1 12:30 11.4 06:50 2.2 0.0 0.00 0.5 11.3 12:50 259 05 16.5 18.9 11:50 14.2 08:00 1.8 0.0 0.38 6.5 48.3 20:10 286 06 14.4 17.0 14:30 11.3 08:10 4.0 0.0 0.08 8.4 40.2 01:30 10 07 15.7 20.7 12:50 12.3 04:40 2.7 0.0 0.00 7.4 33.8 17:00 7 08 15.2 17.9 13:00 12.3 04:50 3.1 0.0 0.00 0.9 14.5 10:10 141 09 15.1 17.7 13:10 12.8 00:00 3.2 0.0 1.22 2.9 22.5 17:50 65 10 15.1 19.8 12:00 10.7 03:50 3.3 0.0 0.00 7.4 38.6 13:20 358 11 17.8 22.0 11:50 15.2 00:10 0.6 0.0 0.00 5.3 27.4 12:10 353 12 17.2 20.1 12:40 13.3 08:20 1.1 0.0 0.02 3.6 22.5 15:50 159 13 18.4 21.9 13:00 15.7 05:30 0.0 0.1 0.00 6.1 32.2 11:20 156 14 17.9 20.9 12:40 14.9 07:20 0.4 0.0 0.00 3.6 22.5 11:30 171 15 17.5 19.3 14:30 14.7 22:50 0.8 0.0 1.72 6.3 35.4 11:30 171 16 15.4 17.8 15:40 12.8 06:40 2.9 0.0 0.08 2.6 24.1 15:10 149 17 14.7 16.3 14:40 11.8 23:40 3.7 0.0 0.40 7.8 29.0 19:30 133 18 12.8 15.1 21:20 11.6 05:50 5.5 0.0 2.02 11.5 53.1 18:40 165 19 13.1 16.3 12:50 11.4 00:00 5.2 0.0 0.20 4.0 27.4 04:20 128 20 12.8 15.9 16:40 9.9 04:40 5.6 0.0 0.36 1.3 46.7 20:40 88 21 13.7 18.8 14:00 9.9 08:20 4.6 0.0 0.00 5.0 25.7 11:10 54 22 14.1 18.7 12:20 10.4 05:20 4.3 0.0 0.00 1.5 19.3 02:00 57 23 12.8 15.0 11:40 11.1 04:30 5.6 0.0 0.18 1.5 27.4 20:40 67 24 12.0 17.0 16:50 7.7 05:20 6.3 0.0 0.00 2.0 24.1 22:50 61 25 12.3 16.6 14:20 9.5 03:40 6.0 0.0 0.00 4.6 27.4 11:10 67 26 11.1 14.8 15:00 8.5 00:00 7.2 0.0 0.42 2.7 29.0 15:40 86 27 11.0 15.8 13:30 5.8 06:10 7.3 0.0 0.00 2.1 25.7 01:40 89 28 11.9 17.4 14:20 7.7 07:50 6.5 0.0 0.00 1.0 17.7 13:10 14 29 12.3 16.4 13:00 8.7 08:20 6.0 0.0 0.02 2.2 22.5 13:10 21 30 12.3 15.4 12:40 9.0 23:30 6.1 0.0 0.02 1.6 32.2 06:20 105 --------------------------------------------------------------------------------------- 14.4 22.0 11 5.8 27 119.6 0.1 7.36 3.8 53.1 18 91