NOAA-Style Climate Reports

NOAA style reports
2022: Jan | Feb | Mar | Apr | May | Jun | Jul | Aug | Sep | Oct | Nov | Dec 
2021: Jan | Feb | Mar | Apr | May | Jun | Jul | Aug | Sep | Oct | Nov | Dec 
2020: Jan | Feb | Mar | Apr | May | Jun | Jul | Aug | Sep | Oct | Nov | Dec 
2019: Jan | Feb | Mar | Apr | May | Jun | Jul | Aug | Sep | Oct | Nov | Dec 
2018: Jan | Feb | Mar | Apr | May | Jun | Jul | Aug | Sep | Oct | Nov | Dec 
2017: Jan | Feb | Mar | Apr | May | Jun | Jul | Aug | Sep | Oct | Nov | Dec 
2016: Jan | Feb | Mar | Apr | May | Jun | Jul | Aug | Sep | Oct | Nov | Dec 
2015: Jan | Feb | Mar | Apr | May | Jun | Jul | Aug | Sep | Oct | Nov | Dec 
2014: Jan | Feb | Mar | Apr | May | Jun | Jul | Aug | Sep | Oct | Nov | Dec 
2013: Jan | Feb | Mar | Apr | May | Jun | Jul | Aug | Sep | Oct | Nov | Dec 
2012: Jan | Feb | Mar | Apr | May | Jun | Jul | Aug | Sep | Oct | Nov | Dec 
2011: Jan | Feb | Mar | Apr | May | Jun | Jul | Aug | Sep | Oct | Nov | Dec 
2010: Jan | Feb | Mar | Apr | May | Jun | Jul | Aug | Sep | Oct | Nov | Dec 
2009: Jan | Feb | Mar | Apr | May | Jun | Jul | Aug | Sep | Oct | Nov | Dec 
2008: Jan | Feb | Mar | Apr | May | Jun | Jul | Aug | Sep | Oct | Nov | Dec 
2007: Jan | Feb | Mar | Apr | May | Jun | Jul | Aug | Sep | Oct | Nov | Dec 
2006: Jan | Feb | Mar | Apr | May | Jun | Jul | Aug | Sep | Oct | Nov | Dec 
2005: Jan | Feb | Mar | Apr | May | Jun | Jul | Aug | Sep | Oct | Nov | Dec 

Report for 2018 10
MONTHLY CLIMATOLOGICAL SUMMARY for Oct 2018 NAME: Cabrera de Mar, Barcelona ELEV: 9 meters LAT: 41-33.89 N LONG: 002-24.07 E TEMPERATURE (C), RAIN (cm), WIND SPEED (km/h) HEAT COOL AVG MEAN DEG DEG WIND DOM DAY TEMP HIGH TIME LOW TIME DAYS DAYS RAIN SPEED HIGH TIME DIR --------------------------------------------------------------------------------------- 01 20.9 24.2 13:00 18.3 23:40 0.0 2.6 0.00 4.6 25.7 20:20 331 02 19.3 25.7 13:00 13.7 08:10 0.0 1.0 0.00 5.5 30.6 10:10 34 03 19.8 25.5 14:10 14.8 06:30 0.0 1.5 0.00 4.0 25.7 16:30 351 04 20.3 24.2 16:50 16.3 08:10 0.0 2.0 0.00 2.9 20.9 16:10 222 05 20.8 24.4 12:20 17.4 06:20 0.0 2.4 0.00 2.3 17.7 10:50 234 06 20.9 24.7 14:00 15.8 08:10 0.0 2.6 0.00 4.6 32.2 18:10 354 07 19.3 21.3 00:50 17.0 09:00 0.0 0.9 0.00 4.4 41.8 05:50 231 08 N/A N/A N/A N/A N/A 0.0 0.0 0.00 N/A 0.0 00:10 90 09 N/A N/A N/A N/A N/A 0.0 0.0 0.00 N/A 0.0 00:10 90 10 20.6 22.2 18:30 19.2 00:00 0.0 2.2 0.08 0.0 0.0 00:10 90 11 20.8 24.6 12:00 16.6 07:20 0.0 2.4 0.02 0.0 0.0 00:10 90 12 21.2 24.3 14:40 17.7 07:40 0.0 2.8 0.00 0.0 0.0 00:10 90 13 21.4 23.1 12:20 19.7 03:40 0.0 3.1 0.16 0.0 0.0 00:10 90 14 21.6 24.3 13:20 19.5 01:10 0.0 3.3 3.66 3.1 48.3 23:10 240 15 19.8 22.9 13:00 16.7 00:00 0.0 1.5 2.48 6.7 57.9 03:00 237 16 18.5 22.9 13:10 14.4 08:20 0.0 0.1 0.02 3.5 24.1 12:10 230 17 19.6 23.1 12:00 17.4 02:40 0.0 1.3 0.00 6.3 32.2 13:30 206 18 20.1 22.0 10:40 17.9 06:30 0.0 1.7 0.08 6.8 37.0 21:30 181 19 22.1 25.4 13:30 20.5 05:40 0.0 3.7 0.00 0.0 0.0 00:10 90 20 20.6 25.5 13:40 17.3 00:00 0.0 2.2 0.26 0.0 14.5 02:20 0 21 19.1 23.3 14:50 15.1 08:20 0.0 0.8 0.00 0.0 0.0 00:10 90 22 18.7 23.4 12:50 15.0 08:30 0.0 0.4 0.00 0.0 0.0 00:10 90 23 17.6 22.1 14:00 13.6 08:00 0.8 0.0 0.02 0.0 0.0 00:10 90 24 19.7 28.6 15:20 12.9 03:40 0.0 1.4 0.00 0.0 11.3 16:10 338 25 18.0 23.3 14:40 13.6 08:00 0.3 0.0 0.00 0.0 0.0 00:10 90 26 17.5 20.9 14:30 13.0 08:10 0.9 0.0 0.00 0.0 0.0 00:10 90 27 14.5 18.6 00:40 11.4 17:00 3.8 0.0 3.20 0.0 0.0 00:10 90 28 10.7 12.9 16:40 9.2 00:00 7.6 0.0 0.48 0.0 0.0 00:10 90 29 10.1 12.8 17:30 8.3 00:00 8.3 0.0 0.02 0.0 0.0 00:10 90 30 12.1 17.5 13:30 6.2 07:10 6.3 0.0 0.08 0.0 0.0 00:10 90 31 14.1 17.9 13:20 10.8 23:30 4.2 0.0 2.08 8.9 54.7 10:40 297 --------------------------------------------------------------------------------------- 18.6 28.6 24 6.2 30 32.1 40.1 12.64 2.2 57.9 15 257