NOAA-Style Climate Reports

NOAA style reports
2022: Jan | Feb | Mar | Apr | May | Jun | Jul | Aug | Sep | Oct | Nov | Dec 
2021: Jan | Feb | Mar | Apr | May | Jun | Jul | Aug | Sep | Oct | Nov | Dec 
2020: Jan | Feb | Mar | Apr | May | Jun | Jul | Aug | Sep | Oct | Nov | Dec 
2019: Jan | Feb | Mar | Apr | May | Jun | Jul | Aug | Sep | Oct | Nov | Dec 
2018: Jan | Feb | Mar | Apr | May | Jun | Jul | Aug | Sep | Oct | Nov | Dec 
2017: Jan | Feb | Mar | Apr | May | Jun | Jul | Aug | Sep | Oct | Nov | Dec 
2016: Jan | Feb | Mar | Apr | May | Jun | Jul | Aug | Sep | Oct | Nov | Dec 
2015: Jan | Feb | Mar | Apr | May | Jun | Jul | Aug | Sep | Oct | Nov | Dec 
2014: Jan | Feb | Mar | Apr | May | Jun | Jul | Aug | Sep | Oct | Nov | Dec 
2013: Jan | Feb | Mar | Apr | May | Jun | Jul | Aug | Sep | Oct | Nov | Dec 
2012: Jan | Feb | Mar | Apr | May | Jun | Jul | Aug | Sep | Oct | Nov | Dec 
2011: Jan | Feb | Mar | Apr | May | Jun | Jul | Aug | Sep | Oct | Nov | Dec 
2010: Jan | Feb | Mar | Apr | May | Jun | Jul | Aug | Sep | Oct | Nov | Dec 
2009: Jan | Feb | Mar | Apr | May | Jun | Jul | Aug | Sep | Oct | Nov | Dec 
2008: Jan | Feb | Mar | Apr | May | Jun | Jul | Aug | Sep | Oct | Nov | Dec 
2007: Jan | Feb | Mar | Apr | May | Jun | Jul | Aug | Sep | Oct | Nov | Dec 
2006: Jan | Feb | Mar | Apr | May | Jun | Jul | Aug | Sep | Oct | Nov | Dec 
2005: Jan | Feb | Mar | Apr | May | Jun | Jul | Aug | Sep | Oct | Nov | Dec 

Report for 2018 09
MONTHLY CLIMATOLOGICAL SUMMARY for Sep 2018 NAME: Cabrera de Mar, Barcelona ELEV: 9 meters LAT: 41-33.89 N LONG: 002-24.07 E TEMPERATURE (C), RAIN (cm), WIND SPEED (km/h) HEAT COOL AVG MEAN DEG DEG WIND DOM DAY TEMP HIGH TIME LOW TIME DAYS DAYS RAIN SPEED HIGH TIME DIR --------------------------------------------------------------------------------------- 01 24.1 26.4 15:50 22.3 07:50 0.0 5.8 0.00 0.0 0.0 00:10 90 02 24.3 27.1 14:20 19.8 05:50 0.0 6.0 0.00 0.0 0.0 00:10 90 03 24.8 27.3 14:50 22.4 06:50 0.0 6.4 0.00 0.0 0.0 00:10 90 04 25.2 28.7 11:30 23.2 23:20 0.0 6.9 0.00 0.0 0.0 00:10 90 05 24.1 27.3 12:00 20.7 07:40 0.0 5.8 0.00 0.0 0.0 00:10 90 06 23.7 26.7 15:50 20.3 07:00 0.0 5.3 0.78 4.1 27.4 16:30 232 07 23.4 26.9 15:10 20.2 02:00 0.0 5.1 2.88 1.2 29.0 20:50 132 08 23.4 26.3 14:10 19.8 07:30 0.0 5.1 0.02 2.3 17.7 13:00 306 09 24.2 27.3 13:00 22.1 07:50 0.0 5.8 0.00 2.5 20.9 14:50 231 10 23.0 25.3 12:20 21.0 04:10 0.0 4.7 0.00 1.3 14.5 12:10 262 11 23.7 27.9 13:40 18.9 07:50 0.0 5.3 0.00 2.1 17.7 23:40 297 12 24.1 27.4 16:50 21.2 07:10 0.0 5.8 0.04 2.7 27.4 19:50 200 13 24.1 27.3 13:50 20.4 08:00 0.0 5.8 0.06 5.6 27.4 17:00 344 14 24.3 26.9 15:00 21.3 06:40 0.0 6.0 0.00 3.4 27.4 17:30 312 15 23.8 26.3 12:00 21.8 05:10 0.0 5.5 0.00 1.3 14.5 13:40 245 16 24.2 27.1 13:10 21.8 08:00 0.0 5.9 0.00 2.4 20.9 14:10 325 17 23.9 27.1 15:00 20.8 06:50 0.0 5.6 0.00 3.0 19.3 15:40 240 18 23.2 26.7 15:30 21.2 04:40 0.0 4.8 0.06 3.6 33.8 14:00 207 19 23.5 26.6 12:10 20.4 05:40 0.0 5.2 0.00 2.1 20.9 12:10 254 20 24.2 28.3 14:50 19.6 07:50 0.0 5.9 0.00 2.9 19.3 23:50 339 21 24.5 28.8 14:00 20.3 07:50 0.0 6.1 0.00 3.4 27.4 15:50 215 22 24.7 28.0 15:50 21.8 06:50 0.0 6.3 0.00 3.2 24.1 11:50 336 23 24.9 28.3 13:40 21.3 07:50 0.0 6.5 0.00 3.8 25.7 16:20 345 24 24.0 26.0 11:30 22.3 06:10 0.0 5.7 0.00 3.4 20.9 12:30 231 25 22.5 26.4 13:10 19.9 07:10 0.0 4.2 0.00 6.5 45.1 16:20 199 26 22.0 25.0 12:00 18.9 00:00 0.0 3.7 0.00 14.3 43.5 12:30 185 27 20.0 23.2 15:20 16.2 08:10 0.0 1.7 0.00 3.3 19.3 01:50 220 28 21.1 26.2 16:10 15.9 07:30 0.0 2.8 0.00 3.0 22.5 14:40 343 29 22.0 26.6 13:20 17.4 08:10 0.0 3.7 0.00 3.4 24.1 13:20 196 30 22.1 26.1 14:10 18.9 03:10 0.0 3.7 0.06 4.0 35.4 15:50 333 --------------------------------------------------------------------------------------- 23.6 28.8 21 15.9 28 0.0 157.0 3.90 2.9 45.1 25 248