NOAA-Style Climate Reports

NOAA style reports
2022: Jan | Feb | Mar | Apr | May | Jun | Jul | Aug | Sep | Oct | Nov | Dec 
2021: Jan | Feb | Mar | Apr | May | Jun | Jul | Aug | Sep | Oct | Nov | Dec 
2020: Jan | Feb | Mar | Apr | May | Jun | Jul | Aug | Sep | Oct | Nov | Dec 
2019: Jan | Feb | Mar | Apr | May | Jun | Jul | Aug | Sep | Oct | Nov | Dec 
2018: Jan | Feb | Mar | Apr | May | Jun | Jul | Aug | Sep | Oct | Nov | Dec 
2017: Jan | Feb | Mar | Apr | May | Jun | Jul | Aug | Sep | Oct | Nov | Dec 
2016: Jan | Feb | Mar | Apr | May | Jun | Jul | Aug | Sep | Oct | Nov | Dec 
2015: Jan | Feb | Mar | Apr | May | Jun | Jul | Aug | Sep | Oct | Nov | Dec 
2014: Jan | Feb | Mar | Apr | May | Jun | Jul | Aug | Sep | Oct | Nov | Dec 
2013: Jan | Feb | Mar | Apr | May | Jun | Jul | Aug | Sep | Oct | Nov | Dec 
2012: Jan | Feb | Mar | Apr | May | Jun | Jul | Aug | Sep | Oct | Nov | Dec 
2011: Jan | Feb | Mar | Apr | May | Jun | Jul | Aug | Sep | Oct | Nov | Dec 
2010: Jan | Feb | Mar | Apr | May | Jun | Jul | Aug | Sep | Oct | Nov | Dec 
2009: Jan | Feb | Mar | Apr | May | Jun | Jul | Aug | Sep | Oct | Nov | Dec 
2008: Jan | Feb | Mar | Apr | May | Jun | Jul | Aug | Sep | Oct | Nov | Dec 
2007: Jan | Feb | Mar | Apr | May | Jun | Jul | Aug | Sep | Oct | Nov | Dec 
2006: Jan | Feb | Mar | Apr | May | Jun | Jul | Aug | Sep | Oct | Nov | Dec 
2005: Jan | Feb | Mar | Apr | May | Jun | Jul | Aug | Sep | Oct | Nov | Dec 

Report for 2018 05
MONTHLY CLIMATOLOGICAL SUMMARY for May 2018 NAME: Cabrera de Mar, Barcelona ELEV: 9 meters LAT: 41-33.89 N LONG: 002-24.07 E TEMPERATURE (C), RAIN (cm), WIND SPEED (km/h) HEAT COOL AVG MEAN DEG DEG WIND DOM DAY TEMP HIGH TIME LOW TIME DAYS DAYS RAIN SPEED HIGH TIME DIR --------------------------------------------------------------------------------------- 01 13.0 17.1 15:10 10.6 22:30 5.3 0.0 0.02 4.7 37.0 17:10 99 02 13.5 17.6 17:40 7.7 06:10 4.8 0.0 0.00 3.8 20.9 01:10 1 03 15.8 20.8 13:40 11.1 07:10 2.5 0.0 0.02 3.8 25.7 12:40 30 04 16.3 18.2 15:30 13.9 06:20 2.0 0.0 0.02 3.8 22.5 04:50 57 05 17.9 22.8 15:10 15.5 05:50 0.5 0.0 0.08 3.4 33.8 13:30 183 06 17.0 21.6 14:10 13.6 06:10 1.3 0.0 0.40 2.7 29.0 08:00 42 07 17.9 20.8 14:20 16.3 07:00 0.4 0.0 0.08 3.3 22.5 16:50 21 08 17.1 20.4 16:10 14.7 04:10 1.2 0.0 0.02 3.0 22.5 18:10 16 09 16.6 20.2 13:40 14.3 05:50 1.7 0.0 0.26 1.9 17.7 12:10 307 10 17.1 19.3 15:10 14.4 05:10 1.3 0.0 0.02 1.6 17.7 12:20 342 11 18.1 21.0 13:40 15.5 06:30 0.3 0.0 0.00 8.1 33.8 15:00 31 12 17.2 21.0 13:00 14.2 00:00 1.1 0.0 1.42 4.9 40.2 23:30 22 13 13.3 16.3 16:30 10.1 10:40 5.1 0.0 2.58 5.0 37.0 04:40 232 14 13.7 17.3 14:20 9.1 07:00 4.6 0.0 0.00 3.9 25.7 17:50 294 15 15.9 21.6 12:20 11.6 06:50 2.5 0.0 0.00 5.1 25.7 12:50 8 16 16.3 19.4 15:30 12.6 06:20 2.0 0.0 0.00 1.9 14.5 15:20 289 17 18.2 21.6 13:10 14.5 06:10 0.2 0.0 0.00 2.2 19.3 11:40 2 18 18.1 20.8 14:40 14.2 06:40 0.3 0.0 0.00 2.3 14.5 09:30 358 19 18.8 22.2 17:10 14.1 07:10 0.0 0.4 0.00 2.3 16.1 20:10 10 20 18.9 22.7 12:10 14.8 06:00 0.0 0.5 0.00 2.6 16.1 13:10 293 21 17.5 20.3 17:00 14.9 06:40 0.8 0.0 0.00 1.7 14.5 11:50 356 22 18.2 21.3 17:20 15.4 04:50 0.1 0.0 0.10 2.0 14.5 15:10 357 23 19.3 22.5 16:20 14.9 06:30 0.0 1.0 0.02 5.2 25.7 15:50 22 24 19.9 22.6 16:20 16.9 07:00 0.0 1.6 0.00 2.9 17.7 09:40 3 25 20.5 25.1 16:10 16.7 06:40 0.0 2.2 0.00 6.4 35.4 18:50 234 26 21.2 24.5 12:30 18.2 05:40 0.0 2.9 0.54 8.7 38.6 05:00 229 27 21.3 23.7 13:30 18.9 06:40 0.0 2.9 0.00 11.7 45.1 18:30 238 28 20.9 22.9 16:40 19.3 07:20 0.0 2.6 0.00 6.7 29.0 01:20 298 29 20.9 24.1 13:00 18.2 07:50 0.0 2.6 0.28 6.9 30.6 16:30 35 30 20.8 23.3 13:20 18.9 00:00 0.0 2.5 0.00 5.3 20.9 15:40 18 31 20.0 23.2 14:30 16.4 06:20 0.0 1.7 0.00 2.9 17.7 09:30 319 --------------------------------------------------------------------------------------- 17.8 25.1 25 7.7 02 37.8 20.9 5.86 4.2 45.1 27 343