NOAA-Style Climate Reports

NOAA style reports
2022: Jan | Feb | Mar | Apr | May | Jun | Jul | Aug | Sep | Oct | Nov | Dec 
2021: Jan | Feb | Mar | Apr | May | Jun | Jul | Aug | Sep | Oct | Nov | Dec 
2020: Jan | Feb | Mar | Apr | May | Jun | Jul | Aug | Sep | Oct | Nov | Dec 
2019: Jan | Feb | Mar | Apr | May | Jun | Jul | Aug | Sep | Oct | Nov | Dec 
2018: Jan | Feb | Mar | Apr | May | Jun | Jul | Aug | Sep | Oct | Nov | Dec 
2017: Jan | Feb | Mar | Apr | May | Jun | Jul | Aug | Sep | Oct | Nov | Dec 
2016: Jan | Feb | Mar | Apr | May | Jun | Jul | Aug | Sep | Oct | Nov | Dec 
2015: Jan | Feb | Mar | Apr | May | Jun | Jul | Aug | Sep | Oct | Nov | Dec 
2014: Jan | Feb | Mar | Apr | May | Jun | Jul | Aug | Sep | Oct | Nov | Dec 
2013: Jan | Feb | Mar | Apr | May | Jun | Jul | Aug | Sep | Oct | Nov | Dec 
2012: Jan | Feb | Mar | Apr | May | Jun | Jul | Aug | Sep | Oct | Nov | Dec 
2011: Jan | Feb | Mar | Apr | May | Jun | Jul | Aug | Sep | Oct | Nov | Dec 
2010: Jan | Feb | Mar | Apr | May | Jun | Jul | Aug | Sep | Oct | Nov | Dec 
2009: Jan | Feb | Mar | Apr | May | Jun | Jul | Aug | Sep | Oct | Nov | Dec 
2008: Jan | Feb | Mar | Apr | May | Jun | Jul | Aug | Sep | Oct | Nov | Dec 
2007: Jan | Feb | Mar | Apr | May | Jun | Jul | Aug | Sep | Oct | Nov | Dec 
2006: Jan | Feb | Mar | Apr | May | Jun | Jul | Aug | Sep | Oct | Nov | Dec 
2005: Jan | Feb | Mar | Apr | May | Jun | Jul | Aug | Sep | Oct | Nov | Dec 

Report for 2018 04
MONTHLY CLIMATOLOGICAL SUMMARY for Apr 2018 NAME: Cabrera de Mar, Barcelona ELEV: 9 meters LAT: 41-33.89 N LONG: 002-24.07 E TEMPERATURE (C), RAIN (cm), WIND SPEED (km/h) HEAT COOL AVG MEAN DEG DEG WIND DOM DAY TEMP HIGH TIME LOW TIME DAYS DAYS RAIN SPEED HIGH TIME DIR --------------------------------------------------------------------------------------- 01 12.6 16.1 16:00 7.8 08:10 5.7 0.0 0.00 7.2 33.8 03:30 102 02 13.1 17.3 14:10 8.2 07:50 5.2 0.0 0.00 3.0 25.7 22:00 259 03 14.4 17.3 15:00 11.3 07:50 3.9 0.0 0.00 5.1 29.0 15:00 31 04 17.7 23.8 16:50 13.0 07:50 0.7 0.0 0.00 9.9 45.1 14:50 64 05 14.7 17.8 14:20 11.2 07:40 3.6 0.0 0.00 2.6 27.4 15:00 354 06 13.6 17.3 17:20 9.1 07:50 4.8 0.0 0.06 3.0 27.4 23:20 245 07 15.4 17.8 15:30 13.2 07:40 2.9 0.0 0.04 13.1 48.3 09:10 222 08 14.2 15.6 00:40 12.1 23:30 4.1 0.0 0.36 5.9 33.8 18:10 200 09 13.5 16.8 16:50 9.7 07:50 4.9 0.0 0.18 5.5 45.1 22:50 30 10 12.6 15.8 16:50 8.4 08:00 5.7 0.0 0.18 7.6 40.2 00:00 10 11 12.2 14.1 14:40 9.5 08:50 6.1 0.0 3.46 14.3 59.5 06:40 321 12 12.4 16.4 13:00 8.3 07:10 6.0 0.0 0.12 6.4 29.0 08:50 55 13 13.0 15.0 11:10 10.6 03:30 5.4 0.0 0.42 2.3 22.5 11:20 240 14 14.1 16.2 18:50 12.5 07:00 4.2 0.0 0.62 7.9 37.0 14:00 187 15 15.8 19.4 16:10 13.2 07:50 2.6 0.0 0.00 5.3 32.2 15:10 46 16 15.2 17.9 13:40 12.6 05:40 3.1 0.0 0.00 1.6 17.7 12:30 238 17 15.9 20.5 15:20 11.7 07:20 2.4 0.0 0.00 2.3 22.5 15:10 1 18 17.3 21.3 13:30 12.3 07:30 1.0 0.0 0.00 2.1 17.7 17:40 252 19 17.6 21.3 14:30 13.2 07:20 0.7 0.0 0.00 2.9 30.6 00:50 241 20 16.2 19.1 16:50 12.5 07:20 2.2 0.0 0.00 1.8 11.3 11:20 318 21 17.1 21.4 16:50 13.0 05:30 1.2 0.0 0.00 3.2 24.1 15:30 17 22 17.6 21.7 15:20 13.7 07:20 0.7 0.0 0.00 4.3 25.7 14:00 32 23 17.2 20.2 14:10 13.5 06:20 1.2 0.0 0.00 1.8 14.5 09:50 258 24 18.9 24.1 13:20 13.9 06:20 0.0 0.5 0.00 1.9 16.1 12:40 14 25 18.8 22.2 14:20 15.1 06:50 0.0 0.4 0.00 3.0 24.1 13:30 245 26 18.0 20.5 12:50 15.3 07:00 0.3 0.0 0.00 4.0 20.9 20:50 10 27 17.8 22.0 13:20 14.2 07:10 0.5 0.0 0.00 4.1 25.7 12:50 353 28 17.8 20.1 16:10 15.1 07:40 0.6 0.0 0.00 3.0 19.3 02:40 325 29 16.1 19.1 13:40 13.4 00:00 2.3 0.0 0.50 8.7 64.4 15:30 51 30 14.9 19.3 12:40 10.9 07:10 3.4 0.0 0.00 8.8 33.8 15:20 30 --------------------------------------------------------------------------------------- 15.5 24.1 24 7.8 01 85.3 1.0 5.94 5.1 64.4 29 358