NOAA-Style Climate Reports

NOAA style reports
2022: Jan | Feb | Mar | Apr | May | Jun | Jul | Aug | Sep | Oct | Nov | Dec 
2021: Jan | Feb | Mar | Apr | May | Jun | Jul | Aug | Sep | Oct | Nov | Dec 
2020: Jan | Feb | Mar | Apr | May | Jun | Jul | Aug | Sep | Oct | Nov | Dec 
2019: Jan | Feb | Mar | Apr | May | Jun | Jul | Aug | Sep | Oct | Nov | Dec 
2018: Jan | Feb | Mar | Apr | May | Jun | Jul | Aug | Sep | Oct | Nov | Dec 
2017: Jan | Feb | Mar | Apr | May | Jun | Jul | Aug | Sep | Oct | Nov | Dec 
2016: Jan | Feb | Mar | Apr | May | Jun | Jul | Aug | Sep | Oct | Nov | Dec 
2015: Jan | Feb | Mar | Apr | May | Jun | Jul | Aug | Sep | Oct | Nov | Dec 
2014: Jan | Feb | Mar | Apr | May | Jun | Jul | Aug | Sep | Oct | Nov | Dec 
2013: Jan | Feb | Mar | Apr | May | Jun | Jul | Aug | Sep | Oct | Nov | Dec 
2012: Jan | Feb | Mar | Apr | May | Jun | Jul | Aug | Sep | Oct | Nov | Dec 
2011: Jan | Feb | Mar | Apr | May | Jun | Jul | Aug | Sep | Oct | Nov | Dec 
2010: Jan | Feb | Mar | Apr | May | Jun | Jul | Aug | Sep | Oct | Nov | Dec 
2009: Jan | Feb | Mar | Apr | May | Jun | Jul | Aug | Sep | Oct | Nov | Dec 
2008: Jan | Feb | Mar | Apr | May | Jun | Jul | Aug | Sep | Oct | Nov | Dec 
2007: Jan | Feb | Mar | Apr | May | Jun | Jul | Aug | Sep | Oct | Nov | Dec 
2006: Jan | Feb | Mar | Apr | May | Jun | Jul | Aug | Sep | Oct | Nov | Dec 
2005: Jan | Feb | Mar | Apr | May | Jun | Jul | Aug | Sep | Oct | Nov | Dec 

Report for 2018 03
MONTHLY CLIMATOLOGICAL SUMMARY for Mar 2018 NAME: Cabrera de Mar, Barcelona ELEV: 9 meters LAT: 41-33.89 N LONG: 002-24.07 E TEMPERATURE (C), RAIN (cm), WIND SPEED (km/h) HEAT COOL AVG MEAN DEG DEG WIND DOM DAY TEMP HIGH TIME LOW TIME DAYS DAYS RAIN SPEED HIGH TIME DIR --------------------------------------------------------------------------------------- 01 12.1 14.3 15:10 9.0 01:40 6.3 0.0 0.12 2.1 33.8 00:00 223 02 12.9 17.0 13:20 10.1 07:40 5.4 0.0 0.18 17.1 64.4 03:30 65 03 14.6 20.4 14:40 10.9 00:20 3.8 0.0 0.02 12.0 53.1 12:00 74 04 13.1 15.9 12:10 10.6 05:50 5.3 0.0 0.00 3.8 27.4 13:10 34 05 12.1 15.6 14:50 9.4 02:20 6.2 0.0 0.38 5.1 30.6 14:00 70 06 13.3 19.1 14:40 8.5 06:50 5.0 0.0 0.00 10.0 53.1 16:10 81 07 12.6 18.2 17:20 8.2 08:10 5.7 0.0 0.00 5.6 32.2 10:40 82 08 11.2 15.9 14:30 6.8 04:30 7.1 0.0 0.00 5.3 29.0 16:10 38 09 12.4 16.4 13:10 8.6 07:20 5.9 0.0 0.00 4.4 25.7 14:00 33 10 15.2 18.5 15:10 12.5 07:10 3.2 0.0 0.08 6.7 33.8 22:00 38 11 15.3 20.7 14:00 11.7 06:50 3.0 0.0 0.00 10.5 56.3 13:40 55 12 15.5 21.3 14:30 10.8 00:00 2.8 0.0 0.00 9.7 53.1 12:30 87 13 12.3 16.1 15:10 9.2 03:30 6.0 0.0 0.00 3.8 29.0 16:40 42 14 12.4 15.5 11:40 7.5 07:30 5.9 0.0 0.00 3.5 22.5 12:40 32 15 15.7 21.1 14:20 12.3 08:00 2.7 0.0 0.02 9.0 51.5 15:20 75 16 13.6 17.3 10:30 9.3 07:00 4.7 0.0 0.00 5.1 29.0 18:30 42 17 11.0 16.6 12:30 7.1 04:50 7.3 0.0 0.00 7.1 38.6 16:30 63 18 10.3 14.0 14:30 6.6 07:30 8.1 0.0 0.00 5.0 29.0 09:00 69 19 10.6 16.8 15:10 5.1 07:10 7.8 0.0 0.12 6.9 43.5 18:50 56 20 8.4 14.2 14:30 3.5 05:10 9.9 0.0 2.58 7.4 43.5 06:50 78 21 9.4 13.7 16:50 4.0 07:20 8.9 0.0 0.00 5.7 35.4 19:30 17 22 10.0 17.7 17:30 3.4 07:30 8.3 0.0 0.00 4.2 25.7 12:20 22 23 10.9 15.5 14:00 5.5 06:00 7.4 0.0 0.00 2.8 24.1 08:30 250 24 9.5 11.9 09:20 7.4 18:10 8.8 0.0 2.46 8.8 54.7 21:50 174 25 11.5 13.6 14:30 9.7 00:40 6.8 0.0 0.00 6.6 45.1 01:30 173 26 12.1 16.7 12:00 6.7 08:00 6.3 0.0 0.00 4.7 32.2 09:40 56 27 12.1 15.1 13:50 7.3 08:10 6.3 0.0 0.00 3.7 27.4 13:50 18 28 13.7 16.9 13:40 9.8 08:10 4.6 0.0 0.00 3.1 20.9 21:00 331 29 13.3 16.1 14:30 10.1 04:10 5.1 0.0 0.00 3.5 19.3 12:40 352 30 14.6 20.7 15:40 10.6 01:40 3.7 0.0 0.00 8.8 48.3 18:40 65 31 13.2 19.5 16:20 9.8 08:10 5.1 0.0 0.00 14.6 67.6 12:30 101 --------------------------------------------------------------------------------------- 12.4 21.3 12 3.4 22 183.5 0.0 5.96 6.7 67.6 31 68