NOAA-Style Climate Reports

NOAA style reports
2022: Jan | Feb | Mar | Apr | May | Jun | Jul | Aug | Sep | Oct | Nov | Dec 
2021: Jan | Feb | Mar | Apr | May | Jun | Jul | Aug | Sep | Oct | Nov | Dec 
2020: Jan | Feb | Mar | Apr | May | Jun | Jul | Aug | Sep | Oct | Nov | Dec 
2019: Jan | Feb | Mar | Apr | May | Jun | Jul | Aug | Sep | Oct | Nov | Dec 
2018: Jan | Feb | Mar | Apr | May | Jun | Jul | Aug | Sep | Oct | Nov | Dec 
2017: Jan | Feb | Mar | Apr | May | Jun | Jul | Aug | Sep | Oct | Nov | Dec 
2016: Jan | Feb | Mar | Apr | May | Jun | Jul | Aug | Sep | Oct | Nov | Dec 
2015: Jan | Feb | Mar | Apr | May | Jun | Jul | Aug | Sep | Oct | Nov | Dec 
2014: Jan | Feb | Mar | Apr | May | Jun | Jul | Aug | Sep | Oct | Nov | Dec 
2013: Jan | Feb | Mar | Apr | May | Jun | Jul | Aug | Sep | Oct | Nov | Dec 
2012: Jan | Feb | Mar | Apr | May | Jun | Jul | Aug | Sep | Oct | Nov | Dec 
2011: Jan | Feb | Mar | Apr | May | Jun | Jul | Aug | Sep | Oct | Nov | Dec 
2010: Jan | Feb | Mar | Apr | May | Jun | Jul | Aug | Sep | Oct | Nov | Dec 
2009: Jan | Feb | Mar | Apr | May | Jun | Jul | Aug | Sep | Oct | Nov | Dec 
2008: Jan | Feb | Mar | Apr | May | Jun | Jul | Aug | Sep | Oct | Nov | Dec 
2007: Jan | Feb | Mar | Apr | May | Jun | Jul | Aug | Sep | Oct | Nov | Dec 
2006: Jan | Feb | Mar | Apr | May | Jun | Jul | Aug | Sep | Oct | Nov | Dec 
2005: Jan | Feb | Mar | Apr | May | Jun | Jul | Aug | Sep | Oct | Nov | Dec 

Report for 2017 12
MONTHLY CLIMATOLOGICAL SUMMARY for Dec 2017 NAME: Cabrera de Mar, Barcelona ELEV: 9 meters LAT: 41-33.89 N LONG: 002-24.07 E TEMPERATURE (C), RAIN (cm), WIND SPEED (km/h) HEAT COOL AVG MEAN DEG DEG WIND DOM DAY TEMP HIGH TIME LOW TIME DAYS DAYS RAIN SPEED HIGH TIME DIR --------------------------------------------------------------------------------------- 01 6.1 10.9 11:50 2.2 00:00 12.2 0.0 0.00 4.1 35.4 14:50 69 02 6.7 10.4 13:10 2.0 00:30 11.6 0.0 0.00 8.6 35.4 01:40 42 03 8.1 14.1 14:30 2.5 08:10 10.2 0.0 0.00 1.7 19.3 09:50 24 04 8.3 13.9 15:20 2.4 08:00 10.1 0.0 0.00 0.4 16.1 02:10 49 05 8.5 14.0 14:20 4.2 07:30 9.8 0.0 0.00 0.0 0.0 00:10 90 06 9.1 14.5 16:50 3.2 07:30 9.3 0.0 0.00 0.0 0.0 00:10 90 07 12.2 17.3 12:40 9.2 01:10 6.2 0.0 0.00 0.0 0.0 00:10 90 08 11.2 14.7 15:40 7.9 05:00 7.1 0.0 0.00 0.0 0.0 00:10 90 09 10.3 11.8 00:10 8.4 10:40 8.1 0.0 0.02 0.0 0.0 00:10 90 10 13.8 16.8 15:50 9.7 00:10 4.5 0.0 0.00 0.0 0.0 00:10 90 11 13.6 16.3 09:20 8.2 00:00 4.7 0.0 0.38 7.9 56.3 10:40 6 12 9.3 14.0 12:50 6.8 07:40 9.0 0.0 0.02 3.2 27.4 05:20 82 13 9.4 13.9 14:20 5.6 07:30 9.0 0.0 0.00 9.0 33.8 14:10 19 14 12.2 15.6 16:30 9.6 04:30 6.2 0.0 0.00 4.3 24.1 01:10 8 15 11.7 16.8 12:10 7.0 23:10 6.7 0.0 0.02 2.9 32.2 12:40 130 16 9.4 13.9 12:50 5.3 00:00 8.9 0.0 0.00 2.1 30.6 02:40 63 17 8.2 15.2 14:10 2.7 08:30 10.1 0.0 0.00 2.0 30.6 12:00 47 18 8.0 10.6 16:00 4.9 06:30 10.3 0.0 0.00 2.8 38.6 15:00 47 19 9.7 12.9 13:30 6.7 21:30 8.6 0.0 0.00 0.0 0.0 00:10 90 20 9.6 13.2 17:00 5.2 04:10 8.7 0.0 0.00 2.2 29.0 09:10 47 21 11.3 14.7 12:00 8.2 00:00 7.0 0.0 0.00 0.0 0.0 00:10 90 22 10.8 15.9 16:10 6.6 07:00 7.5 0.0 0.00 0.0 8.0 08:50 52 23 10.4 15.3 14:40 6.7 05:30 8.0 0.0 0.00 0.2 9.7 08:30 86 24 10.1 15.3 13:00 4.9 07:50 8.3 0.0 0.00 0.2 9.7 03:10 73 25 12.7 16.8 14:10 8.2 02:10 5.7 0.0 0.00 0.0 0.0 00:10 90 26 11.2 15.6 12:40 8.9 05:50 7.1 0.0 0.00 0.0 0.0 00:10 90 27 10.7 14.7 14:40 6.4 00:00 7.6 0.0 0.08 13.5 57.9 12:50 46 28 7.2 11.4 14:30 2.9 08:20 11.1 0.0 0.00 2.4 20.9 02:20 93 29 9.3 14.9 14:10 5.1 08:20 9.0 0.0 0.00 3.2 27.4 13:30 39 30 15.2 21.0 15:50 11.6 23:40 3.1 0.0 0.00 4.9 48.3 08:00 10 31 14.1 19.2 14:00 9.3 06:20 4.2 0.0 0.00 6.3 33.8 16:30 352 --------------------------------------------------------------------------------------- 10.2 21.0 30 2.0 02 249.9 0.0 0.52 2.6 57.9 27 34