NOAA-Style Climate Reports

NOAA style reports
2022: Jan | Feb | Mar | Apr | May | Jun | Jul | Aug | Sep | Oct | Nov | Dec 
2021: Jan | Feb | Mar | Apr | May | Jun | Jul | Aug | Sep | Oct | Nov | Dec 
2020: Jan | Feb | Mar | Apr | May | Jun | Jul | Aug | Sep | Oct | Nov | Dec 
2019: Jan | Feb | Mar | Apr | May | Jun | Jul | Aug | Sep | Oct | Nov | Dec 
2018: Jan | Feb | Mar | Apr | May | Jun | Jul | Aug | Sep | Oct | Nov | Dec 
2017: Jan | Feb | Mar | Apr | May | Jun | Jul | Aug | Sep | Oct | Nov | Dec 
2016: Jan | Feb | Mar | Apr | May | Jun | Jul | Aug | Sep | Oct | Nov | Dec 
2015: Jan | Feb | Mar | Apr | May | Jun | Jul | Aug | Sep | Oct | Nov | Dec 
2014: Jan | Feb | Mar | Apr | May | Jun | Jul | Aug | Sep | Oct | Nov | Dec 
2013: Jan | Feb | Mar | Apr | May | Jun | Jul | Aug | Sep | Oct | Nov | Dec 
2012: Jan | Feb | Mar | Apr | May | Jun | Jul | Aug | Sep | Oct | Nov | Dec 
2011: Jan | Feb | Mar | Apr | May | Jun | Jul | Aug | Sep | Oct | Nov | Dec 
2010: Jan | Feb | Mar | Apr | May | Jun | Jul | Aug | Sep | Oct | Nov | Dec 
2009: Jan | Feb | Mar | Apr | May | Jun | Jul | Aug | Sep | Oct | Nov | Dec 
2008: Jan | Feb | Mar | Apr | May | Jun | Jul | Aug | Sep | Oct | Nov | Dec 
2007: Jan | Feb | Mar | Apr | May | Jun | Jul | Aug | Sep | Oct | Nov | Dec 
2006: Jan | Feb | Mar | Apr | May | Jun | Jul | Aug | Sep | Oct | Nov | Dec 
2005: Jan | Feb | Mar | Apr | May | Jun | Jul | Aug | Sep | Oct | Nov | Dec 

Report for 2017 11
MONTHLY CLIMATOLOGICAL SUMMARY for Nov 2017 NAME: Cabrera de Mar, Barcelona ELEV: 9 meters LAT: 41-33.89 N LONG: 002-24.07 E TEMPERATURE (C), RAIN (cm), WIND SPEED (km/h) HEAT COOL AVG MEAN DEG DEG WIND DOM DAY TEMP HIGH TIME LOW TIME DAYS DAYS RAIN SPEED HIGH TIME DIR --------------------------------------------------------------------------------------- 01 16.3 20.3 14:50 11.1 06:50 2.0 0.0 0.00 2.7 20.9 16:20 292 02 18.9 22.4 12:00 16.1 00:20 0.0 0.6 0.00 5.6 30.6 13:10 312 03 18.1 21.9 13:40 14.8 07:30 0.2 0.0 0.00 3.5 29.0 17:50 302 04 18.4 22.3 14:40 15.7 23:30 0.0 0.0 0.22 3.3 27.4 19:30 333 05 16.9 21.1 15:30 12.1 23:50 1.5 0.0 0.02 4.5 35.4 18:10 313 06 13.6 17.9 15:00 9.6 07:20 4.8 0.0 0.00 9.7 61.2 12:40 54 07 12.2 17.5 15:00 6.8 07:50 6.2 0.0 0.00 4.5 32.2 02:40 58 08 12.0 15.5 14:20 8.2 06:50 6.4 0.0 0.24 1.8 30.6 22:00 105 09 11.3 15.6 12:50 7.7 05:50 7.0 0.0 0.00 1.3 19.3 14:40 106 10 11.8 16.7 13:50 6.6 07:40 6.5 0.0 0.00 2.5 20.9 01:10 359 11 12.7 18.1 17:00 8.9 03:50 5.7 0.0 0.00 0.8 17.7 22:00 50 12 15.1 19.7 16:40 11.2 05:40 3.2 0.0 0.00 3.5 27.4 07:50 52 13 13.7 16.8 12:40 10.1 20:30 4.7 0.0 0.00 11.4 75.6 10:20 81 14 11.6 16.3 13:40 6.4 07:30 6.8 0.0 0.00 3.1 30.6 00:30 40 15 10.5 16.2 12:20 4.5 08:00 7.8 0.0 0.00 1.9 16.1 05:00 79 16 11.5 16.7 15:40 6.4 04:30 6.9 0.0 0.00 2.4 19.3 14:30 345 17 12.6 19.2 15:20 6.8 06:00 5.7 0.0 0.00 1.7 19.3 15:40 349 18 14.1 19.4 12:10 10.6 03:40 4.2 0.0 0.00 1.1 16.1 11:40 206 19 12.3 17.9 12:30 7.6 08:00 6.0 0.0 0.00 0.8 11.3 11:00 191 20 12.7 17.7 15:30 8.9 04:40 5.6 0.0 0.00 0.9 11.3 21:20 330 21 12.4 18.4 17:10 7.3 06:30 5.9 0.0 0.00 0.6 8.0 11:40 329 22 13.5 18.9 12:10 7.5 07:00 4.9 0.0 0.00 4.3 27.4 15:10 350 23 15.2 19.9 12:10 11.6 05:00 3.2 0.0 0.00 4.6 25.7 11:40 3 24 14.6 19.9 14:30 9.8 04:20 3.7 0.0 0.00 2.0 22.5 15:50 347 25 15.2 18.1 14:10 10.8 00:00 3.1 0.0 0.60 2.9 27.4 13:50 75 26 11.3 15.8 12:30 8.2 00:00 7.0 0.0 0.02 2.4 20.9 04:00 347 27 10.0 14.3 13:20 5.1 07:20 8.3 0.0 0.00 3.1 20.9 15:40 359 28 11.9 17.1 14:50 8.6 08:40 6.5 0.0 0.00 4.1 24.1 00:40 40 29 9.8 13.5 14:20 6.3 07:00 8.6 0.0 0.00 1.5 17.7 11:00 124 30 8.3 13.5 17:10 4.6 07:50 10.0 0.0 0.00 1.8 22.5 07:40 126 --------------------------------------------------------------------------------------- 13.3 22.4 02 4.5 15 152.2 0.6 1.10 3.1 75.6 13 24