NOAA-Style Climate Reports

NOAA style reports
2022: Jan | Feb | Mar | Apr | May | Jun | Jul | Aug | Sep | Oct | Nov | Dec 
2021: Jan | Feb | Mar | Apr | May | Jun | Jul | Aug | Sep | Oct | Nov | Dec 
2020: Jan | Feb | Mar | Apr | May | Jun | Jul | Aug | Sep | Oct | Nov | Dec 
2019: Jan | Feb | Mar | Apr | May | Jun | Jul | Aug | Sep | Oct | Nov | Dec 
2018: Jan | Feb | Mar | Apr | May | Jun | Jul | Aug | Sep | Oct | Nov | Dec 
2017: Jan | Feb | Mar | Apr | May | Jun | Jul | Aug | Sep | Oct | Nov | Dec 
2016: Jan | Feb | Mar | Apr | May | Jun | Jul | Aug | Sep | Oct | Nov | Dec 
2015: Jan | Feb | Mar | Apr | May | Jun | Jul | Aug | Sep | Oct | Nov | Dec 
2014: Jan | Feb | Mar | Apr | May | Jun | Jul | Aug | Sep | Oct | Nov | Dec 
2013: Jan | Feb | Mar | Apr | May | Jun | Jul | Aug | Sep | Oct | Nov | Dec 
2012: Jan | Feb | Mar | Apr | May | Jun | Jul | Aug | Sep | Oct | Nov | Dec 
2011: Jan | Feb | Mar | Apr | May | Jun | Jul | Aug | Sep | Oct | Nov | Dec 
2010: Jan | Feb | Mar | Apr | May | Jun | Jul | Aug | Sep | Oct | Nov | Dec 
2009: Jan | Feb | Mar | Apr | May | Jun | Jul | Aug | Sep | Oct | Nov | Dec 
2008: Jan | Feb | Mar | Apr | May | Jun | Jul | Aug | Sep | Oct | Nov | Dec 
2007: Jan | Feb | Mar | Apr | May | Jun | Jul | Aug | Sep | Oct | Nov | Dec 
2006: Jan | Feb | Mar | Apr | May | Jun | Jul | Aug | Sep | Oct | Nov | Dec 
2005: Jan | Feb | Mar | Apr | May | Jun | Jul | Aug | Sep | Oct | Nov | Dec 

Report for 2017 09
MONTHLY CLIMATOLOGICAL SUMMARY for Sep 2017 NAME: Cabrera de Mar, Barcelona ELEV: 9 meters LAT: 41-33.89 N LONG: 002-24.07 E TEMPERATURE (C), RAIN (cm), WIND SPEED (km/h) HEAT COOL AVG MEAN DEG DEG WIND DOM DAY TEMP HIGH TIME LOW TIME DAYS DAYS RAIN SPEED HIGH TIME DIR --------------------------------------------------------------------------------------- 01 22.1 25.2 14:30 18.9 03:20 0.0 3.8 0.00 0.0 0.0 00:10 90 02 22.3 25.6 15:50 16.9 07:50 0.0 4.0 0.58 0.6 20.9 03:50 102 03 22.6 26.1 14:40 19.1 05:40 0.0 4.2 0.00 1.9 22.5 17:00 208 04 23.5 27.3 14:50 20.5 06:10 0.0 5.1 0.12 2.9 27.4 14:20 190 05 24.3 28.4 17:00 19.3 07:40 0.0 5.9 0.00 6.8 32.2 15:20 313 06 24.1 27.7 12:50 22.0 07:50 0.0 5.8 0.92 4.7 33.8 15:00 257 07 22.2 25.2 16:00 18.1 09:00 0.0 3.8 1.10 5.0 25.7 16:50 299 08 21.7 24.6 14:50 19.1 06:10 0.0 3.4 0.00 0.6 16.1 19:10 177 09 20.3 25.0 11:40 16.6 22:20 0.0 2.0 0.62 1.9 35.4 12:20 137 10 19.5 23.7 17:30 15.1 07:30 0.0 1.2 0.00 1.0 20.9 04:10 57 11 21.8 26.6 13:20 17.0 07:20 0.0 3.5 0.00 0.3 17.7 08:30 1 12 21.6 23.1 01:30 19.8 12:50 0.0 3.2 0.60 3.9 27.4 04:40 242 13 22.5 26.7 14:00 18.2 06:30 0.0 4.1 0.00 0.0 6.4 01:50 90 14 22.5 27.4 14:00 18.9 23:30 0.0 4.2 0.08 0.0 8.0 23:00 128 15 15.7 19.2 01:30 13.7 00:00 2.6 0.0 1.12 1.7 19.3 09:00 91 16 16.8 21.6 14:40 11.2 07:50 1.5 0.0 0.02 3.2 29.0 18:50 291 17 18.7 23.9 12:40 13.3 06:00 0.0 0.4 0.00 0.1 16.1 23:50 93 18 19.1 21.6 15:10 17.3 06:20 0.0 0.8 0.28 1.2 30.6 12:00 127 19 20.4 22.9 17:50 18.8 00:00 0.0 2.1 0.00 0.0 0.0 00:10 90 20 19.4 22.9 17:10 15.1 07:50 0.0 1.1 0.00 0.0 0.0 00:10 90 21 20.8 25.0 16:50 15.8 06:00 0.0 2.4 0.00 0.0 0.0 00:10 90 22 20.9 23.7 11:40 18.4 08:00 0.0 2.6 0.06 0.1 17.7 16:30 55 23 21.3 23.9 13:40 17.4 06:40 0.0 3.0 0.00 0.1 16.1 02:50 60 24 22.3 26.2 14:50 18.5 08:20 0.0 4.0 0.00 0.0 0.0 00:10 90 25 21.7 26.2 13:30 17.9 08:00 0.0 3.4 0.00 1.7 40.2 20:40 101 26 20.3 24.3 13:20 16.2 07:50 0.0 1.9 0.00 0.1 9.7 06:30 73 27 21.1 25.2 14:40 16.7 08:10 0.0 2.7 0.00 0.0 0.0 00:10 90 28 21.3 25.0 15:10 17.9 08:00 0.0 3.0 0.00 0.1 6.4 03:10 22 29 21.4 24.8 14:40 17.4 08:20 0.0 3.0 0.00 0.0 0.0 00:10 90 30 21.0 24.2 13:10 17.6 08:10 0.0 2.6 0.08 0.0 0.0 00:10 90 --------------------------------------------------------------------------------------- 21.1 28.4 05 11.2 16 4.1 87.3 5.58 1.3 40.2 25 265