NOAA-Style Climate Reports

NOAA style reports
2022: Jan | Feb | Mar | Apr | May | Jun | Jul | Aug | Sep | Oct | Nov | Dec 
2021: Jan | Feb | Mar | Apr | May | Jun | Jul | Aug | Sep | Oct | Nov | Dec 
2020: Jan | Feb | Mar | Apr | May | Jun | Jul | Aug | Sep | Oct | Nov | Dec 
2019: Jan | Feb | Mar | Apr | May | Jun | Jul | Aug | Sep | Oct | Nov | Dec 
2018: Jan | Feb | Mar | Apr | May | Jun | Jul | Aug | Sep | Oct | Nov | Dec 
2017: Jan | Feb | Mar | Apr | May | Jun | Jul | Aug | Sep | Oct | Nov | Dec 
2016: Jan | Feb | Mar | Apr | May | Jun | Jul | Aug | Sep | Oct | Nov | Dec 
2015: Jan | Feb | Mar | Apr | May | Jun | Jul | Aug | Sep | Oct | Nov | Dec 
2014: Jan | Feb | Mar | Apr | May | Jun | Jul | Aug | Sep | Oct | Nov | Dec 
2013: Jan | Feb | Mar | Apr | May | Jun | Jul | Aug | Sep | Oct | Nov | Dec 
2012: Jan | Feb | Mar | Apr | May | Jun | Jul | Aug | Sep | Oct | Nov | Dec 
2011: Jan | Feb | Mar | Apr | May | Jun | Jul | Aug | Sep | Oct | Nov | Dec 
2010: Jan | Feb | Mar | Apr | May | Jun | Jul | Aug | Sep | Oct | Nov | Dec 
2009: Jan | Feb | Mar | Apr | May | Jun | Jul | Aug | Sep | Oct | Nov | Dec 
2008: Jan | Feb | Mar | Apr | May | Jun | Jul | Aug | Sep | Oct | Nov | Dec 
2007: Jan | Feb | Mar | Apr | May | Jun | Jul | Aug | Sep | Oct | Nov | Dec 
2006: Jan | Feb | Mar | Apr | May | Jun | Jul | Aug | Sep | Oct | Nov | Dec 
2005: Jan | Feb | Mar | Apr | May | Jun | Jul | Aug | Sep | Oct | Nov | Dec 

Report for 2017 08
MONTHLY CLIMATOLOGICAL SUMMARY for Aug 2017 NAME: Cabrera de Mar, Barcelona ELEV: 9 meters LAT: 41-33.89 N LONG: 002-24.07 E TEMPERATURE (C), RAIN (cm), WIND SPEED (km/h) HEAT COOL AVG MEAN DEG DEG WIND DOM DAY TEMP HIGH TIME LOW TIME DAYS DAYS RAIN SPEED HIGH TIME DIR --------------------------------------------------------------------------------------- 01 26.2 29.2 11:20 23.8 06:30 0.0 7.8 0.02 2.8 24.1 10:40 195 02 26.8 30.7 18:10 22.9 07:10 0.0 8.4 0.00 0.1 11.3 01:50 113 03 26.9 30.3 09:40 23.8 06:50 0.0 8.6 0.00 0.1 11.3 05:50 82 04 27.8 31.4 15:10 23.3 06:50 0.0 9.4 0.00 0.0 0.0 00:10 90 05 28.3 32.1 12:50 24.6 07:00 0.0 10.0 0.00 0.0 0.0 00:10 90 06 26.9 29.1 11:40 24.4 06:20 0.0 8.6 0.00 0.0 6.4 07:40 135 07 27.1 29.8 17:00 23.3 07:20 0.0 8.8 0.00 0.0 0.0 00:10 90 08 26.1 27.8 16:50 22.7 23:40 0.0 7.8 0.28 0.1 37.0 09:40 202 09 23.0 26.1 14:10 19.4 23:30 0.0 4.6 0.08 0.0 0.0 00:10 90 10 21.9 25.7 17:50 18.3 05:20 0.0 3.6 0.02 0.0 0.0 00:10 90 11 22.2 25.0 15:20 19.5 07:40 0.0 3.9 0.00 0.0 0.0 00:10 90 12 23.2 25.8 17:30 19.9 07:10 0.0 4.8 0.08 0.0 0.0 00:10 90 13 24.1 27.7 17:10 19.1 07:00 0.0 5.8 0.00 0.0 0.0 00:10 90 14 25.0 28.9 13:00 19.5 07:50 0.0 6.6 0.00 0.0 0.0 00:10 90 15 24.8 28.1 12:30 20.9 06:30 0.0 6.5 0.00 0.0 0.0 00:10 90 16 25.0 27.4 16:30 22.1 07:50 0.0 6.7 0.00 0.0 0.0 00:10 90 17 26.0 30.1 12:50 21.8 07:30 0.0 7.7 0.00 0.0 0.0 00:10 90 18 26.4 30.2 13:50 22.0 07:30 0.0 8.1 0.00 0.0 0.0 00:10 90 19 25.6 28.0 16:20 23.6 08:10 0.0 7.2 0.00 0.0 0.0 00:10 90 20 25.6 28.2 14:50 23.6 08:50 0.0 7.2 0.00 0.0 0.0 00:10 90 21 24.9 28.1 14:10 21.8 07:30 0.0 6.6 0.00 0.0 0.0 00:10 90 22 25.4 28.9 14:20 21.4 07:30 0.0 7.1 0.00 0.0 0.0 00:10 90 23 25.4 29.2 15:00 21.6 07:10 0.0 7.1 0.08 0.1 16.1 22:10 12 24 25.3 29.8 13:30 21.6 06:40 0.0 7.0 0.00 4.1 27.4 10:20 317 25 25.4 29.1 15:00 20.5 06:50 0.0 7.1 0.00 1.1 14.5 18:10 256 26 25.9 28.7 14:20 23.1 03:30 0.0 7.6 0.00 1.3 17.7 12:30 216 27 26.1 28.8 14:30 23.8 07:40 0.0 7.8 0.00 2.4 22.5 10:40 196 28 26.2 28.9 13:40 23.1 07:10 0.0 7.9 0.00 0.4 17.7 22:20 317 29 27.3 30.9 15:00 23.7 07:50 0.0 9.0 0.00 3.5 35.4 17:10 345 30 25.9 29.2 12:00 22.9 07:40 0.0 7.6 0.04 7.5 37.0 14:40 334 31 22.8 23.9 15:40 20.2 00:00 0.0 4.4 0.22 2.5 24.1 12:20 186 --------------------------------------------------------------------------------------- 25.5 32.1 05 18.3 10 0.0 221.3 0.82 0.8 37.0 08 294