NOAA-Style Climate Reports

NOAA style reports
2022: Jan | Feb | Mar | Apr | May | Jun | Jul | Aug | Sep | Oct | Nov | Dec 
2021: Jan | Feb | Mar | Apr | May | Jun | Jul | Aug | Sep | Oct | Nov | Dec 
2020: Jan | Feb | Mar | Apr | May | Jun | Jul | Aug | Sep | Oct | Nov | Dec 
2019: Jan | Feb | Mar | Apr | May | Jun | Jul | Aug | Sep | Oct | Nov | Dec 
2018: Jan | Feb | Mar | Apr | May | Jun | Jul | Aug | Sep | Oct | Nov | Dec 
2017: Jan | Feb | Mar | Apr | May | Jun | Jul | Aug | Sep | Oct | Nov | Dec 
2016: Jan | Feb | Mar | Apr | May | Jun | Jul | Aug | Sep | Oct | Nov | Dec 
2015: Jan | Feb | Mar | Apr | May | Jun | Jul | Aug | Sep | Oct | Nov | Dec 
2014: Jan | Feb | Mar | Apr | May | Jun | Jul | Aug | Sep | Oct | Nov | Dec 
2013: Jan | Feb | Mar | Apr | May | Jun | Jul | Aug | Sep | Oct | Nov | Dec 
2012: Jan | Feb | Mar | Apr | May | Jun | Jul | Aug | Sep | Oct | Nov | Dec 
2011: Jan | Feb | Mar | Apr | May | Jun | Jul | Aug | Sep | Oct | Nov | Dec 
2010: Jan | Feb | Mar | Apr | May | Jun | Jul | Aug | Sep | Oct | Nov | Dec 
2009: Jan | Feb | Mar | Apr | May | Jun | Jul | Aug | Sep | Oct | Nov | Dec 
2008: Jan | Feb | Mar | Apr | May | Jun | Jul | Aug | Sep | Oct | Nov | Dec 
2007: Jan | Feb | Mar | Apr | May | Jun | Jul | Aug | Sep | Oct | Nov | Dec 
2006: Jan | Feb | Mar | Apr | May | Jun | Jul | Aug | Sep | Oct | Nov | Dec 
2005: Jan | Feb | Mar | Apr | May | Jun | Jul | Aug | Sep | Oct | Nov | Dec 

Report for 2017 07
MONTHLY CLIMATOLOGICAL SUMMARY for Jul 2017 NAME: Cabrera de Mar, Barcelona ELEV: 9 meters LAT: 41-33.89 N LONG: 002-24.07 E TEMPERATURE (C), RAIN (cm), WIND SPEED (km/h) HEAT COOL AVG MEAN DEG DEG WIND DOM DAY TEMP HIGH TIME LOW TIME DAYS DAYS RAIN SPEED HIGH TIME DIR --------------------------------------------------------------------------------------- 01 20.7 23.3 14:00 17.9 04:00 0.0 2.3 0.00 5.6 35.4 08:00 346 02 22.1 25.2 15:00 18.2 06:50 0.0 3.7 0.00 4.7 27.4 05:30 351 03 22.7 26.6 16:50 18.2 06:30 0.0 4.4 0.00 6.8 29.0 14:20 341 04 23.3 26.9 14:50 18.2 06:50 0.0 4.9 0.00 1.3 19.3 18:50 348 05 23.2 26.6 14:20 18.2 06:20 0.0 4.9 0.00 3.9 17.7 13:40 238 06 24.8 28.7 14:30 19.5 05:20 0.0 6.5 0.00 2.0 17.7 13:30 211 07 25.3 28.6 16:50 20.8 06:20 0.0 7.0 0.00 1.3 20.9 18:40 186 08 25.8 30.9 10:30 22.3 03:00 0.0 7.5 0.08 6.6 32.2 11:50 200 09 25.0 27.7 15:30 22.1 06:50 0.0 6.7 0.00 3.8 29.0 20:10 279 10 24.9 27.6 17:20 21.8 05:50 0.0 6.5 0.00 3.4 17.7 11:50 273 11 25.2 27.8 16:40 22.3 06:50 0.0 6.9 0.00 4.4 19.3 22:20 286 12 25.9 28.9 18:10 22.5 05:50 0.0 7.5 0.00 5.0 22.5 11:20 296 13 26.2 28.9 16:20 23.2 06:30 0.0 7.9 0.00 3.5 41.8 14:30 344 14 25.3 25.9 13:00 24.1 04:20 0.0 6.9 0.00 2.7 20.9 08:20 305 15 25.7 29.2 17:10 22.3 06:50 0.0 7.4 0.00 3.5 24.1 17:30 300 16 26.1 28.9 12:30 22.5 07:10 0.0 7.8 0.00 2.0 20.9 13:50 239 17 25.6 28.7 12:00 22.2 06:40 0.0 7.2 0.00 2.9 20.9 11:40 230 18 26.0 29.5 15:10 22.6 06:50 0.0 7.7 0.00 3.9 24.1 15:20 318 19 26.3 28.9 12:50 22.9 05:20 0.0 7.9 0.00 4.3 25.7 13:10 246 20 26.3 28.7 13:00 24.3 06:10 0.0 8.0 0.02 12.4 40.2 11:20 201 21 25.2 28.0 12:20 22.2 06:10 0.0 6.9 0.00 3.8 27.4 14:40 289 22 25.8 28.8 17:00 22.7 04:40 0.0 7.4 0.00 5.2 24.1 17:00 329 23 25.2 27.3 14:00 21.9 00:00 0.0 6.8 0.18 2.0 24.1 22:10 209 24 24.7 28.6 13:20 20.3 05:00 0.0 6.3 0.00 4.9 27.4 19:40 212 25 24.1 27.3 14:50 20.7 00:00 0.0 5.8 2.50 7.3 30.6 15:00 308 26 23.1 25.8 13:20 20.2 05:20 0.0 4.8 0.00 3.8 24.1 13:40 314 27 25.0 28.9 16:50 19.7 06:30 0.0 6.7 0.00 0.7 22.5 20:40 344 28 26.1 28.6 13:40 23.9 04:00 0.0 7.8 0.00 2.1 19.3 14:40 278 29 25.7 28.7 16:40 21.7 07:00 0.0 7.3 0.00 1.9 17.7 20:40 297 30 25.9 29.4 15:00 21.4 06:50 0.0 7.5 0.00 0.1 8.0 23:40 121 31 26.1 30.2 14:10 22.2 06:30 0.0 7.8 0.00 4.9 32.2 10:50 196 --------------------------------------------------------------------------------------- 24.9 30.9 08 17.9 01 0.0 204.7 2.78 3.9 41.8 13 270