NOAA-Style Climate Reports

NOAA style reports
2022: Jan | Feb | Mar | Apr | May | Jun | Jul | Aug | Sep | Oct | Nov | Dec 
2021: Jan | Feb | Mar | Apr | May | Jun | Jul | Aug | Sep | Oct | Nov | Dec 
2020: Jan | Feb | Mar | Apr | May | Jun | Jul | Aug | Sep | Oct | Nov | Dec 
2019: Jan | Feb | Mar | Apr | May | Jun | Jul | Aug | Sep | Oct | Nov | Dec 
2018: Jan | Feb | Mar | Apr | May | Jun | Jul | Aug | Sep | Oct | Nov | Dec 
2017: Jan | Feb | Mar | Apr | May | Jun | Jul | Aug | Sep | Oct | Nov | Dec 
2016: Jan | Feb | Mar | Apr | May | Jun | Jul | Aug | Sep | Oct | Nov | Dec 
2015: Jan | Feb | Mar | Apr | May | Jun | Jul | Aug | Sep | Oct | Nov | Dec 
2014: Jan | Feb | Mar | Apr | May | Jun | Jul | Aug | Sep | Oct | Nov | Dec 
2013: Jan | Feb | Mar | Apr | May | Jun | Jul | Aug | Sep | Oct | Nov | Dec 
2012: Jan | Feb | Mar | Apr | May | Jun | Jul | Aug | Sep | Oct | Nov | Dec 
2011: Jan | Feb | Mar | Apr | May | Jun | Jul | Aug | Sep | Oct | Nov | Dec 
2010: Jan | Feb | Mar | Apr | May | Jun | Jul | Aug | Sep | Oct | Nov | Dec 
2009: Jan | Feb | Mar | Apr | May | Jun | Jul | Aug | Sep | Oct | Nov | Dec 
2008: Jan | Feb | Mar | Apr | May | Jun | Jul | Aug | Sep | Oct | Nov | Dec 
2007: Jan | Feb | Mar | Apr | May | Jun | Jul | Aug | Sep | Oct | Nov | Dec 
2006: Jan | Feb | Mar | Apr | May | Jun | Jul | Aug | Sep | Oct | Nov | Dec 
2005: Jan | Feb | Mar | Apr | May | Jun | Jul | Aug | Sep | Oct | Nov | Dec 

Report for 2017 06
MONTHLY CLIMATOLOGICAL SUMMARY for Jun 2017 NAME: Cabrera de Mar, Barcelona ELEV: 9 meters LAT: 41-33.89 N LONG: 002-24.07 E TEMPERATURE (C), RAIN (cm), WIND SPEED (km/h) HEAT COOL AVG MEAN DEG DEG WIND DOM DAY TEMP HIGH TIME LOW TIME DAYS DAYS RAIN SPEED HIGH TIME DIR --------------------------------------------------------------------------------------- 01 20.8 23.8 15:40 17.3 04:30 0.0 2.4 0.00 0.0 0.0 00:10 90 02 21.9 24.7 15:10 17.8 07:20 0.0 3.6 0.00 0.0 0.0 00:10 90 03 23.4 29.3 16:30 20.6 06:30 0.0 5.0 0.00 0.0 0.0 00:10 90 04 21.1 23.4 13:10 19.1 05:50 0.0 2.8 0.04 0.0 0.0 00:10 90 05 20.8 25.2 13:20 18.7 08:10 0.0 2.5 0.00 0.0 0.0 00:10 90 06 21.1 24.9 15:10 17.3 06:10 0.0 2.7 0.00 0.0 0.0 00:10 90 07 20.3 21.6 18:50 19.4 02:10 0.0 1.9 0.00 0.0 0.0 00:10 90 08 21.5 24.6 12:50 18.3 07:00 0.0 3.2 0.00 0.0 0.0 00:10 90 09 21.6 24.2 15:50 19.1 06:10 0.0 3.3 0.02 0.0 0.0 00:10 90 10 22.5 26.3 15:20 18.2 06:40 0.0 4.2 0.00 0.0 0.0 00:10 90 11 23.3 27.1 12:40 18.8 06:20 0.0 5.0 0.00 0.0 0.0 00:10 90 12 24.0 27.7 12:30 19.4 06:20 0.0 5.6 0.00 0.0 0.0 00:10 90 13 24.7 28.4 15:30 20.2 06:40 0.0 6.3 0.00 0.0 0.0 00:10 90 14 25.2 29.5 12:30 19.9 06:10 0.0 6.9 0.00 0.0 0.0 00:10 90 15 25.2 28.3 14:50 20.3 06:30 0.0 6.8 0.00 0.0 0.0 00:10 90 16 26.6 29.9 13:20 23.3 06:20 0.0 8.3 0.00 0.0 0.0 00:10 90 17 26.4 28.4 16:40 24.3 07:20 0.0 8.1 0.00 0.0 0.0 00:10 90 18 25.4 28.8 16:20 21.7 07:10 0.0 7.0 0.00 0.0 0.0 00:10 90 19 24.8 28.7 13:50 20.9 05:10 0.0 6.4 0.00 0.0 0.0 00:10 90 20 26.1 28.9 16:30 23.2 03:50 0.0 7.7 0.00 0.0 0.0 00:10 90 21 25.5 29.1 14:40 21.7 06:50 0.0 7.1 0.00 0.0 0.0 00:10 90 22 25.5 28.9 15:50 22.0 05:30 0.0 7.1 0.00 0.0 0.0 00:10 90 23 26.2 29.3 12:30 23.2 06:50 0.0 7.8 0.00 0.0 0.0 00:10 90 24 25.3 28.3 16:10 21.3 06:30 0.0 6.9 0.00 0.0 0.0 00:10 90 25 24.6 26.9 14:40 22.7 05:00 0.0 6.3 0.02 0.0 0.0 00:10 90 26 25.4 28.4 15:50 22.1 06:50 0.0 7.1 0.00 0.0 0.0 00:10 90 27 24.9 26.9 13:10 22.4 06:20 0.0 6.5 0.00 0.0 0.0 00:10 90 28 24.6 32.5 16:40 19.1 23:40 0.0 6.2 0.44 1.5 53.1 20:00 179 29 22.6 28.7 14:30 17.3 06:30 0.0 4.2 0.00 9.7 48.3 15:40 14 30 21.7 27.7 16:50 17.5 07:50 0.0 3.4 0.06 7.7 41.8 17:20 325 --------------------------------------------------------------------------------------- 23.8 32.5 28 17.3 01 0.0 162.5 0.58 0.6 53.1 28 359