NOAA-Style Climate Reports

NOAA style reports
2022: Jan | Feb | Mar | Apr | May | Jun | Jul | Aug | Sep | Oct | Nov | Dec 
2021: Jan | Feb | Mar | Apr | May | Jun | Jul | Aug | Sep | Oct | Nov | Dec 
2020: Jan | Feb | Mar | Apr | May | Jun | Jul | Aug | Sep | Oct | Nov | Dec 
2019: Jan | Feb | Mar | Apr | May | Jun | Jul | Aug | Sep | Oct | Nov | Dec 
2018: Jan | Feb | Mar | Apr | May | Jun | Jul | Aug | Sep | Oct | Nov | Dec 
2017: Jan | Feb | Mar | Apr | May | Jun | Jul | Aug | Sep | Oct | Nov | Dec 
2016: Jan | Feb | Mar | Apr | May | Jun | Jul | Aug | Sep | Oct | Nov | Dec 
2015: Jan | Feb | Mar | Apr | May | Jun | Jul | Aug | Sep | Oct | Nov | Dec 
2014: Jan | Feb | Mar | Apr | May | Jun | Jul | Aug | Sep | Oct | Nov | Dec 
2013: Jan | Feb | Mar | Apr | May | Jun | Jul | Aug | Sep | Oct | Nov | Dec 
2012: Jan | Feb | Mar | Apr | May | Jun | Jul | Aug | Sep | Oct | Nov | Dec 
2011: Jan | Feb | Mar | Apr | May | Jun | Jul | Aug | Sep | Oct | Nov | Dec 
2010: Jan | Feb | Mar | Apr | May | Jun | Jul | Aug | Sep | Oct | Nov | Dec 
2009: Jan | Feb | Mar | Apr | May | Jun | Jul | Aug | Sep | Oct | Nov | Dec 
2008: Jan | Feb | Mar | Apr | May | Jun | Jul | Aug | Sep | Oct | Nov | Dec 
2007: Jan | Feb | Mar | Apr | May | Jun | Jul | Aug | Sep | Oct | Nov | Dec 
2006: Jan | Feb | Mar | Apr | May | Jun | Jul | Aug | Sep | Oct | Nov | Dec 
2005: Jan | Feb | Mar | Apr | May | Jun | Jul | Aug | Sep | Oct | Nov | Dec 

Report for 2017 04
MONTHLY CLIMATOLOGICAL SUMMARY for Apr 2017 NAME: Cabrera de Mar, Barcelona ELEV: 9 meters LAT: 41-33.89 N LONG: 002-24.07 E TEMPERATURE (C), RAIN (cm), WIND SPEED (km/h) HEAT COOL AVG MEAN DEG DEG WIND DOM DAY TEMP HIGH TIME LOW TIME DAYS DAYS RAIN SPEED HIGH TIME DIR --------------------------------------------------------------------------------------- 01 12.5 14.7 12:00 9.6 23:50 5.8 0.0 0.52 0.0 0.0 00:10 90 02 11.7 15.8 15:20 6.8 07:40 6.7 0.0 0.22 0.0 0.0 00:10 90 03 14.5 19.5 13:20 10.4 08:10 3.8 0.0 0.00 0.0 0.0 00:10 90 04 15.5 20.2 16:40 10.2 07:50 2.9 0.0 0.00 0.0 0.0 00:10 90 05 15.6 19.3 16:00 12.3 23:10 2.7 0.0 0.18 0.0 0.0 00:10 90 06 14.4 18.5 14:40 9.9 06:10 3.9 0.0 0.00 0.0 0.0 00:10 90 07 14.6 19.1 12:00 9.9 07:40 3.8 0.0 0.00 0.0 0.0 00:10 90 08 14.8 18.9 13:50 10.1 07:50 3.5 0.0 0.00 0.0 0.0 00:10 90 09 14.3 18.8 14:20 9.2 07:10 4.0 0.0 0.00 0.0 0.0 00:10 90 10 15.2 19.3 16:00 9.9 07:50 3.1 0.0 0.00 0.0 0.0 00:10 90 11 16.1 19.3 13:20 12.1 06:30 2.3 0.0 0.00 0.0 0.0 00:10 90 12 16.3 21.3 13:10 11.6 07:50 2.0 0.0 0.00 0.0 0.0 00:10 90 13 15.6 19.8 11:20 11.8 07:40 2.8 0.0 0.00 0.0 0.0 00:10 90 14 16.7 22.3 18:10 11.3 06:50 1.7 0.0 0.00 0.0 0.0 00:10 90 15 16.5 18.7 11:30 13.7 07:40 1.8 0.0 0.00 0.0 0.0 00:10 90 16 16.1 19.6 15:50 12.8 03:40 2.2 0.0 0.00 0.0 0.0 00:10 90 17 16.1 19.6 16:20 11.9 07:00 2.2 0.0 0.00 0.0 0.0 00:10 90 18 16.2 19.1 13:50 13.5 05:50 2.1 0.0 0.00 0.0 0.0 00:10 90 19 14.7 18.7 16:50 11.4 23:10 3.6 0.0 0.00 0.0 0.0 00:10 90 20 13.1 18.2 13:20 8.3 07:00 5.3 0.0 0.00 0.0 0.0 00:10 90 21 12.4 17.0 14:30 6.0 07:30 5.9 0.0 0.00 0.0 0.0 00:10 90 22 14.5 17.9 13:10 10.6 07:10 3.9 0.0 0.00 0.0 0.0 00:10 90 23 15.1 19.1 15:30 10.1 07:00 3.3 0.0 0.00 0.0 0.0 00:10 90 24 15.0 18.5 13:40 9.9 07:00 3.4 0.0 0.00 0.0 0.0 00:10 90 25 16.0 20.3 15:00 11.8 04:40 2.3 0.0 0.00 0.0 1.6 14:40 90 26 14.5 16.6 01:20 11.8 23:30 3.9 0.0 0.18 0.0 0.0 00:10 90 27 9.8 11.8 00:10 7.2 00:00 8.5 0.0 1.46 0.0 0.0 00:10 90 28 10.8 15.3 15:00 4.6 07:10 7.5 0.0 0.02 0.0 0.0 00:10 90 29 13.2 17.5 14:40 7.3 07:20 5.1 0.0 0.00 0.0 0.0 00:10 90 30 15.8 18.5 14:40 13.7 03:20 2.5 0.0 0.06 0.0 0.0 00:10 90 --------------------------------------------------------------------------------------- 14.6 22.3 14 4.6 28 112.5 0.0 2.64 0.0 1.6 25 90