NOAA-Style Climate Reports

NOAA style reports
2022: Jan | Feb | Mar | Apr | May | Jun | Jul | Aug | Sep | Oct | Nov | Dec 
2021: Jan | Feb | Mar | Apr | May | Jun | Jul | Aug | Sep | Oct | Nov | Dec 
2020: Jan | Feb | Mar | Apr | May | Jun | Jul | Aug | Sep | Oct | Nov | Dec 
2019: Jan | Feb | Mar | Apr | May | Jun | Jul | Aug | Sep | Oct | Nov | Dec 
2018: Jan | Feb | Mar | Apr | May | Jun | Jul | Aug | Sep | Oct | Nov | Dec 
2017: Jan | Feb | Mar | Apr | May | Jun | Jul | Aug | Sep | Oct | Nov | Dec 
2016: Jan | Feb | Mar | Apr | May | Jun | Jul | Aug | Sep | Oct | Nov | Dec 
2015: Jan | Feb | Mar | Apr | May | Jun | Jul | Aug | Sep | Oct | Nov | Dec 
2014: Jan | Feb | Mar | Apr | May | Jun | Jul | Aug | Sep | Oct | Nov | Dec 
2013: Jan | Feb | Mar | Apr | May | Jun | Jul | Aug | Sep | Oct | Nov | Dec 
2012: Jan | Feb | Mar | Apr | May | Jun | Jul | Aug | Sep | Oct | Nov | Dec 
2011: Jan | Feb | Mar | Apr | May | Jun | Jul | Aug | Sep | Oct | Nov | Dec 
2010: Jan | Feb | Mar | Apr | May | Jun | Jul | Aug | Sep | Oct | Nov | Dec 
2009: Jan | Feb | Mar | Apr | May | Jun | Jul | Aug | Sep | Oct | Nov | Dec 
2008: Jan | Feb | Mar | Apr | May | Jun | Jul | Aug | Sep | Oct | Nov | Dec 
2007: Jan | Feb | Mar | Apr | May | Jun | Jul | Aug | Sep | Oct | Nov | Dec 
2006: Jan | Feb | Mar | Apr | May | Jun | Jul | Aug | Sep | Oct | Nov | Dec 
2005: Jan | Feb | Mar | Apr | May | Jun | Jul | Aug | Sep | Oct | Nov | Dec 

Report for 2016 10
MONTHLY CLIMATOLOGICAL SUMMARY for Oct 2016 NAME: Cabrera de Mar, Barcelona ELEV: 9 meters LAT: 41-33.89 N LONG: 002-24.07 E TEMPERATURE (C), RAIN (cm), WIND SPEED (km/h) HEAT COOL AVG MEAN DEG DEG WIND DOM DAY TEMP HIGH TIME LOW TIME DAYS DAYS RAIN SPEED HIGH TIME DIR --------------------------------------------------------------------------------------- 01 22.2 25.7 14:00 18.6 05:10 0.0 3.9 0.00 6.7 32.2 15:20 275 02 22.1 25.5 13:30 19.6 05:10 0.0 3.7 0.00 3.4 25.7 22:10 114 03 21.6 24.2 12:50 18.6 07:00 0.0 3.3 0.00 3.1 25.7 11:00 122 04 21.1 24.1 15:00 18.2 07:50 0.0 2.8 0.00 3.1 22.5 11:50 116 05 20.5 23.9 13:20 16.6 07:40 0.0 2.1 0.00 2.2 16.1 18:40 178 06 18.5 21.3 16:30 15.1 22:30 0.0 0.1 0.74 3.5 45.1 08:50 87 07 19.8 24.1 14:50 15.1 08:30 0.0 1.5 0.00 0.0 16.1 15:40 90 08 20.0 22.3 14:20 18.3 02:50 0.0 1.7 0.00 0.6 25.7 19:50 136 09 19.1 22.0 12:40 16.9 05:20 0.0 0.7 0.00 2.2 29.0 13:00 267 10 17.4 19.3 15:50 15.5 07:50 0.9 0.0 0.02 2.2 22.5 14:30 5 11 17.1 19.8 14:40 15.0 23:40 1.2 0.0 0.00 4.9 32.2 18:30 122 12 16.6 20.8 13:20 13.3 07:30 1.8 0.0 10.26 3.1 27.4 18:00 68 13 18.5 21.6 12:50 16.1 01:10 0.0 0.2 2.74 2.8 35.4 20:20 103 14 17.8 21.1 16:20 13.9 08:10 0.5 0.0 0.44 2.5 33.8 11:20 319 15 18.7 23.1 17:10 14.8 03:10 0.0 0.3 0.00 3.9 25.7 17:40 264 16 19.4 23.7 13:30 14.8 08:30 0.0 1.1 0.00 2.1 20.9 13:40 261 17 19.3 23.3 14:00 15.9 06:40 0.0 0.9 0.02 0.0 4.8 00:30 90 18 19.4 22.7 14:20 15.9 08:40 0.0 1.0 0.00 1.8 30.6 16:20 272 19 18.3 19.7 13:20 16.8 08:20 0.1 0.0 0.02 2.1 20.9 11:20 144 20 17.1 18.1 13:00 15.4 08:30 1.2 0.0 0.00 3.0 20.9 05:50 179 21 15.1 16.7 14:00 13.4 05:30 3.2 0.0 0.00 1.8 22.5 18:10 340 22 16.2 18.8 15:30 14.0 09:00 2.2 0.0 0.46 2.4 24.1 13:30 94 23 18.7 22.4 15:50 15.5 00:50 0.0 0.4 0.02 0.0 6.4 08:40 90 24 19.2 22.1 12:50 16.4 06:40 0.0 0.9 0.02 0.0 0.0 00:10 90 25 19.3 21.2 18:00 18.2 08:00 0.0 1.0 0.28 0.2 32.2 01:40 304 26 18.6 21.6 16:40 16.7 05:00 0.0 0.3 0.02 0.0 6.4 11:40 90 27 18.1 21.7 12:50 15.4 07:40 0.2 0.0 0.00 0.0 6.4 09:50 90 28 16.7 19.4 12:50 13.3 07:30 1.6 0.0 0.02 0.0 0.0 00:10 90 29 16.3 19.5 14:40 12.8 08:20 2.1 0.0 0.04 0.0 0.0 00:10 90 30 16.1 18.5 12:40 12.7 04:10 2.2 0.0 0.00 0.0 0.0 00:10 90 31 16.2 19.1 13:00 13.2 05:30 2.1 0.0 0.00 0.0 0.0 00:10 90 --------------------------------------------------------------------------------------- 18.5 25.7 01 12.7 30 19.4 26.0 15.10 1.9 45.1 06 128