NOAA-Style Climate Reports

NOAA style reports
2022: Jan | Feb | Mar | Apr | May | Jun | Jul | Aug | Sep | Oct | Nov | Dec 
2021: Jan | Feb | Mar | Apr | May | Jun | Jul | Aug | Sep | Oct | Nov | Dec 
2020: Jan | Feb | Mar | Apr | May | Jun | Jul | Aug | Sep | Oct | Nov | Dec 
2019: Jan | Feb | Mar | Apr | May | Jun | Jul | Aug | Sep | Oct | Nov | Dec 
2018: Jan | Feb | Mar | Apr | May | Jun | Jul | Aug | Sep | Oct | Nov | Dec 
2017: Jan | Feb | Mar | Apr | May | Jun | Jul | Aug | Sep | Oct | Nov | Dec 
2016: Jan | Feb | Mar | Apr | May | Jun | Jul | Aug | Sep | Oct | Nov | Dec 
2015: Jan | Feb | Mar | Apr | May | Jun | Jul | Aug | Sep | Oct | Nov | Dec 
2014: Jan | Feb | Mar | Apr | May | Jun | Jul | Aug | Sep | Oct | Nov | Dec 
2013: Jan | Feb | Mar | Apr | May | Jun | Jul | Aug | Sep | Oct | Nov | Dec 
2012: Jan | Feb | Mar | Apr | May | Jun | Jul | Aug | Sep | Oct | Nov | Dec 
2011: Jan | Feb | Mar | Apr | May | Jun | Jul | Aug | Sep | Oct | Nov | Dec 
2010: Jan | Feb | Mar | Apr | May | Jun | Jul | Aug | Sep | Oct | Nov | Dec 
2009: Jan | Feb | Mar | Apr | May | Jun | Jul | Aug | Sep | Oct | Nov | Dec 
2008: Jan | Feb | Mar | Apr | May | Jun | Jul | Aug | Sep | Oct | Nov | Dec 
2007: Jan | Feb | Mar | Apr | May | Jun | Jul | Aug | Sep | Oct | Nov | Dec 
2006: Jan | Feb | Mar | Apr | May | Jun | Jul | Aug | Sep | Oct | Nov | Dec 
2005: Jan | Feb | Mar | Apr | May | Jun | Jul | Aug | Sep | Oct | Nov | Dec 

Report for 2016 08
MONTHLY CLIMATOLOGICAL SUMMARY for Aug 2016 NAME: Cabrera de Mar, Barcelona ELEV: 9 meters LAT: 41-33.89 N LONG: 002-24.07 E TEMPERATURE (C), RAIN (cm), WIND SPEED (km/h) HEAT COOL AVG MEAN DEG DEG WIND DOM DAY TEMP HIGH TIME LOW TIME DAYS DAYS RAIN SPEED HIGH TIME DIR --------------------------------------------------------------------------------------- 01 25.2 28.2 15:50 23.7 06:50 0.0 6.9 0.00 5.9 29.0 15:00 235 02 25.8 28.9 15:10 22.4 06:40 0.0 7.5 0.00 5.9 22.5 12:20 250 03 26.5 29.5 15:30 24.1 05:00 0.0 8.2 0.00 7.4 32.2 16:20 260 04 27.1 32.8 11:20 22.6 06:00 0.0 8.8 0.00 7.2 35.4 23:20 265 05 25.2 27.2 17:00 23.4 06:50 0.0 6.9 0.00 5.6 24.1 15:30 225 06 25.2 27.9 14:40 22.9 08:00 0.0 6.9 0.00 5.5 32.2 15:10 248 07 24.8 28.4 14:10 20.7 06:30 0.0 6.5 0.00 3.7 17.7 11:20 204 08 25.9 30.6 11:40 21.9 07:10 0.0 7.6 0.00 4.4 29.0 12:10 256 09 25.5 28.2 13:20 21.9 07:20 0.0 7.1 0.38 5.0 27.4 17:50 165 10 22.8 25.5 17:10 20.2 09:50 0.0 4.5 0.24 5.6 32.2 16:40 250 11 23.1 25.6 14:20 19.7 06:50 0.0 4.7 0.00 5.1 24.1 14:50 241 12 23.9 27.3 14:50 20.2 07:30 0.0 5.6 0.00 4.5 24.1 05:50 191 13 23.5 27.3 15:20 19.6 07:10 0.0 5.2 0.00 3.6 20.9 12:00 134 14 23.6 27.2 15:30 19.2 06:50 0.0 5.3 0.00 3.3 19.3 13:40 231 15 24.9 28.7 17:00 21.0 06:20 0.0 6.6 0.00 5.8 24.1 16:00 247 16 25.8 28.9 14:20 22.9 06:50 0.0 7.4 0.00 9.7 38.6 14:50 260 17 25.7 29.2 15:20 22.6 07:40 0.0 7.3 0.00 4.8 24.1 16:20 240 18 25.5 28.9 14:40 22.8 05:20 0.0 7.1 0.00 2.9 19.3 13:20 173 19 25.5 28.9 15:10 21.7 07:00 0.0 7.2 0.00 3.6 27.4 15:00 224 20 26.1 29.2 15:20 23.3 07:20 0.0 7.8 0.00 6.9 40.2 14:50 118 21 25.1 27.6 12:00 23.8 08:10 0.0 6.7 0.00 5.4 25.7 11:50 210 22 24.8 28.6 15:20 21.7 07:40 0.0 6.5 0.00 3.7 24.1 16:10 175 23 24.3 28.0 14:20 19.6 07:20 0.0 6.0 0.00 2.6 17.7 11:20 155 24 24.4 28.8 15:50 19.8 06:00 0.0 6.0 0.00 2.9 19.3 16:40 226 25 24.5 28.9 12:20 19.4 06:30 0.0 6.2 0.00 3.1 20.9 17:00 133 26 24.3 28.4 14:50 20.3 05:00 0.0 5.9 0.00 2.2 16.1 15:00 166 27 24.5 28.2 16:40 19.9 07:20 0.0 6.1 0.00 6.1 30.6 18:10 242 28 25.9 29.5 13:30 22.4 07:20 0.0 7.6 0.00 5.2 27.4 18:50 236 29 25.7 28.9 13:00 22.9 06:50 0.0 7.4 0.00 4.4 25.7 14:50 238 30 24.4 27.1 13:40 22.7 06:40 0.0 6.1 0.04 6.1 30.6 16:10 241 31 24.6 28.6 13:20 19.9 07:20 0.0 6.2 0.00 3.2 24.1 13:20 125 --------------------------------------------------------------------------------------- 25.0 32.8 04 19.2 14 0.0 205.7 0.66 4.9 40.2 20 226