NOAA-Style Climate Reports

NOAA style reports
2022: Jan | Feb | Mar | Apr | May | Jun | Jul | Aug | Sep | Oct | Nov | Dec 
2021: Jan | Feb | Mar | Apr | May | Jun | Jul | Aug | Sep | Oct | Nov | Dec 
2020: Jan | Feb | Mar | Apr | May | Jun | Jul | Aug | Sep | Oct | Nov | Dec 
2019: Jan | Feb | Mar | Apr | May | Jun | Jul | Aug | Sep | Oct | Nov | Dec 
2018: Jan | Feb | Mar | Apr | May | Jun | Jul | Aug | Sep | Oct | Nov | Dec 
2017: Jan | Feb | Mar | Apr | May | Jun | Jul | Aug | Sep | Oct | Nov | Dec 
2016: Jan | Feb | Mar | Apr | May | Jun | Jul | Aug | Sep | Oct | Nov | Dec 
2015: Jan | Feb | Mar | Apr | May | Jun | Jul | Aug | Sep | Oct | Nov | Dec 
2014: Jan | Feb | Mar | Apr | May | Jun | Jul | Aug | Sep | Oct | Nov | Dec 
2013: Jan | Feb | Mar | Apr | May | Jun | Jul | Aug | Sep | Oct | Nov | Dec 
2012: Jan | Feb | Mar | Apr | May | Jun | Jul | Aug | Sep | Oct | Nov | Dec 
2011: Jan | Feb | Mar | Apr | May | Jun | Jul | Aug | Sep | Oct | Nov | Dec 
2010: Jan | Feb | Mar | Apr | May | Jun | Jul | Aug | Sep | Oct | Nov | Dec 
2009: Jan | Feb | Mar | Apr | May | Jun | Jul | Aug | Sep | Oct | Nov | Dec 
2008: Jan | Feb | Mar | Apr | May | Jun | Jul | Aug | Sep | Oct | Nov | Dec 
2007: Jan | Feb | Mar | Apr | May | Jun | Jul | Aug | Sep | Oct | Nov | Dec 
2006: Jan | Feb | Mar | Apr | May | Jun | Jul | Aug | Sep | Oct | Nov | Dec 
2005: Jan | Feb | Mar | Apr | May | Jun | Jul | Aug | Sep | Oct | Nov | Dec 

Report for 2016 07
MONTHLY CLIMATOLOGICAL SUMMARY for Jul 2016 NAME: Cabrera de Mar, Barcelona ELEV: 9 meters LAT: 41-33.89 N LONG: 002-24.07 E TEMPERATURE (C), RAIN (cm), WIND SPEED (km/h) HEAT COOL AVG MEAN DEG DEG WIND DOM DAY TEMP HIGH TIME LOW TIME DAYS DAYS RAIN SPEED HIGH TIME DIR --------------------------------------------------------------------------------------- 01 25.1 26.4 16:50 21.8 07:50 0.0 6.8 0.00 6.4 19.3 18:20 266 02 25.0 27.1 14:40 21.3 07:50 0.0 6.7 0.00 5.4 20.9 13:50 223 03 23.9 25.1 16:20 22.7 08:00 0.0 5.6 0.00 6.8 19.3 11:30 264 04 24.7 26.0 13:40 21.7 07:50 0.0 6.4 0.00 5.6 20.9 13:50 253 05 25.9 27.2 16:00 23.7 07:50 0.0 7.6 0.00 5.0 17.7 11:40 277 06 26.7 27.7 14:40 24.3 07:50 0.0 8.4 0.00 8.0 25.7 08:50 227 07 26.5 28.2 16:50 23.7 07:50 0.0 8.1 0.00 7.3 25.7 17:20 275 08 27.1 29.8 12:10 25.0 09:40 0.0 8.8 0.00 4.6 22.5 11:40 198 09 28.0 29.8 13:10 24.6 07:50 0.0 9.7 0.00 6.7 20.9 13:10 292 10 27.8 28.9 14:30 24.1 07:50 0.0 9.5 0.00 7.6 24.1 14:10 279 11 27.3 28.4 14:10 24.1 07:50 0.0 9.0 0.00 5.1 27.4 11:40 199 12 26.0 27.3 17:20 23.3 07:50 0.0 7.6 0.00 6.9 20.9 16:20 241 13 24.0 25.6 11:50 22.4 09:20 0.0 5.6 0.00 13.6 37.0 13:10 232 14 23.1 24.4 15:50 20.9 07:30 0.0 4.8 0.00 10.4 32.2 19:10 256 15 24.1 25.4 16:40 19.6 07:50 0.0 5.7 0.00 11.4 29.0 15:30 284 16 23.9 25.6 13:30 18.9 07:50 0.0 5.6 0.00 7.7 24.1 14:00 211 17 25.2 26.7 17:30 21.2 08:00 0.0 6.9 0.00 6.2 19.3 16:30 238 18 24.9 26.4 16:10 20.5 08:00 0.0 6.6 0.00 5.7 17.7 13:10 265 19 26.0 27.7 17:30 19.9 08:00 0.0 7.6 0.00 12.7 30.6 18:20 293 20 26.2 28.3 13:10 21.6 07:50 0.0 7.9 0.00 11.6 38.6 15:30 307 21 24.9 26.6 15:00 23.3 08:50 0.0 6.5 0.04 2.4 20.9 15:50 197 22 24.9 30.2 11:30 21.0 23:00 0.0 6.6 0.86 6.7 41.8 12:30 88 23 23.4 26.6 15:50 19.1 07:40 0.0 5.0 0.00 3.4 20.9 00:10 221 24 24.6 27.6 15:50 19.9 07:10 0.0 6.2 0.00 4.5 24.1 16:10 225 25 25.3 28.4 14:20 21.6 07:30 0.0 7.0 0.00 5.2 30.6 15:10 253 26 25.6 28.9 14:50 22.0 05:20 0.0 7.3 0.00 4.4 29.0 10:30 242 27 25.2 28.0 15:30 20.9 05:40 0.0 6.9 0.00 3.8 19.3 15:40 243 28 25.7 28.9 14:40 21.7 05:50 0.0 7.4 0.00 7.0 30.6 15:50 252 29 25.8 29.2 14:10 21.8 07:00 0.0 7.5 0.00 6.7 32.2 18:00 253 30 26.3 29.6 13:30 23.1 02:30 0.0 8.0 0.00 7.0 29.0 16:10 264 31 25.9 29.5 12:10 23.1 05:00 0.0 7.6 0.00 5.5 27.4 14:00 214 --------------------------------------------------------------------------------------- 25.4 30.2 22 18.9 16 0.0 220.8 0.90 6.4 41.8 22 254