NOAA-Style Climate Reports

NOAA style reports
2022: Jan | Feb | Mar | Apr | May | Jun | Jul | Aug | Sep | Oct | Nov | Dec 
2021: Jan | Feb | Mar | Apr | May | Jun | Jul | Aug | Sep | Oct | Nov | Dec 
2020: Jan | Feb | Mar | Apr | May | Jun | Jul | Aug | Sep | Oct | Nov | Dec 
2019: Jan | Feb | Mar | Apr | May | Jun | Jul | Aug | Sep | Oct | Nov | Dec 
2018: Jan | Feb | Mar | Apr | May | Jun | Jul | Aug | Sep | Oct | Nov | Dec 
2017: Jan | Feb | Mar | Apr | May | Jun | Jul | Aug | Sep | Oct | Nov | Dec 
2016: Jan | Feb | Mar | Apr | May | Jun | Jul | Aug | Sep | Oct | Nov | Dec 
2015: Jan | Feb | Mar | Apr | May | Jun | Jul | Aug | Sep | Oct | Nov | Dec 
2014: Jan | Feb | Mar | Apr | May | Jun | Jul | Aug | Sep | Oct | Nov | Dec 
2013: Jan | Feb | Mar | Apr | May | Jun | Jul | Aug | Sep | Oct | Nov | Dec 
2012: Jan | Feb | Mar | Apr | May | Jun | Jul | Aug | Sep | Oct | Nov | Dec 
2011: Jan | Feb | Mar | Apr | May | Jun | Jul | Aug | Sep | Oct | Nov | Dec 
2010: Jan | Feb | Mar | Apr | May | Jun | Jul | Aug | Sep | Oct | Nov | Dec 
2009: Jan | Feb | Mar | Apr | May | Jun | Jul | Aug | Sep | Oct | Nov | Dec 
2008: Jan | Feb | Mar | Apr | May | Jun | Jul | Aug | Sep | Oct | Nov | Dec 
2007: Jan | Feb | Mar | Apr | May | Jun | Jul | Aug | Sep | Oct | Nov | Dec 
2006: Jan | Feb | Mar | Apr | May | Jun | Jul | Aug | Sep | Oct | Nov | Dec 
2005: Jan | Feb | Mar | Apr | May | Jun | Jul | Aug | Sep | Oct | Nov | Dec 

Report for 2016 05
MONTHLY CLIMATOLOGICAL SUMMARY for May 2016 NAME: Cabrera de Mar, Barcelona ELEV: 9 meters LAT: 41-33.89 N LONG: 002-24.07 E TEMPERATURE (C), RAIN (cm), WIND SPEED (km/h) HEAT COOL AVG MEAN DEG DEG WIND DOM DAY TEMP HIGH TIME LOW TIME DAYS DAYS RAIN SPEED HIGH TIME DIR --------------------------------------------------------------------------------------- 01 14.9 22.4 16:10 8.8 06:30 3.4 0.0 0.00 6.9 40.2 04:40 88 02 16.1 25.1 13:20 9.2 06:20 2.2 0.0 0.00 6.4 37.0 11:20 26 03 15.3 18.4 14:50 10.6 06:40 3.1 0.0 0.00 2.8 19.3 16:00 214 04 15.8 19.7 12:20 11.1 05:50 2.6 0.0 0.00 3.3 17.7 11:10 267 05 16.1 20.2 13:20 12.5 04:40 2.2 0.0 0.00 6.6 33.8 23:00 181 06 16.4 19.2 15:30 13.9 03:00 2.0 0.0 0.00 6.4 30.6 16:30 169 07 16.2 18.6 16:30 14.4 00:00 2.1 0.0 0.04 4.8 30.6 17:40 160 08 15.9 17.5 16:20 13.8 02:40 2.4 0.0 0.06 5.1 29.0 10:10 167 09 16.6 17.3 16:30 16.4 00:10 1.7 0.0 0.36 8.3 41.8 10:30 162 10 15.4 18.2 16:30 12.1 06:50 3.0 0.0 0.64 3.5 32.2 18:20 42 11 16.4 22.9 13:50 13.0 04:00 1.9 0.0 0.02 9.3 41.8 18:40 352 12 16.1 19.9 16:30 11.8 07:20 2.2 0.0 0.00 4.3 30.6 16:40 308 13 16.2 19.4 13:20 12.1 06:50 2.1 0.0 0.06 3.7 30.6 13:30 252 14 16.6 19.9 15:00 12.7 07:40 1.8 0.0 0.08 3.0 22.5 15:10 278 15 18.0 21.9 11:50 13.4 06:50 0.4 0.0 0.00 3.2 20.9 12:20 249 16 18.0 19.9 17:00 15.9 06:30 0.4 0.0 0.00 2.2 22.5 13:50 209 17 17.6 21.0 14:00 14.5 06:30 0.7 0.0 0.00 4.2 35.4 11:30 298 18 17.6 20.5 15:00 14.2 07:00 0.8 0.0 0.00 6.5 38.6 15:30 317 19 17.6 21.6 15:20 15.1 06:00 0.7 0.0 0.00 3.4 29.0 16:30 193 20 18.1 19.9 11:50 15.7 05:40 0.2 0.0 0.00 3.9 24.1 06:50 307 21 18.4 21.8 16:00 14.6 07:00 0.0 0.1 0.00 9.1 37.0 17:20 311 22 17.3 21.2 15:00 14.2 06:40 1.0 0.0 0.64 6.1 35.4 17:20 288 23 16.4 19.8 15:20 11.7 06:00 1.9 0.0 0.00 5.7 25.7 15:10 291 24 16.8 20.8 15:50 12.8 06:20 1.5 0.0 0.00 7.4 32.2 15:20 301 25 19.8 20.4 15:20 18.7 11:00 0.0 1.5 0.00 6.3 19.3 13:00 271 26 20.5 22.9 14:10 15.8 07:40 0.0 2.2 0.00 5.2 25.7 13:00 167 27 19.8 21.7 13:30 15.1 07:20 0.0 1.5 0.00 6.2 20.9 19:30 246 28 20.0 21.4 19:30 18.2 10:50 0.0 1.7 0.00 5.6 20.9 18:10 225 29 23.5 28.7 15:50 16.7 07:40 0.0 5.2 0.00 12.0 45.1 16:40 13 30 20.3 21.6 10:20 15.6 07:40 0.0 1.9 0.00 6.1 22.5 13:00 216 31 19.9 21.4 13:30 15.2 07:40 0.0 1.6 0.00 6.6 20.9 09:20 208 --------------------------------------------------------------------------------------- 17.1 28.7 29 8.8 01 40.4 15.7 1.90 5.5 45.1 29 257