NOAA-Style Climate Reports

NOAA style reports
2022: Jan | Feb | Mar | Apr | May | Jun | Jul | Aug | Sep | Oct | Nov | Dec 
2021: Jan | Feb | Mar | Apr | May | Jun | Jul | Aug | Sep | Oct | Nov | Dec 
2020: Jan | Feb | Mar | Apr | May | Jun | Jul | Aug | Sep | Oct | Nov | Dec 
2019: Jan | Feb | Mar | Apr | May | Jun | Jul | Aug | Sep | Oct | Nov | Dec 
2018: Jan | Feb | Mar | Apr | May | Jun | Jul | Aug | Sep | Oct | Nov | Dec 
2017: Jan | Feb | Mar | Apr | May | Jun | Jul | Aug | Sep | Oct | Nov | Dec 
2016: Jan | Feb | Mar | Apr | May | Jun | Jul | Aug | Sep | Oct | Nov | Dec 
2015: Jan | Feb | Mar | Apr | May | Jun | Jul | Aug | Sep | Oct | Nov | Dec 
2014: Jan | Feb | Mar | Apr | May | Jun | Jul | Aug | Sep | Oct | Nov | Dec 
2013: Jan | Feb | Mar | Apr | May | Jun | Jul | Aug | Sep | Oct | Nov | Dec 
2012: Jan | Feb | Mar | Apr | May | Jun | Jul | Aug | Sep | Oct | Nov | Dec 
2011: Jan | Feb | Mar | Apr | May | Jun | Jul | Aug | Sep | Oct | Nov | Dec 
2010: Jan | Feb | Mar | Apr | May | Jun | Jul | Aug | Sep | Oct | Nov | Dec 
2009: Jan | Feb | Mar | Apr | May | Jun | Jul | Aug | Sep | Oct | Nov | Dec 
2008: Jan | Feb | Mar | Apr | May | Jun | Jul | Aug | Sep | Oct | Nov | Dec 
2007: Jan | Feb | Mar | Apr | May | Jun | Jul | Aug | Sep | Oct | Nov | Dec 
2006: Jan | Feb | Mar | Apr | May | Jun | Jul | Aug | Sep | Oct | Nov | Dec 
2005: Jan | Feb | Mar | Apr | May | Jun | Jul | Aug | Sep | Oct | Nov | Dec 

Report for 2016 01
MONTHLY CLIMATOLOGICAL SUMMARY for Jan 2016 NAME: Cabrera de Mar, Barcelona ELEV: 9 meters LAT: 41-33.89 N LONG: 002-24.07 E TEMPERATURE (C), RAIN (cm), WIND SPEED (km/h) HEAT COOL AVG MEAN DEG DEG WIND DOM DAY TEMP HIGH TIME LOW TIME DAYS DAYS RAIN SPEED HIGH TIME DIR --------------------------------------------------------------------------------------- 01 12.1 15.4 14:40 8.7 07:10 6.2 0.0 0.00 3.7 20.9 16:40 347 02 13.6 17.3 14:50 9.2 23:40 4.7 0.0 0.02 4.5 30.6 13:50 11 03 11.5 14.9 14:10 8.3 06:20 6.8 0.0 0.00 13.1 48.3 18:10 1 04 13.7 15.2 11:00 11.6 23:10 4.6 0.0 0.04 5.9 38.6 01:40 39 05 11.5 15.4 14:20 8.8 00:00 6.9 0.0 0.00 6.3 32.2 15:40 18 06 10.6 14.6 15:10 7.3 03:00 7.7 0.0 0.00 13.8 61.2 11:30 52 07 15.7 20.1 15:50 11.1 02:00 2.6 0.0 0.00 18.8 66.0 18:10 39 08 18.4 22.8 15:50 14.4 22:50 0.0 0.0 0.00 13.0 45.1 02:40 1 09 16.8 19.5 14:00 14.7 09:10 1.5 0.0 0.00 9.9 41.8 00:10 11 10 16.3 19.4 13:50 13.6 07:10 2.0 0.0 0.00 17.1 51.5 15:20 350 11 16.6 19.6 14:10 13.6 00:00 1.7 0.0 0.00 20.6 62.8 14:50 13 12 13.2 17.3 13:50 10.7 08:10 5.1 0.0 0.00 17.2 46.7 02:50 60 13 10.8 14.9 12:10 7.1 06:30 7.5 0.0 0.00 5.6 30.6 07:30 6 14 13.1 16.4 13:50 10.6 06:50 5.3 0.0 0.00 8.9 38.6 13:50 12 15 10.5 12.6 00:10 6.9 22:40 7.9 0.0 0.04 4.8 32.2 00:00 29 16 8.8 13.7 13:30 5.1 04:50 9.5 0.0 0.00 9.6 46.7 15:10 73 17 6.8 12.0 13:20 1.5 08:00 11.5 0.0 0.00 2.3 14.5 12:40 49 18 9.6 14.8 14:20 6.2 08:40 8.7 0.0 0.00 3.0 27.4 14:30 37 19 9.6 13.9 14:20 6.3 08:00 8.8 0.0 0.00 5.0 27.4 15:20 342 20 10.5 15.5 15:00 6.4 04:50 7.8 0.0 0.00 3.3 20.9 13:50 91 21 10.1 14.1 13:40 6.2 07:00 8.2 0.0 0.00 2.3 11.3 14:50 123 22 10.8 14.5 14:40 6.4 08:00 7.6 0.0 0.00 3.6 20.9 13:40 345 23 12.1 16.4 14:40 8.7 08:30 6.2 0.0 0.00 2.8 22.5 15:30 328 24 11.9 14.7 14:30 8.7 03:30 6.4 0.0 0.02 2.5 14.5 12:50 198 25 13.8 15.8 15:10 10.4 00:00 4.6 0.0 0.00 5.9 29.0 15:40 341 26 12.6 15.6 12:50 9.6 04:00 5.8 0.0 0.02 4.0 22.5 13:10 331 27 12.1 17.2 12:10 7.5 07:30 6.3 0.0 0.02 5.6 32.2 12:20 337 28 12.7 17.1 13:50 9.2 01:50 5.6 0.0 0.00 6.3 33.8 14:20 347 29 12.4 15.1 13:10 10.2 02:50 5.9 0.0 0.00 2.0 16.1 15:00 322 30 13.0 18.2 15:00 10.1 01:30 5.3 0.0 0.00 7.1 33.8 14:30 37 31 13.0 18.4 15:00 9.3 08:20 5.3 0.0 0.00 5.7 29.0 06:40 47 --------------------------------------------------------------------------------------- 12.4 22.8 08 1.5 17 184.2 0.0 0.16 7.6 66.0 07 19