NOAA-Style Climate Reports

NOAA style reports
2022: Jan | Feb | Mar | Apr | May | Jun | Jul | Aug | Sep | Oct | Nov | Dec 
2021: Jan | Feb | Mar | Apr | May | Jun | Jul | Aug | Sep | Oct | Nov | Dec 
2020: Jan | Feb | Mar | Apr | May | Jun | Jul | Aug | Sep | Oct | Nov | Dec 
2019: Jan | Feb | Mar | Apr | May | Jun | Jul | Aug | Sep | Oct | Nov | Dec 
2018: Jan | Feb | Mar | Apr | May | Jun | Jul | Aug | Sep | Oct | Nov | Dec 
2017: Jan | Feb | Mar | Apr | May | Jun | Jul | Aug | Sep | Oct | Nov | Dec 
2016: Jan | Feb | Mar | Apr | May | Jun | Jul | Aug | Sep | Oct | Nov | Dec 
2015: Jan | Feb | Mar | Apr | May | Jun | Jul | Aug | Sep | Oct | Nov | Dec 
2014: Jan | Feb | Mar | Apr | May | Jun | Jul | Aug | Sep | Oct | Nov | Dec 
2013: Jan | Feb | Mar | Apr | May | Jun | Jul | Aug | Sep | Oct | Nov | Dec 
2012: Jan | Feb | Mar | Apr | May | Jun | Jul | Aug | Sep | Oct | Nov | Dec 
2011: Jan | Feb | Mar | Apr | May | Jun | Jul | Aug | Sep | Oct | Nov | Dec 
2010: Jan | Feb | Mar | Apr | May | Jun | Jul | Aug | Sep | Oct | Nov | Dec 
2009: Jan | Feb | Mar | Apr | May | Jun | Jul | Aug | Sep | Oct | Nov | Dec 
2008: Jan | Feb | Mar | Apr | May | Jun | Jul | Aug | Sep | Oct | Nov | Dec 
2007: Jan | Feb | Mar | Apr | May | Jun | Jul | Aug | Sep | Oct | Nov | Dec 
2006: Jan | Feb | Mar | Apr | May | Jun | Jul | Aug | Sep | Oct | Nov | Dec 
2005: Jan | Feb | Mar | Apr | May | Jun | Jul | Aug | Sep | Oct | Nov | Dec 

Report for 2015 12
MONTHLY CLIMATOLOGICAL SUMMARY for Dec 2015 NAME: Cabrera de Mar, Barcelona ELEV: 9 meters LAT: 41-33.89 N LONG: 002-24.07 E TEMPERATURE (C), RAIN (cm), WIND SPEED (km/h) HEAT COOL AVG MEAN DEG DEG WIND DOM DAY TEMP HIGH TIME LOW TIME DAYS DAYS RAIN SPEED HIGH TIME DIR --------------------------------------------------------------------------------------- 01 11.4 16.8 14:00 7.4 23:40 6.9 0.0 0.00 3.0 19.3 14:40 341 02 10.5 15.7 15:20 6.2 03:40 7.8 0.0 0.00 2.3 9.7 10:40 87 03 12.2 15.4 12:40 8.8 02:20 6.1 0.0 0.00 1.4 9.7 06:50 151 04 11.5 15.3 14:40 7.9 08:20 6.8 0.0 0.02 1.8 11.3 11:40 182 05 12.2 15.3 16:10 9.2 01:30 6.1 0.0 0.00 0.5 8.0 11:10 173 06 13.2 16.3 13:40 9.7 08:30 5.1 0.0 0.14 0.9 8.0 11:10 245 07 13.9 16.7 11:00 11.2 02:50 4.5 0.0 0.00 2.1 17.7 14:50 321 08 14.9 17.8 13:10 12.5 21:30 3.4 0.0 0.04 3.9 30.6 15:50 326 09 14.5 19.7 13:40 10.9 00:00 3.8 0.0 0.00 3.8 27.4 12:50 357 10 12.4 16.1 13:20 9.1 04:40 5.9 0.0 0.00 1.5 11.3 13:00 155 11 11.9 16.6 12:40 7.9 08:20 6.5 0.0 0.04 3.2 24.1 14:50 345 12 11.6 15.1 15:10 7.9 08:30 6.8 0.0 0.00 4.7 24.1 16:40 345 13 12.0 16.3 14:00 9.2 00:00 6.3 0.0 0.00 4.8 24.1 13:50 351 14 10.5 15.3 12:30 6.1 08:30 7.8 0.0 0.00 4.6 27.4 12:20 349 15 12.5 19.9 14:50 7.4 03:50 5.9 0.0 0.00 4.0 30.6 14:40 355 16 12.8 17.7 14:30 9.2 07:30 5.6 0.0 0.00 2.3 17.7 14:40 6 17 12.9 17.0 14:30 10.1 07:00 5.5 0.0 0.00 2.5 19.3 15:00 334 18 12.2 15.6 13:20 9.4 08:30 6.1 0.0 0.02 1.1 9.7 14:10 37 19 12.3 15.0 13:20 9.2 05:10 6.0 0.0 0.02 1.2 14.5 15:50 323 20 14.1 16.2 15:30 12.8 05:00 4.2 0.0 0.00 0.9 9.7 08:50 113 21 14.5 19.3 14:00 9.7 00:00 3.8 0.0 0.00 4.2 22.5 09:00 23 22 12.1 16.4 13:30 7.3 07:20 6.2 0.0 0.00 7.3 38.6 15:10 341 23 14.0 17.0 14:20 12.1 06:40 4.3 0.0 0.00 3.0 20.9 10:30 347 24 14.7 16.9 13:00 11.2 23:20 3.7 0.0 0.00 5.5 27.4 16:10 319 25 11.6 16.4 13:50 7.5 07:30 6.8 0.0 0.00 1.5 11.3 13:20 292 26 11.3 16.1 14:50 7.6 05:50 7.1 0.0 0.04 3.4 24.1 13:40 318 27 10.7 16.3 14:10 5.5 07:40 7.6 0.0 0.02 3.4 24.1 14:40 326 28 12.9 16.4 12:00 9.5 00:10 5.5 0.0 0.00 2.3 16.1 15:30 11 29 14.7 18.3 11:40 11.1 00:00 3.7 0.0 0.00 4.6 25.7 09:20 332 30 13.3 19.2 14:20 9.4 23:50 5.0 0.0 0.00 5.6 25.7 13:40 18 31 11.9 16.7 14:20 8.2 07:30 6.4 0.0 0.00 1.1 16.1 15:10 267 --------------------------------------------------------------------------------------- 12.6 19.9 15 5.5 27 177.3 0.0 0.34 3.0 38.6 22 344