NOAA-Style Climate Reports

NOAA style reports
2022: Jan | Feb | Mar | Apr | May | Jun | Jul | Aug | Sep | Oct | Nov | Dec 
2021: Jan | Feb | Mar | Apr | May | Jun | Jul | Aug | Sep | Oct | Nov | Dec 
2020: Jan | Feb | Mar | Apr | May | Jun | Jul | Aug | Sep | Oct | Nov | Dec 
2019: Jan | Feb | Mar | Apr | May | Jun | Jul | Aug | Sep | Oct | Nov | Dec 
2018: Jan | Feb | Mar | Apr | May | Jun | Jul | Aug | Sep | Oct | Nov | Dec 
2017: Jan | Feb | Mar | Apr | May | Jun | Jul | Aug | Sep | Oct | Nov | Dec 
2016: Jan | Feb | Mar | Apr | May | Jun | Jul | Aug | Sep | Oct | Nov | Dec 
2015: Jan | Feb | Mar | Apr | May | Jun | Jul | Aug | Sep | Oct | Nov | Dec 
2014: Jan | Feb | Mar | Apr | May | Jun | Jul | Aug | Sep | Oct | Nov | Dec 
2013: Jan | Feb | Mar | Apr | May | Jun | Jul | Aug | Sep | Oct | Nov | Dec 
2012: Jan | Feb | Mar | Apr | May | Jun | Jul | Aug | Sep | Oct | Nov | Dec 
2011: Jan | Feb | Mar | Apr | May | Jun | Jul | Aug | Sep | Oct | Nov | Dec 
2010: Jan | Feb | Mar | Apr | May | Jun | Jul | Aug | Sep | Oct | Nov | Dec 
2009: Jan | Feb | Mar | Apr | May | Jun | Jul | Aug | Sep | Oct | Nov | Dec 
2008: Jan | Feb | Mar | Apr | May | Jun | Jul | Aug | Sep | Oct | Nov | Dec 
2007: Jan | Feb | Mar | Apr | May | Jun | Jul | Aug | Sep | Oct | Nov | Dec 
2006: Jan | Feb | Mar | Apr | May | Jun | Jul | Aug | Sep | Oct | Nov | Dec 
2005: Jan | Feb | Mar | Apr | May | Jun | Jul | Aug | Sep | Oct | Nov | Dec 

Report for 2015 10
MONTHLY CLIMATOLOGICAL SUMMARY for Oct 2015 NAME: Cabrera de Mar, Barcelona ELEV: 9 meters LAT: 41-33.89 N LONG: 002-24.07 E TEMPERATURE (C), RAIN (cm), WIND SPEED (km/h) HEAT COOL AVG MEAN DEG DEG WIND DOM DAY TEMP HIGH TIME LOW TIME DAYS DAYS RAIN SPEED HIGH TIME DIR --------------------------------------------------------------------------------------- 01 18.6 21.0 13:00 16.1 00:00 0.0 0.3 0.12 6.3 29.0 05:50 144 02 18.9 22.4 13:30 14.9 02:20 0.0 0.5 0.06 3.4 19.3 12:00 269 03 20.1 23.2 13:20 17.3 00:00 0.0 1.8 1.76 5.4 38.6 16:00 345 04 19.0 21.4 15:40 16.4 07:40 0.0 0.6 0.00 4.0 22.5 00:40 331 05 21.8 26.4 17:50 18.5 08:20 0.0 3.5 0.00 6.8 33.8 17:00 332 06 24.2 29.9 16:30 18.7 02:30 0.0 5.9 0.00 9.6 45.1 14:40 11 07 19.3 21.4 15:00 17.3 07:20 0.0 0.9 0.00 4.5 25.7 17:20 260 08 19.0 21.3 14:10 17.3 07:30 0.0 0.7 0.12 3.9 20.9 14:40 274 09 17.8 21.1 15:20 14.8 07:30 0.5 0.0 0.10 2.4 17.7 16:40 230 10 18.4 23.1 12:40 13.7 08:20 0.0 0.0 0.00 7.0 32.2 17:40 339 11 18.7 21.8 11:30 14.5 08:10 0.0 0.4 0.00 3.0 24.1 02:00 313 12 19.7 21.7 12:10 18.1 03:20 0.0 1.3 0.10 3.3 22.5 19:30 177 13 18.2 19.5 00:10 17.2 23:20 0.1 0.0 0.18 2.1 27.4 17:20 219 14 16.7 21.0 14:50 13.7 00:00 1.6 0.0 0.02 4.3 30.6 15:00 328 15 14.2 17.5 12:10 11.1 06:00 4.1 0.0 0.00 3.1 19.3 11:00 65 16 15.1 18.4 15:20 12.1 05:50 3.2 0.0 0.00 3.6 22.5 17:20 150 17 15.7 19.6 14:40 11.9 08:30 2.7 0.0 0.00 2.6 16.1 15:10 182 18 17.9 20.5 17:00 15.6 04:50 0.4 0.0 0.00 1.6 16.1 17:40 298 19 18.3 21.6 13:40 17.1 04:50 0.0 0.0 0.00 4.9 30.6 12:50 173 20 16.9 18.8 14:40 14.1 05:20 1.4 0.0 0.00 2.9 20.9 16:20 198 21 16.2 18.3 13:50 12.6 08:50 2.1 0.0 0.00 2.7 17.7 14:10 240 22 15.6 19.9 17:00 11.4 07:50 2.8 0.0 0.00 4.0 25.7 13:40 324 23 16.1 20.5 15:20 11.1 07:50 2.2 0.0 0.00 3.1 24.1 16:40 307 24 16.0 19.9 15:30 12.9 08:30 2.4 0.0 0.00 2.0 19.3 15:50 307 25 16.7 20.2 12:30 14.7 02:30 1.6 0.0 0.00 1.1 17.7 12:40 186 26 17.2 18.7 16:40 15.7 03:20 1.1 0.0 1.28 3.2 19.3 08:20 131 27 18.4 20.8 13:10 16.7 04:30 0.0 0.1 0.84 2.8 19.3 02:10 284 28 18.2 23.1 13:10 13.6 00:00 0.1 0.0 0.00 8.5 37.0 11:50 23 29 15.9 22.3 14:20 11.4 06:10 2.5 0.0 0.00 3.5 25.7 10:10 26 30 16.1 20.3 11:30 12.0 04:10 2.2 0.0 0.00 2.5 17.7 16:30 176 31 16.4 20.2 14:20 12.0 07:40 1.9 0.0 0.02 4.1 30.6 18:20 153 --------------------------------------------------------------------------------------- 17.8 29.9 06 11.1 15 32.9 16.0 4.60 3.9 45.1 06 324