NOAA-Style Climate Reports

NOAA style reports
2022: Jan | Feb | Mar | Apr | May | Jun | Jul | Aug | Sep | Oct | Nov | Dec 
2021: Jan | Feb | Mar | Apr | May | Jun | Jul | Aug | Sep | Oct | Nov | Dec 
2020: Jan | Feb | Mar | Apr | May | Jun | Jul | Aug | Sep | Oct | Nov | Dec 
2019: Jan | Feb | Mar | Apr | May | Jun | Jul | Aug | Sep | Oct | Nov | Dec 
2018: Jan | Feb | Mar | Apr | May | Jun | Jul | Aug | Sep | Oct | Nov | Dec 
2017: Jan | Feb | Mar | Apr | May | Jun | Jul | Aug | Sep | Oct | Nov | Dec 
2016: Jan | Feb | Mar | Apr | May | Jun | Jul | Aug | Sep | Oct | Nov | Dec 
2015: Jan | Feb | Mar | Apr | May | Jun | Jul | Aug | Sep | Oct | Nov | Dec 
2014: Jan | Feb | Mar | Apr | May | Jun | Jul | Aug | Sep | Oct | Nov | Dec 
2013: Jan | Feb | Mar | Apr | May | Jun | Jul | Aug | Sep | Oct | Nov | Dec 
2012: Jan | Feb | Mar | Apr | May | Jun | Jul | Aug | Sep | Oct | Nov | Dec 
2011: Jan | Feb | Mar | Apr | May | Jun | Jul | Aug | Sep | Oct | Nov | Dec 
2010: Jan | Feb | Mar | Apr | May | Jun | Jul | Aug | Sep | Oct | Nov | Dec 
2009: Jan | Feb | Mar | Apr | May | Jun | Jul | Aug | Sep | Oct | Nov | Dec 
2008: Jan | Feb | Mar | Apr | May | Jun | Jul | Aug | Sep | Oct | Nov | Dec 
2007: Jan | Feb | Mar | Apr | May | Jun | Jul | Aug | Sep | Oct | Nov | Dec 
2006: Jan | Feb | Mar | Apr | May | Jun | Jul | Aug | Sep | Oct | Nov | Dec 
2005: Jan | Feb | Mar | Apr | May | Jun | Jul | Aug | Sep | Oct | Nov | Dec 

Report for 2015 09
MONTHLY CLIMATOLOGICAL SUMMARY for Sep 2015 NAME: Cabrera de Mar, Barcelona ELEV: 9 meters LAT: 41-33.89 N LONG: 002-24.07 E TEMPERATURE (C), RAIN (cm), WIND SPEED (km/h) HEAT COOL AVG MEAN DEG DEG WIND DOM DAY TEMP HIGH TIME LOW TIME DAYS DAYS RAIN SPEED HIGH TIME DIR --------------------------------------------------------------------------------------- 01 25.5 28.9 11:20 22.4 08:10 0.0 7.2 0.00 5.9 48.3 02:10 265 02 23.1 24.6 14:20 20.9 12:30 0.0 4.8 0.56 3.3 20.9 14:20 258 03 22.3 24.6 14:10 20.5 09:30 0.0 4.0 0.22 8.8 33.8 13:10 168 04 20.3 23.4 13:40 17.3 23:00 0.0 2.0 0.14 3.2 33.8 13:10 171 05 19.9 23.3 14:10 15.7 06:50 0.0 1.6 0.00 5.4 25.7 20:40 240 06 20.9 23.8 17:00 18.4 07:30 0.0 2.6 0.00 4.4 22.5 15:40 271 07 20.8 23.7 12:40 17.7 06:20 0.0 2.4 0.00 3.4 19.3 14:00 208 08 20.8 24.9 13:20 17.2 08:10 0.0 2.5 0.00 3.6 20.9 13:20 204 09 20.3 23.9 13:20 15.4 07:20 0.0 2.0 0.00 2.9 16.1 10:20 246 10 20.3 22.6 11:50 18.2 00:00 0.0 2.0 0.86 2.9 19.3 05:30 66 11 20.5 24.2 18:10 16.6 06:00 0.0 2.2 0.02 1.4 11.3 17:00 193 12 24.0 28.3 14:20 21.3 04:20 0.0 5.6 0.06 2.3 16.1 12:50 172 13 22.6 26.1 16:00 18.9 06:50 0.0 4.2 0.00 5.3 32.2 16:10 311 14 22.2 27.6 15:40 17.8 05:10 0.0 3.9 0.00 7.3 32.2 14:30 15 15 21.4 24.5 16:10 17.3 07:50 0.0 3.0 0.04 4.2 25.7 19:50 300 16 23.3 26.8 14:30 20.6 04:30 0.0 4.9 0.00 6.2 41.8 13:30 289 17 23.6 30.1 14:50 19.8 00:00 0.0 5.3 0.04 12.0 53.1 10:10 12 18 20.1 23.7 13:40 16.4 08:00 0.0 1.8 0.00 4.0 22.5 12:40 261 19 21.4 23.3 13:00 19.1 00:20 0.0 3.1 0.00 5.3 20.9 12:30 244 20 21.2 23.2 13:50 18.9 07:10 0.0 2.8 0.00 3.9 17.7 14:50 242 21 22.8 24.2 16:20 21.3 09:30 0.0 4.5 0.00 6.5 20.9 16:40 199 22 22.3 24.1 13:10 18.2 08:40 0.0 4.0 0.00 6.9 27.4 17:30 176 23 20.8 22.4 13:40 18.7 10:50 0.0 2.4 0.00 11.4 29.0 15:20 274 24 21.0 23.4 12:50 17.2 08:40 0.0 2.7 0.00 9.4 32.2 16:20 315 25 19.4 22.5 13:40 15.3 08:00 0.0 1.1 0.00 3.0 16.1 10:00 208 26 20.0 22.8 12:10 16.4 08:20 0.0 1.7 0.00 2.7 19.3 12:50 213 27 19.8 23.2 15:50 16.6 08:50 0.0 1.5 0.00 2.5 17.7 14:10 184 28 20.1 24.5 12:40 16.1 04:10 0.0 1.8 0.00 4.9 25.7 12:50 166 29 19.0 21.6 15:20 17.4 10:30 0.0 0.6 0.18 8.6 40.2 15:50 145 30 18.0 19.1 10:50 16.7 19:10 0.3 0.0 0.76 15.1 53.1 11:10 144 --------------------------------------------------------------------------------------- 21.2 30.1 17 15.3 25 0.3 88.3 2.88 5.3 53.1 17 211