NOAA-Style Climate Reports

NOAA style reports
2022: Jan | Feb | Mar | Apr | May | Jun | Jul | Aug | Sep | Oct | Nov | Dec 
2021: Jan | Feb | Mar | Apr | May | Jun | Jul | Aug | Sep | Oct | Nov | Dec 
2020: Jan | Feb | Mar | Apr | May | Jun | Jul | Aug | Sep | Oct | Nov | Dec 
2019: Jan | Feb | Mar | Apr | May | Jun | Jul | Aug | Sep | Oct | Nov | Dec 
2018: Jan | Feb | Mar | Apr | May | Jun | Jul | Aug | Sep | Oct | Nov | Dec 
2017: Jan | Feb | Mar | Apr | May | Jun | Jul | Aug | Sep | Oct | Nov | Dec 
2016: Jan | Feb | Mar | Apr | May | Jun | Jul | Aug | Sep | Oct | Nov | Dec 
2015: Jan | Feb | Mar | Apr | May | Jun | Jul | Aug | Sep | Oct | Nov | Dec 
2014: Jan | Feb | Mar | Apr | May | Jun | Jul | Aug | Sep | Oct | Nov | Dec 
2013: Jan | Feb | Mar | Apr | May | Jun | Jul | Aug | Sep | Oct | Nov | Dec 
2012: Jan | Feb | Mar | Apr | May | Jun | Jul | Aug | Sep | Oct | Nov | Dec 
2011: Jan | Feb | Mar | Apr | May | Jun | Jul | Aug | Sep | Oct | Nov | Dec 
2010: Jan | Feb | Mar | Apr | May | Jun | Jul | Aug | Sep | Oct | Nov | Dec 
2009: Jan | Feb | Mar | Apr | May | Jun | Jul | Aug | Sep | Oct | Nov | Dec 
2008: Jan | Feb | Mar | Apr | May | Jun | Jul | Aug | Sep | Oct | Nov | Dec 
2007: Jan | Feb | Mar | Apr | May | Jun | Jul | Aug | Sep | Oct | Nov | Dec 
2006: Jan | Feb | Mar | Apr | May | Jun | Jul | Aug | Sep | Oct | Nov | Dec 
2005: Jan | Feb | Mar | Apr | May | Jun | Jul | Aug | Sep | Oct | Nov | Dec 

Report for 2015 07
MONTHLY CLIMATOLOGICAL SUMMARY for Jul 2015 NAME: Cabrera de Mar, Barcelona ELEV: 9 meters LAT: 41-33.89 N LONG: 002-24.07 E TEMPERATURE (C), RAIN (cm), WIND SPEED (km/h) HEAT COOL AVG MEAN DEG DEG WIND DOM DAY TEMP HIGH TIME LOW TIME DAYS DAYS RAIN SPEED HIGH TIME DIR --------------------------------------------------------------------------------------- 01 25.0 28.0 15:30 20.9 06:00 0.0 6.6 0.00 2.8 17.7 23:40 194 02 26.5 29.8 15:00 23.2 04:00 0.0 8.2 0.00 5.9 32.2 20:50 166 03 26.1 29.3 16:10 22.9 03:00 0.0 7.8 0.00 2.6 17.7 15:00 198 04 26.7 29.8 11:40 23.4 05:30 0.0 8.4 0.00 4.2 19.3 11:50 303 05 28.4 34.2 11:40 23.1 05:20 0.0 10.0 0.00 10.1 35.4 11:20 352 06 26.8 31.6 16:20 22.2 07:00 0.0 8.4 0.00 7.3 37.0 16:00 329 07 27.4 30.1 16:00 24.8 07:40 0.0 9.1 0.00 9.8 37.0 11:50 328 08 26.0 28.4 13:30 23.3 07:00 0.0 7.6 0.00 4.8 24.1 13:00 293 09 25.3 28.4 17:20 22.8 06:10 0.0 7.0 0.00 5.7 25.7 18:40 294 10 25.3 28.8 17:10 21.3 06:40 0.0 7.0 0.00 6.3 29.0 15:00 312 11 25.1 27.3 15:50 22.4 05:20 0.0 6.8 0.00 4.5 19.3 17:10 282 12 26.0 29.4 15:00 22.9 06:10 0.0 7.7 0.00 4.1 22.5 14:40 299 13 26.1 28.9 15:30 23.1 06:40 0.0 7.8 0.00 4.3 19.3 14:10 276 14 26.5 28.9 11:40 23.2 06:00 0.0 8.1 0.00 5.2 19.3 14:50 282 15 26.7 29.6 14:10 23.3 06:40 0.0 8.4 0.00 5.1 27.4 16:50 311 16 26.3 29.7 14:50 22.5 05:50 0.0 7.9 0.00 3.7 25.7 11:00 216 17 26.2 29.2 17:00 22.9 07:10 0.0 7.9 0.00 3.1 14.5 09:30 263 18 26.7 28.9 17:00 24.3 07:00 0.0 8.3 0.00 4.6 27.4 20:40 294 19 26.8 29.4 13:00 24.1 04:10 0.0 8.4 0.00 4.5 24.1 09:40 188 20 26.8 29.9 17:10 23.4 06:10 0.0 8.5 0.00 4.5 20.9 16:30 293 21 27.9 30.7 15:30 26.2 06:00 0.0 9.6 0.22 5.4 22.5 13:00 308 22 26.8 30.6 14:20 22.4 04:40 0.0 8.5 0.66 7.3 64.4 03:40 145 23 27.6 30.8 16:50 24.3 06:00 0.0 9.2 0.00 8.7 30.6 16:20 341 24 27.5 30.6 15:50 24.8 06:40 0.0 9.1 0.00 6.6 32.2 17:40 321 25 25.4 26.7 00:10 23.8 05:20 0.0 7.0 0.18 3.2 33.8 01:40 251 26 25.9 28.9 15:10 22.0 06:30 0.0 7.6 0.00 10.4 43.5 20:00 288 27 25.1 26.2 08:50 23.7 08:10 0.0 6.7 0.00 3.7 22.5 09:40 159 28 24.7 26.8 09:10 23.2 13:30 0.0 6.4 0.00 2.7 22.5 11:10 245 29 26.6 29.9 17:00 24.3 04:10 0.0 8.3 0.02 6.1 27.4 20:50 226 30 25.0 27.9 11:50 23.2 07:50 0.0 6.7 0.00 6.4 30.6 15:50 153 31 24.0 26.1 14:40 21.7 23:10 0.0 5.7 0.16 5.1 25.7 23:20 162 --------------------------------------------------------------------------------------- 26.2 34.2 05 20.9 01 0.0 245.0 1.24 5.5 64.4 22 290