NOAA-Style Climate Reports

NOAA style reports
2022: Jan | Feb | Mar | Apr | May | Jun | Jul | Aug | Sep | Oct | Nov | Dec 
2021: Jan | Feb | Mar | Apr | May | Jun | Jul | Aug | Sep | Oct | Nov | Dec 
2020: Jan | Feb | Mar | Apr | May | Jun | Jul | Aug | Sep | Oct | Nov | Dec 
2019: Jan | Feb | Mar | Apr | May | Jun | Jul | Aug | Sep | Oct | Nov | Dec 
2018: Jan | Feb | Mar | Apr | May | Jun | Jul | Aug | Sep | Oct | Nov | Dec 
2017: Jan | Feb | Mar | Apr | May | Jun | Jul | Aug | Sep | Oct | Nov | Dec 
2016: Jan | Feb | Mar | Apr | May | Jun | Jul | Aug | Sep | Oct | Nov | Dec 
2015: Jan | Feb | Mar | Apr | May | Jun | Jul | Aug | Sep | Oct | Nov | Dec 
2014: Jan | Feb | Mar | Apr | May | Jun | Jul | Aug | Sep | Oct | Nov | Dec 
2013: Jan | Feb | Mar | Apr | May | Jun | Jul | Aug | Sep | Oct | Nov | Dec 
2012: Jan | Feb | Mar | Apr | May | Jun | Jul | Aug | Sep | Oct | Nov | Dec 
2011: Jan | Feb | Mar | Apr | May | Jun | Jul | Aug | Sep | Oct | Nov | Dec 
2010: Jan | Feb | Mar | Apr | May | Jun | Jul | Aug | Sep | Oct | Nov | Dec 
2009: Jan | Feb | Mar | Apr | May | Jun | Jul | Aug | Sep | Oct | Nov | Dec 
2008: Jan | Feb | Mar | Apr | May | Jun | Jul | Aug | Sep | Oct | Nov | Dec 
2007: Jan | Feb | Mar | Apr | May | Jun | Jul | Aug | Sep | Oct | Nov | Dec 
2006: Jan | Feb | Mar | Apr | May | Jun | Jul | Aug | Sep | Oct | Nov | Dec 
2005: Jan | Feb | Mar | Apr | May | Jun | Jul | Aug | Sep | Oct | Nov | Dec 

Report for 2015 03
MONTHLY CLIMATOLOGICAL SUMMARY for Mar 2015 NAME: Cabrera de Mar, Barcelona ELEV: 9 meters LAT: 41-33.89 N LONG: 002-24.07 E TEMPERATURE (C), RAIN (cm), WIND SPEED (km/h) HEAT COOL AVG MEAN DEG DEG WIND DOM DAY TEMP HIGH TIME LOW TIME DAYS DAYS RAIN SPEED HIGH TIME DIR --------------------------------------------------------------------------------------- 01 12.8 16.1 14:00 9.7 00:10 5.5 0.0 0.00 4.5 27.4 14:20 307 02 15.0 18.9 14:30 12.8 06:40 3.3 0.0 0.00 3.1 20.9 18:20 170 03 13.8 16.4 16:40 11.3 00:00 4.6 0.0 0.00 4.6 24.1 11:10 314 04 10.0 13.9 10:50 6.4 21:30 8.3 0.0 1.16 6.0 56.3 22:30 76 05 13.5 21.6 15:20 7.4 00:20 4.8 0.0 0.02 16.3 74.0 03:50 97 06 11.9 16.6 11:40 6.8 06:30 6.5 0.0 0.00 6.1 25.7 12:10 330 07 11.2 16.3 14:10 6.2 07:40 7.2 0.0 0.00 2.7 22.5 16:20 188 08 10.6 14.9 12:50 6.2 05:30 7.7 0.0 0.00 3.7 16.1 13:40 331 09 11.9 15.6 12:40 8.9 07:40 6.5 0.0 0.00 3.9 22.5 14:30 305 10 12.2 16.3 14:20 8.3 06:10 6.2 0.0 0.00 5.2 27.4 14:10 320 11 12.4 16.4 12:00 7.9 06:00 6.0 0.0 0.00 4.3 22.5 13:10 315 12 12.8 17.3 12:00 8.8 07:00 5.5 0.0 0.00 4.0 27.4 16:50 187 13 13.1 15.6 13:30 9.3 07:20 5.3 0.0 0.00 6.6 24.1 14:20 308 14 9.7 13.3 00:10 5.8 23:50 8.7 0.0 0.48 5.4 32.2 17:40 213 15 9.0 13.3 13:30 3.9 05:50 9.4 0.0 0.00 3.8 22.5 10:00 260 16 10.2 13.7 12:40 7.3 07:30 8.2 0.0 0.14 8.1 38.6 13:50 172 17 10.9 15.2 14:30 4.9 07:00 7.4 0.0 0.00 3.9 17.7 20:40 177 18 13.7 16.3 13:50 11.8 07:00 4.7 0.0 0.00 14.6 46.7 18:30 171 19 14.6 18.2 12:10 12.0 03:20 3.7 0.0 0.00 12.8 46.7 12:10 167 20 15.2 17.7 13:30 14.2 07:00 3.1 0.0 0.00 18.5 53.1 12:30 162 21 13.7 15.9 15:00 12.5 05:10 4.6 0.0 1.88 15.3 53.1 03:50 167 22 13.3 16.8 11:50 11.6 02:50 5.0 0.0 0.00 11.1 43.5 14:20 159 23 13.8 16.7 13:00 11.8 00:10 4.6 0.0 0.00 13.1 43.5 13:40 168 24 12.7 14.2 11:10 11.4 07:00 5.6 0.0 0.64 12.3 37.0 22:00 145 25 11.5 13.2 17:00 10.2 22:10 6.8 0.0 0.48 5.4 29.0 00:10 302 26 11.6 15.0 14:40 6.6 07:10 6.8 0.0 0.34 7.3 32.2 00:40 317 27 12.7 15.8 13:30 8.7 04:30 5.6 0.0 0.00 3.6 16.1 09:10 229 28 14.4 18.9 14:40 10.7 01:20 4.0 0.0 0.00 4.5 27.4 15:10 305 29 14.7 18.9 11:30 12.1 07:10 3.6 0.0 0.00 5.4 29.0 12:10 319 30 14.7 19.1 15:20 11.8 08:20 3.6 0.0 0.00 2.3 24.1 15:50 176 31 15.2 19.8 13:00 12.3 08:00 3.1 0.0 0.00 4.3 22.5 18:10 187 --------------------------------------------------------------------------------------- 12.7 21.6 05 3.9 15 175.7 0.0 5.14 7.2 74.0 05 172