NOAA-Style Climate Reports

NOAA style reports
2022: Jan | Feb | Mar | Apr | May | Jun | Jul | Aug | Sep | Oct | Nov | Dec 
2021: Jan | Feb | Mar | Apr | May | Jun | Jul | Aug | Sep | Oct | Nov | Dec 
2020: Jan | Feb | Mar | Apr | May | Jun | Jul | Aug | Sep | Oct | Nov | Dec 
2019: Jan | Feb | Mar | Apr | May | Jun | Jul | Aug | Sep | Oct | Nov | Dec 
2018: Jan | Feb | Mar | Apr | May | Jun | Jul | Aug | Sep | Oct | Nov | Dec 
2017: Jan | Feb | Mar | Apr | May | Jun | Jul | Aug | Sep | Oct | Nov | Dec 
2016: Jan | Feb | Mar | Apr | May | Jun | Jul | Aug | Sep | Oct | Nov | Dec 
2015: Jan | Feb | Mar | Apr | May | Jun | Jul | Aug | Sep | Oct | Nov | Dec 
2014: Jan | Feb | Mar | Apr | May | Jun | Jul | Aug | Sep | Oct | Nov | Dec 
2013: Jan | Feb | Mar | Apr | May | Jun | Jul | Aug | Sep | Oct | Nov | Dec 
2012: Jan | Feb | Mar | Apr | May | Jun | Jul | Aug | Sep | Oct | Nov | Dec 
2011: Jan | Feb | Mar | Apr | May | Jun | Jul | Aug | Sep | Oct | Nov | Dec 
2010: Jan | Feb | Mar | Apr | May | Jun | Jul | Aug | Sep | Oct | Nov | Dec 
2009: Jan | Feb | Mar | Apr | May | Jun | Jul | Aug | Sep | Oct | Nov | Dec 
2008: Jan | Feb | Mar | Apr | May | Jun | Jul | Aug | Sep | Oct | Nov | Dec 
2007: Jan | Feb | Mar | Apr | May | Jun | Jul | Aug | Sep | Oct | Nov | Dec 
2006: Jan | Feb | Mar | Apr | May | Jun | Jul | Aug | Sep | Oct | Nov | Dec 
2005: Jan | Feb | Mar | Apr | May | Jun | Jul | Aug | Sep | Oct | Nov | Dec 

Report for 2015 01
MONTHLY CLIMATOLOGICAL SUMMARY for Jan 2015 NAME: Cabrera de Mar, Barcelona ELEV: 9 meters LAT: 41-33.89 N LONG: 002-24.07 E TEMPERATURE (C), RAIN (cm), WIND SPEED (km/h) HEAT COOL AVG MEAN DEG DEG WIND DOM DAY TEMP HIGH TIME LOW TIME DAYS DAYS RAIN SPEED HIGH TIME DIR --------------------------------------------------------------------------------------- 01 8.5 14.2 15:40 3.7 08:30 9.8 0.0 0.00 6.0 37.0 11:30 0 02 8.5 15.4 15:50 3.2 06:10 9.8 0.0 0.00 2.7 24.1 16:20 345 03 10.4 18.2 15:10 5.7 04:50 7.9 0.0 0.00 1.6 11.3 06:30 62 04 11.3 16.4 11:50 7.8 05:30 7.0 0.0 0.00 2.2 11.3 14:10 41 05 10.1 14.7 13:10 6.2 08:40 8.2 0.0 0.00 2.1 24.1 01:50 293 06 9.7 14.3 13:50 5.7 08:40 8.7 0.0 0.02 2.2 16.1 04:30 289 07 9.7 14.2 17:10 7.3 08:00 8.6 0.0 0.02 1.3 8.0 03:40 54 08 9.1 15.2 14:00 4.4 07:40 9.2 0.0 0.02 2.3 25.7 14:50 302 09 9.4 16.3 15:30 4.2 07:20 9.0 0.0 0.00 1.9 17.7 15:40 162 10 10.9 16.3 12:30 6.1 08:30 7.5 0.0 0.00 2.4 14.5 01:10 328 11 12.3 16.4 14:00 9.1 01:10 6.0 0.0 0.00 2.4 20.9 13:10 104 12 11.6 17.1 14:20 5.3 08:40 6.7 0.0 0.00 6.4 32.2 15:50 330 13 12.8 16.3 13:20 10.6 03:30 5.5 0.0 0.00 7.9 35.4 16:30 319 14 12.7 15.8 13:50 9.6 08:40 5.6 0.0 0.00 4.4 24.1 04:00 309 15 12.7 16.3 13:20 10.3 21:50 5.7 0.0 0.00 11.2 38.6 16:30 317 16 11.6 14.6 11:20 8.2 00:00 6.7 0.0 0.04 4.0 33.8 19:30 327 17 9.3 13.3 13:20 4.9 08:40 9.0 0.0 0.00 5.9 37.0 04:30 15 18 9.4 13.7 15:20 4.2 08:20 9.0 0.0 0.16 7.9 40.2 16:10 320 19 8.1 10.1 13:30 6.8 21:50 10.2 0.0 0.82 2.5 17.7 14:20 85 20 8.3 10.8 16:20 6.7 05:30 10.0 0.0 0.00 2.2 17.7 09:30 19 21 7.6 11.1 15:00 4.5 00:00 10.7 0.0 0.02 3.2 24.1 07:10 352 22 8.4 13.7 13:50 4.3 00:50 9.9 0.0 0.00 5.3 29.0 12:30 83 23 9.2 15.4 15:30 3.9 08:00 9.1 0.0 0.00 8.7 43.5 13:10 31 24 11.5 16.4 15:00 7.5 07:50 6.8 0.0 0.00 15.2 49.9 12:50 43 25 11.6 14.7 14:00 7.6 08:50 6.8 0.0 0.00 11.1 56.3 05:00 53 26 8.6 12.6 16:40 5.2 02:40 9.7 0.0 0.00 1.8 14.5 05:20 35 27 10.1 13.4 12:10 7.8 08:00 8.2 0.0 0.00 4.7 35.4 06:00 41 28 9.7 13.0 13:30 6.1 08:20 8.6 0.0 0.00 3.9 20.9 09:50 352 29 12.1 16.7 16:10 7.0 02:30 6.2 0.0 0.00 11.9 53.1 16:40 357 30 13.5 16.3 01:50 10.1 00:00 4.9 0.0 0.00 13.5 72.4 02:30 22 31 10.9 16.1 15:40 7.7 23:40 7.5 0.0 0.00 6.9 41.8 17:20 27 --------------------------------------------------------------------------------------- 10.3 18.2 03 3.2 02 248.7 0.0 1.10 5.3 72.4 30 7