NOAA-Style Climate Reports

NOAA style reports
2022: Jan | Feb | Mar | Apr | May | Jun | Jul | Aug | Sep | Oct | Nov | Dec 
2021: Jan | Feb | Mar | Apr | May | Jun | Jul | Aug | Sep | Oct | Nov | Dec 
2020: Jan | Feb | Mar | Apr | May | Jun | Jul | Aug | Sep | Oct | Nov | Dec 
2019: Jan | Feb | Mar | Apr | May | Jun | Jul | Aug | Sep | Oct | Nov | Dec 
2018: Jan | Feb | Mar | Apr | May | Jun | Jul | Aug | Sep | Oct | Nov | Dec 
2017: Jan | Feb | Mar | Apr | May | Jun | Jul | Aug | Sep | Oct | Nov | Dec 
2016: Jan | Feb | Mar | Apr | May | Jun | Jul | Aug | Sep | Oct | Nov | Dec 
2015: Jan | Feb | Mar | Apr | May | Jun | Jul | Aug | Sep | Oct | Nov | Dec 
2014: Jan | Feb | Mar | Apr | May | Jun | Jul | Aug | Sep | Oct | Nov | Dec 
2013: Jan | Feb | Mar | Apr | May | Jun | Jul | Aug | Sep | Oct | Nov | Dec 
2012: Jan | Feb | Mar | Apr | May | Jun | Jul | Aug | Sep | Oct | Nov | Dec 
2011: Jan | Feb | Mar | Apr | May | Jun | Jul | Aug | Sep | Oct | Nov | Dec 
2010: Jan | Feb | Mar | Apr | May | Jun | Jul | Aug | Sep | Oct | Nov | Dec 
2009: Jan | Feb | Mar | Apr | May | Jun | Jul | Aug | Sep | Oct | Nov | Dec 
2008: Jan | Feb | Mar | Apr | May | Jun | Jul | Aug | Sep | Oct | Nov | Dec 
2007: Jan | Feb | Mar | Apr | May | Jun | Jul | Aug | Sep | Oct | Nov | Dec 
2006: Jan | Feb | Mar | Apr | May | Jun | Jul | Aug | Sep | Oct | Nov | Dec 
2005: Jan | Feb | Mar | Apr | May | Jun | Jul | Aug | Sep | Oct | Nov | Dec 

Report for 2014 08
MONTHLY CLIMATOLOGICAL SUMMARY for Aug 2014 NAME: Cabrera de Mar, Barcelona ELEV: 9 meters LAT: 41-33.89 N LONG: 002-24.07 E TEMPERATURE (C), RAIN (cm), WIND SPEED (km/h) HEAT COOL AVG MEAN DEG DEG WIND DOM DAY TEMP HIGH TIME LOW TIME DAYS DAYS RAIN SPEED HIGH TIME DIR --------------------------------------------------------------------------------------- 01 24.3 27.6 15:30 21.1 06:10 0.0 6.0 0.00 0.0 0.0 00:10 90 02 24.6 27.7 15:30 22.6 06:20 0.0 6.2 0.02 0.0 0.0 00:10 90 03 24.0 26.7 15:30 20.6 07:20 0.0 5.7 0.00 0.0 0.0 00:10 90 04 24.6 27.4 15:00 21.6 06:20 0.0 6.3 0.00 0.0 0.0 00:10 90 05 24.6 27.2 15:00 21.2 06:50 0.0 6.3 0.00 0.0 0.0 00:10 90 06 25.4 28.4 14:50 22.3 07:10 0.0 7.1 0.00 0.0 0.0 00:10 90 07 25.9 28.6 14:10 23.7 07:20 0.0 7.6 0.00 0.0 0.0 00:10 90 08 25.9 29.3 13:20 22.5 06:40 0.0 7.5 0.00 0.0 3.2 06:50 90 09 25.9 28.9 12:40 23.7 04:10 0.0 7.6 0.00 0.0 0.0 00:10 90 10 25.9 28.9 16:10 22.7 07:30 0.0 7.6 0.00 0.0 0.0 00:10 90 11 25.3 28.1 13:50 23.2 06:50 0.0 6.9 0.00 0.0 0.0 00:10 90 12 24.3 26.2 11:50 22.0 04:00 0.0 6.0 0.00 0.0 0.0 00:10 90 13 25.1 27.8 10:00 22.6 00:00 0.0 6.7 0.02 0.0 0.0 00:10 90 14 22.9 25.4 14:10 20.5 05:50 0.0 4.6 0.00 0.0 0.0 00:10 90 15 22.5 24.4 13:50 20.1 05:20 0.0 4.1 0.20 0.0 0.0 00:10 90 16 22.5 26.3 12:20 19.9 06:10 0.0 4.1 0.00 0.0 0.0 00:10 90 17 23.3 26.4 14:20 19.6 06:10 0.0 5.0 0.00 0.0 0.0 00:10 90 18 24.1 27.1 14:10 21.4 05:40 0.0 5.7 0.00 0.0 0.0 00:10 90 19 23.5 25.9 15:30 20.4 05:40 0.0 5.2 0.00 0.0 0.0 00:10 90 20 23.3 25.4 15:30 21.6 07:20 0.0 5.0 0.00 0.0 0.0 00:10 90 21 22.5 23.7 18:00 21.6 05:50 0.0 4.1 0.00 0.0 0.0 00:10 90 22 21.6 22.9 15:10 18.2 22:50 0.0 3.2 2.48 0.0 1.6 23:30 90 23 21.3 25.0 15:40 17.6 02:40 0.0 3.0 0.08 0.0 0.0 00:10 90 24 23.4 26.3 16:30 20.8 03:00 0.0 5.0 0.00 4.0 43.5 15:00 254 25 24.2 27.2 15:50 21.7 07:10 0.0 5.9 0.00 7.4 30.6 15:30 265 26 24.7 28.0 13:20 22.1 06:10 0.0 6.3 0.00 2.0 22.5 12:00 246 27 24.9 28.0 12:00 22.4 08:00 0.0 6.5 0.00 0.0 1.6 14:50 90 28 24.3 27.7 15:40 20.5 07:30 0.0 5.9 0.00 0.0 0.0 00:10 90 29 24.5 28.0 14:20 22.4 07:10 0.0 6.1 0.00 0.0 0.0 00:10 90 30 23.7 27.4 14:40 20.4 07:00 0.0 5.3 0.00 0.0 0.0 00:10 90 31 24.3 27.4 11:40 21.0 08:10 0.0 5.9 0.00 0.0 0.0 00:10 90 --------------------------------------------------------------------------------------- 24.1 29.3 08 17.6 23 0.0 178.7 2.80 0.4 43.5 24 260