NOAA-Style Climate Reports

NOAA style reports
2022: Jan | Feb | Mar | Apr | May | Jun | Jul | Aug | Sep | Oct | Nov | Dec 
2021: Jan | Feb | Mar | Apr | May | Jun | Jul | Aug | Sep | Oct | Nov | Dec 
2020: Jan | Feb | Mar | Apr | May | Jun | Jul | Aug | Sep | Oct | Nov | Dec 
2019: Jan | Feb | Mar | Apr | May | Jun | Jul | Aug | Sep | Oct | Nov | Dec 
2018: Jan | Feb | Mar | Apr | May | Jun | Jul | Aug | Sep | Oct | Nov | Dec 
2017: Jan | Feb | Mar | Apr | May | Jun | Jul | Aug | Sep | Oct | Nov | Dec 
2016: Jan | Feb | Mar | Apr | May | Jun | Jul | Aug | Sep | Oct | Nov | Dec 
2015: Jan | Feb | Mar | Apr | May | Jun | Jul | Aug | Sep | Oct | Nov | Dec 
2014: Jan | Feb | Mar | Apr | May | Jun | Jul | Aug | Sep | Oct | Nov | Dec 
2013: Jan | Feb | Mar | Apr | May | Jun | Jul | Aug | Sep | Oct | Nov | Dec 
2012: Jan | Feb | Mar | Apr | May | Jun | Jul | Aug | Sep | Oct | Nov | Dec 
2011: Jan | Feb | Mar | Apr | May | Jun | Jul | Aug | Sep | Oct | Nov | Dec 
2010: Jan | Feb | Mar | Apr | May | Jun | Jul | Aug | Sep | Oct | Nov | Dec 
2009: Jan | Feb | Mar | Apr | May | Jun | Jul | Aug | Sep | Oct | Nov | Dec 
2008: Jan | Feb | Mar | Apr | May | Jun | Jul | Aug | Sep | Oct | Nov | Dec 
2007: Jan | Feb | Mar | Apr | May | Jun | Jul | Aug | Sep | Oct | Nov | Dec 
2006: Jan | Feb | Mar | Apr | May | Jun | Jul | Aug | Sep | Oct | Nov | Dec 
2005: Jan | Feb | Mar | Apr | May | Jun | Jul | Aug | Sep | Oct | Nov | Dec 

Report for 2014 06
MONTHLY CLIMATOLOGICAL SUMMARY for Jun 2014 NAME: Cabrera de Mar, Barcelona ELEV: 9 meters LAT: 41-33.89 N LONG: 002-24.07 E TEMPERATURE (C), RAIN (cm), WIND SPEED (km/h) HEAT COOL AVG MEAN DEG DEG WIND DOM DAY TEMP HIGH TIME LOW TIME DAYS DAYS RAIN SPEED HIGH TIME DIR --------------------------------------------------------------------------------------- 01 19.5 22.7 16:50 14.7 06:40 0.0 1.2 0.00 0.1 20.9 15:30 239 02 20.0 23.1 12:20 16.7 07:30 0.0 1.7 0.00 0.0 3.2 08:30 90 03 19.9 21.6 16:50 18.3 04:20 0.0 1.5 0.00 0.0 0.0 00:10 90 04 19.2 22.1 12:50 15.2 06:40 0.0 0.8 0.00 0.0 1.6 00:30 90 05 18.7 21.0 15:30 15.8 07:00 0.0 0.3 0.00 0.0 3.2 08:10 90 06 19.1 22.7 16:20 15.9 03:50 0.0 0.8 0.00 0.0 3.2 07:00 90 07 20.3 24.5 15:30 15.2 04:50 0.0 2.0 0.00 0.0 1.6 01:10 90 08 22.4 26.9 18:30 17.9 04:40 0.0 4.1 0.00 0.0 0.0 00:10 90 09 22.6 26.4 16:40 18.4 06:40 0.0 4.3 0.00 0.0 0.0 00:10 90 10 21.5 24.5 12:40 18.4 07:00 0.0 3.2 0.00 0.0 0.0 00:10 90 11 22.4 25.5 16:30 18.2 03:40 0.0 4.1 0.00 0.0 0.0 00:10 90 12 23.3 27.3 14:00 19.6 06:30 0.0 5.0 0.00 0.0 0.0 00:10 90 13 25.1 31.4 12:20 20.1 06:20 0.0 6.8 0.00 0.0 0.0 00:10 90 14 23.9 27.3 13:10 20.5 23:30 0.0 5.6 0.00 0.0 0.0 00:10 90 15 20.8 23.7 13:00 17.6 05:00 0.0 2.5 1.74 0.0 1.6 04:50 90 16 21.8 24.7 14:20 18.9 07:10 0.0 3.4 0.00 0.0 0.0 00:10 90 17 21.0 23.9 16:10 17.2 22:50 0.0 2.7 0.34 0.0 0.0 00:10 90 18 20.3 24.2 15:10 15.4 06:30 0.0 2.0 0.02 0.0 0.0 00:10 90 19 21.8 25.1 13:20 17.3 07:00 0.0 3.4 0.00 0.0 0.0 00:10 90 20 22.7 26.2 14:20 18.6 04:40 0.0 4.3 0.00 0.0 0.0 00:10 90 21 23.1 27.2 10:10 20.5 01:00 0.0 4.8 0.00 0.0 0.0 00:10 90 22 22.8 25.7 15:10 20.1 06:10 0.0 4.5 0.00 0.0 0.0 00:10 90 23 23.1 25.7 13:30 20.2 07:10 0.0 4.8 0.00 0.0 0.0 00:10 90 24 23.5 26.0 15:40 20.9 06:10 0.0 5.2 0.00 0.0 0.0 00:10 90 25 21.8 24.1 13:10 19.1 06:00 0.0 3.5 0.02 0.0 3.2 01:20 90 26 23.2 25.6 14:00 20.6 07:10 0.0 4.9 0.00 0.0 0.0 00:10 90 27 22.7 25.8 17:30 18.8 06:30 0.0 4.4 0.00 0.0 1.6 04:10 90 28 23.6 26.6 15:00 19.5 07:20 0.0 5.3 0.00 0.0 0.0 00:10 90 29 22.2 24.8 13:40 18.2 00:00 0.0 3.8 0.14 0.0 1.6 22:30 90 30 21.3 24.2 18:20 17.3 01:10 0.0 2.9 0.00 0.0 0.0 00:10 90 --------------------------------------------------------------------------------------- 21.8 31.4 13 14.7 01 0.0 103.5 2.26 0.0 20.9 01 239