NOAA-Style Climate Reports

NOAA style reports
2022: Jan | Feb | Mar | Apr | May | Jun | Jul | Aug | Sep | Oct | Nov | Dec 
2021: Jan | Feb | Mar | Apr | May | Jun | Jul | Aug | Sep | Oct | Nov | Dec 
2020: Jan | Feb | Mar | Apr | May | Jun | Jul | Aug | Sep | Oct | Nov | Dec 
2019: Jan | Feb | Mar | Apr | May | Jun | Jul | Aug | Sep | Oct | Nov | Dec 
2018: Jan | Feb | Mar | Apr | May | Jun | Jul | Aug | Sep | Oct | Nov | Dec 
2017: Jan | Feb | Mar | Apr | May | Jun | Jul | Aug | Sep | Oct | Nov | Dec 
2016: Jan | Feb | Mar | Apr | May | Jun | Jul | Aug | Sep | Oct | Nov | Dec 
2015: Jan | Feb | Mar | Apr | May | Jun | Jul | Aug | Sep | Oct | Nov | Dec 
2014: Jan | Feb | Mar | Apr | May | Jun | Jul | Aug | Sep | Oct | Nov | Dec 
2013: Jan | Feb | Mar | Apr | May | Jun | Jul | Aug | Sep | Oct | Nov | Dec 
2012: Jan | Feb | Mar | Apr | May | Jun | Jul | Aug | Sep | Oct | Nov | Dec 
2011: Jan | Feb | Mar | Apr | May | Jun | Jul | Aug | Sep | Oct | Nov | Dec 
2010: Jan | Feb | Mar | Apr | May | Jun | Jul | Aug | Sep | Oct | Nov | Dec 
2009: Jan | Feb | Mar | Apr | May | Jun | Jul | Aug | Sep | Oct | Nov | Dec 
2008: Jan | Feb | Mar | Apr | May | Jun | Jul | Aug | Sep | Oct | Nov | Dec 
2007: Jan | Feb | Mar | Apr | May | Jun | Jul | Aug | Sep | Oct | Nov | Dec 
2006: Jan | Feb | Mar | Apr | May | Jun | Jul | Aug | Sep | Oct | Nov | Dec 
2005: Jan | Feb | Mar | Apr | May | Jun | Jul | Aug | Sep | Oct | Nov | Dec 

Report for 2014 03
MONTHLY CLIMATOLOGICAL SUMMARY for Mar 2014 NAME: Cabrera de Mar, Barcelona ELEV: 9 meters LAT: 41-33.89 N LONG: 002-24.07 E TEMPERATURE (C), RAIN (cm), WIND SPEED (km/h) HEAT COOL AVG MEAN DEG DEG WIND DOM DAY TEMP HIGH TIME LOW TIME DAYS DAYS RAIN SPEED HIGH TIME DIR --------------------------------------------------------------------------------------- 01 10.5 16.3 14:00 5.7 07:20 7.8 0.0 0.00 0.0 0.0 00:10 90 02 11.0 14.9 15:50 5.1 06:20 7.3 0.0 0.00 0.0 0.0 00:10 90 03 12.0 14.8 18:10 9.2 11:50 6.4 0.0 0.00 0.0 0.0 00:10 90 04 12.8 19.1 14:50 7.6 08:00 5.5 0.0 0.00 0.0 0.0 00:10 90 05 11.8 16.2 14:00 8.6 07:00 6.5 0.0 0.00 0.0 0.0 00:10 90 06 11.8 18.3 14:10 7.1 07:50 6.5 0.0 0.00 0.0 0.0 00:10 90 07 12.3 17.2 15:10 8.2 06:40 6.0 0.0 0.00 0.0 0.0 00:10 90 08 11.9 17.5 11:50 6.4 06:20 6.5 0.0 0.00 0.0 0.0 00:10 90 09 13.2 17.4 13:30 8.1 02:40 5.1 0.0 0.00 0.0 0.0 00:10 90 10 12.7 19.1 10:50 7.2 02:30 5.6 0.0 0.00 0.0 0.0 00:10 90 11 12.8 15.8 12:50 8.7 07:50 5.5 0.0 0.00 0.0 0.0 00:10 90 12 12.7 16.7 13:00 8.2 03:00 5.7 0.0 0.00 0.0 0.0 00:10 90 13 13.3 16.7 14:10 10.2 22:20 5.0 0.0 0.00 0.0 0.0 00:10 90 14 12.2 17.7 12:20 7.8 07:00 6.2 0.0 0.00 0.0 0.0 00:10 90 15 13.1 18.3 13:00 8.0 05:50 5.2 0.0 0.00 0.0 0.0 00:10 90 16 16.2 20.8 11:50 12.0 00:00 2.1 0.0 0.00 0.0 0.0 00:10 90 17 14.3 19.7 12:50 9.8 07:30 4.0 0.0 0.00 0.0 0.0 00:10 90 18 13.7 17.3 13:00 9.6 07:40 4.7 0.0 0.00 0.0 0.0 00:10 90 19 13.5 17.2 15:30 10.6 05:50 4.8 0.0 0.00 0.0 0.0 00:10 90 20 13.4 17.4 12:00 10.1 06:50 5.0 0.0 0.00 0.0 0.0 00:10 90 21 13.6 16.1 11:00 9.9 04:30 4.7 0.0 0.00 0.0 0.0 00:10 90 22 14.8 17.6 14:10 11.8 00:00 3.6 0.0 0.16 0.0 0.0 00:10 90 23 11.5 19.2 14:30 7.1 07:10 6.8 0.0 0.44 0.0 0.0 00:10 90 24 12.1 16.3 16:00 6.1 07:20 6.2 0.0 0.04 0.0 0.0 00:10 90 25 13.4 20.2 14:10 9.2 00:00 4.9 0.0 0.02 0.0 0.0 00:10 90 26 10.5 14.0 17:20 6.4 06:00 7.8 0.0 0.14 0.0 0.0 00:10 90 27 11.5 14.5 15:40 8.7 07:30 6.9 0.0 0.02 0.0 0.0 00:10 90 28 12.0 15.5 13:30 6.9 07:00 6.3 0.0 0.00 0.0 0.0 00:10 90 29 14.7 17.5 13:20 12.4 03:30 3.6 0.0 0.00 0.0 0.0 00:10 90 30 13.9 14.9 01:40 13.2 09:30 4.5 0.0 0.92 0.0 0.0 00:10 90 31 14.4 16.7 12:40 12.7 05:50 3.9 0.0 0.00 0.0 0.0 00:10 90 --------------------------------------------------------------------------------------- 12.8 20.8 16 5.1 02 170.7 0.0 1.74 0.0 0.0 01 90